PATH:
var
/
log
/
apache2
/
domlogs
/
rwabteecom
/
Editing: rwabtee.com
2a02:c207:3018:3705::1 - - [13/Apr/2026:12:07:16 +0000] "GET /?d=/home/rwabteecom/project_11/vendor/spatie/laravel-translatable/src&edit=HasTranslations.php HTTP/1.1" 200 15217 "-" "Mozilla/5.0 (compatible; MJ12bot/v1.4.8; http://mj12bot.com/)"
74.7.243.204 - - [13/Apr/2026:12:07:17 +0000] "GET /item/7128601 HTTP/1.1" 200 39614 "http://rwabtee.com/item/6279577?d=%2Fhome%2Frwabteecom%2Fpublic_html%2Fpublic&edit=sitemap.xml" "Mozilla/5.0 AppleWebKit/537.36 (KHTML, like Gecko; compatible; GPTBot/1.3; +https://openai.com/gptbot)"
74.7.243.204 - - [13/Apr/2026:12:07:17 +0000] "GET /item/7151288 HTTP/1.1" 200 39614 "http://rwabtee.com/item/6753205?d=%2Fhome%2Frwabteecom%2Fpublic_html%2Fpublic&edit=sitemap.xml" "Mozilla/5.0 AppleWebKit/537.36 (KHTML, like Gecko; compatible; GPTBot/1.3; +https://openai.com/gptbot)"
74.7.243.204 - - [13/Apr/2026:12:07:18 +0000] "GET /item/5331744 HTTP/1.1" 200 39614 "http://rwabtee.com/item/6129643?d=%2Fhome%2Frwabteecom%2Fpublic_html%2Fpublic&edit=sitemap.xml" "Mozilla/5.0 AppleWebKit/537.36 (KHTML, like Gecko; compatible; GPTBot/1.3; +https://openai.com/gptbot)"
74.7.243.204 - - [13/Apr/2026:12:07:18 +0000] "GET /item/6512820?d=%2Fhome%2Frwabteecom%2Fpublic_html%2Fpublic%2Fassets HTTP/1.1" 200 10614 "http://rwabtee.com/item/6512820" "Mozilla/5.0 AppleWebKit/537.36 (KHTML, like Gecko; compatible; GPTBot/1.3; +https://openai.com/gptbot)"
74.7.243.204 - - [13/Apr/2026:12:07:19 +0000] "GET /item/7087595 HTTP/1.1" 200 39614 "http://rwabtee.com/item/5010353?d=%2Fhome%2Frwabteecom%2Fpublic_html%2Fpublic&edit=sitemap.xml" "Mozilla/5.0 AppleWebKit/537.36 (KHTML, like Gecko; compatible; GPTBot/1.3; +https://openai.com/gptbot)"
2a02:c207:3018:3705::1 - - [13/Apr/2026:12:07:19 +0000] "GET /?d=/home/rwabteecom/project_11/vendor/spatie/laravel-translatable/src/Events HTTP/1.1" 200 4853 "-" "Mozilla/5.0 (compatible; MJ12bot/v1.4.8; http://mj12bot.com/)"
74.7.243.204 - - [13/Apr/2026:12:07:19 +0000] "GET /item/6936243 HTTP/1.1" 200 39614 "http://rwabtee.com/item/6421105?d=%2Fhome%2Frwabteecom%2Fpublic_html%2Fpublic&edit=sitemap.xml" "Mozilla/5.0 AppleWebKit/537.36 (KHTML, like Gecko; compatible; GPTBot/1.3; +https://openai.com/gptbot)"
74.7.243.204 - - [13/Apr/2026:12:07:20 +0000] "GET /item/4800971 HTTP/1.1" 200 39614 "http://rwabtee.com/item/5635288?d=%2Fhome%2Frwabteecom%2Fpublic_html%2Fpublic&edit=sitemap.xml" "Mozilla/5.0 AppleWebKit/537.36 (KHTML, like Gecko; compatible; GPTBot/1.3; +https://openai.com/gptbot)"
74.7.243.204 - - [13/Apr/2026:12:07:20 +0000] "GET /item/7548070 HTTP/1.1" 200 39614 "http://rwabtee.com/item/6753205?d=%2Fhome%2Frwabteecom%2Fpublic_html%2Fpublic&edit=sitemap.xml" "Mozilla/5.0 AppleWebKit/537.36 (KHTML, like Gecko; compatible; GPTBot/1.3; +https://openai.com/gptbot)"
74.7.243.204 - - [13/Apr/2026:12:07:21 +0000] "GET /item/6808311 HTTP/1.1" 200 39614 "http://rwabtee.com/item/4721360?d=%2Fhome%2Frwabteecom%2Fpublic_html%2Fpublic&edit=sitemap.xml" "Mozilla/5.0 AppleWebKit/537.36 (KHTML, like Gecko; compatible; GPTBot/1.3; +https://openai.com/gptbot)"
74.7.243.204 - - [13/Apr/2026:12:07:21 +0000] "GET /item/4947659 HTTP/1.1" 200 39614 "http://rwabtee.com/item/7634512?d=%2Fhome%2Frwabteecom%2Fpublic_html%2Fpublic&edit=sitemap.xml" "Mozilla/5.0 AppleWebKit/537.36 (KHTML, like Gecko; compatible; GPTBot/1.3; +https://openai.com/gptbot)"
74.7.243.204 - - [13/Apr/2026:12:07:22 +0000] "GET /item/6084224?d=%2Fhome%2Frwabteecom%2Fpublic_html%2Fpublic%2Fvendor HTTP/1.1" 200 8172 "http://rwabtee.com/item/6084224" "Mozilla/5.0 AppleWebKit/537.36 (KHTML, like Gecko; compatible; GPTBot/1.3; +https://openai.com/gptbot)"
74.7.243.204 - - [13/Apr/2026:12:07:22 +0000] "GET /item/6891673 HTTP/1.1" 200 39614 "http://rwabtee.com/item/6421105?d=%2Fhome%2Frwabteecom%2Fpublic_html%2Fpublic&edit=sitemap.xml" "Mozilla/5.0 AppleWebKit/537.36 (KHTML, like Gecko; compatible; GPTBot/1.3; +https://openai.com/gptbot)"
2a02:c207:3018:3705::1 - - [13/Apr/2026:12:07:23 +0000] "GET /?d=/home/rwabteecom/project_11/vendor/spatie/laravel-translatable/src/Facades&edit=Translatable.php HTTP/1.1" 200 3243 "-" "Mozilla/5.0 (compatible; MJ12bot/v1.4.8; http://mj12bot.com/)"
74.7.243.204 - - [13/Apr/2026:12:07:23 +0000] "GET /item/7007584 HTTP/1.1" 200 39614 "http://rwabtee.com/item/6279577?d=%2Fhome%2Frwabteecom%2Fpublic_html%2Fpublic&edit=sitemap.xml" "Mozilla/5.0 AppleWebKit/537.36 (KHTML, like Gecko; compatible; GPTBot/1.3; +https://openai.com/gptbot)"
74.7.243.204 - - [13/Apr/2026:12:07:23 +0000] "GET /item/5785190 HTTP/1.1" 200 39614 "http://rwabtee.com/item/5447753?d=%2Fhome%2Frwabteecom%2Fpublic_html%2Fpublic&edit=sitemap.xml" "Mozilla/5.0 AppleWebKit/537.36 (KHTML, like Gecko; compatible; GPTBot/1.3; +https://openai.com/gptbot)"
74.7.243.204 - - [13/Apr/2026:12:07:24 +0000] "GET /item/5913832 HTTP/1.1" 200 39614 "http://rwabtee.com/item/6193557?d=%2Fhome%2Frwabteecom%2Fpublic_html%2Fpublic&edit=sitemap.xml" "Mozilla/5.0 AppleWebKit/537.36 (KHTML, like Gecko; compatible; GPTBot/1.3; +https://openai.com/gptbot)"
2a02:c207:3018:3705::1 - - [13/Apr/2026:12:07:24 +0000] "GET /?d=/home/rwabteecom/project_11/vendor/spatie/temporary-directory&edit=README.md HTTP/1.1" 200 8531 "-" "Mozilla/5.0 (compatible; MJ12bot/v1.4.8; http://mj12bot.com/)"
74.7.243.204 - - [13/Apr/2026:12:07:25 +0000] "GET /item/5437047 HTTP/1.1" 200 39614 "http://rwabtee.com/item/5635288?d=%2Fhome%2Frwabteecom%2Fpublic_html%2Fpublic&edit=sitemap.xml" "Mozilla/5.0 AppleWebKit/537.36 (KHTML, like Gecko; compatible; GPTBot/1.3; +https://openai.com/gptbot)"
74.7.243.204 - - [13/Apr/2026:12:07:25 +0000] "GET /item/4930994 HTTP/1.1" 200 39614 "http://rwabtee.com/item/4812060?d=%2Fhome%2Frwabteecom%2Fpublic_html%2Fpublic&edit=sitemap.xml" "Mozilla/5.0 AppleWebKit/537.36 (KHTML, like Gecko; compatible; GPTBot/1.3; +https://openai.com/gptbot)"
74.7.243.204 - - [13/Apr/2026:12:07:26 +0000] "GET /item/6967659 HTTP/1.1" 200 39614 "http://rwabtee.com/item/6279577?d=%2Fhome%2Frwabteecom%2Fpublic_html%2Fpublic&edit=sitemap.xml" "Mozilla/5.0 AppleWebKit/537.36 (KHTML, like Gecko; compatible; GPTBot/1.3; +https://openai.com/gptbot)"
74.7.243.204 - - [13/Apr/2026:12:07:26 +0000] "GET /item/6473176 HTTP/1.1" 200 39614 "http://rwabtee.com/item/6421105?d=%2Fhome%2Frwabteecom%2Fpublic_html%2Fpublic&edit=sitemap.xml" "Mozilla/5.0 AppleWebKit/537.36 (KHTML, like Gecko; compatible; GPTBot/1.3; +https://openai.com/gptbot)"
2a02:c207:3018:3705::1 - - [13/Apr/2026:12:07:26 +0000] "GET /?d=/home/rwabteecom/project_11/vendor/spatie/temporary-directory/src/Exceptions&edit=InvalidDirectoryName.php HTTP/1.1" 200 3155 "-" "Mozilla/5.0 (compatible; MJ12bot/v1.4.8; http://mj12bot.com/)"
74.7.243.204 - - [13/Apr/2026:12:07:27 +0000] "GET /item/6807762 HTTP/1.1" 200 39614 "http://rwabtee.com/item/7634512?d=%2Fhome%2Frwabteecom%2Fpublic_html%2Fpublic&edit=sitemap.xml" "Mozilla/5.0 AppleWebKit/537.36 (KHTML, like Gecko; compatible; GPTBot/1.3; +https://openai.com/gptbot)"
74.7.243.204 - - [13/Apr/2026:12:07:27 +0000] "GET /item/5227995 HTTP/1.1" 200 39614 "http://rwabtee.com/item/6193557?d=%2Fhome%2Frwabteecom%2Fpublic_html%2Fpublic&edit=sitemap.xml" "Mozilla/5.0 AppleWebKit/537.36 (KHTML, like Gecko; compatible; GPTBot/1.3; +https://openai.com/gptbot)"
74.7.243.204 - - [13/Apr/2026:12:07:28 +0000] "GET /item/6087842 HTTP/1.1" 200 39614 "http://rwabtee.com/item/6279577?d=%2Fhome%2Frwabteecom%2Fpublic_html%2Fpublic&edit=sitemap.xml" "Mozilla/5.0 AppleWebKit/537.36 (KHTML, like Gecko; compatible; GPTBot/1.3; +https://openai.com/gptbot)"
2a02:c207:3018:3705::1 - - [13/Apr/2026:12:07:28 +0000] "GET /?d=/home/rwabteecom/project_11/vendor/spatie/temporary-directory/src/Exceptions&edit=PathAlreadyExists.php HTTP/1.1" 200 3101 "-" "Mozilla/5.0 (compatible; MJ12bot/v1.4.8; http://mj12bot.com/)"
74.7.243.204 - - [13/Apr/2026:12:07:28 +0000] "GET /item/6891673?d=%2Fhome%2Frwabteecom%2Fpublic_html%2Fpublic&edit=.htaccess HTTP/1.1" 200 2992 "http://rwabtee.com/item/6891673" "Mozilla/5.0 AppleWebKit/537.36 (KHTML, like Gecko; compatible; GPTBot/1.3; +https://openai.com/gptbot)"
74.7.243.204 - - [13/Apr/2026:12:07:29 +0000] "GET /item/6493690 HTTP/1.1" 200 39614 "http://rwabtee.com/item/5660536?d=%2Fhome%2Frwabteecom%2Fpublic_html%2Fpublic&edit=sitemap.xml" "Mozilla/5.0 AppleWebKit/537.36 (KHTML, like Gecko; compatible; GPTBot/1.3; +https://openai.com/gptbot)"
74.7.243.204 - - [13/Apr/2026:12:07:29 +0000] "GET /item/5785190?d=%2Fhome%2Frwabteecom%2Fpublic_html%2Fpublic%2Fecard HTTP/1.1" 200 4331 "http://rwabtee.com/item/5785190" "Mozilla/5.0 AppleWebKit/537.36 (KHTML, like Gecko; compatible; GPTBot/1.3; +https://openai.com/gptbot)"
74.7.243.204 - - [13/Apr/2026:12:07:30 +0000] "GET /item/4722667 HTTP/1.1" 200 39614 "http://rwabtee.com/item/6753205?d=%2Fhome%2Frwabteecom%2Fpublic_html%2Fpublic&edit=sitemap.xml" "Mozilla/5.0 AppleWebKit/537.36 (KHTML, like Gecko; compatible; GPTBot/1.3; +https://openai.com/gptbot)"
2a02:c207:3018:3705::1 - - [13/Apr/2026:12:07:30 +0000] "GET /?d=/home/rwabteecom/project_11/vendor/stichoza/google-translate-php&edit=LICENSE HTTP/1.1" 200 3687 "-" "Mozilla/5.0 (compatible; MJ12bot/v1.4.8; http://mj12bot.com/)"
74.7.243.204 - - [13/Apr/2026:12:07:30 +0000] "GET /item/5437047?d=%2Fhome%2Frwabteecom%2Fpublic_html%2Fpublic&edit=.htaccess HTTP/1.1" 200 2992 "http://rwabtee.com/item/5437047" "Mozilla/5.0 AppleWebKit/537.36 (KHTML, like Gecko; compatible; GPTBot/1.3; +https://openai.com/gptbot)"
74.7.243.204 - - [13/Apr/2026:12:07:31 +0000] "GET /item/7218366 HTTP/1.1" 200 39614 "http://rwabtee.com/item/6721892?d=%2Fhome%2Frwabteecom%2Fpublic_html%2Fpublic&edit=sitemap.xml" "Mozilla/5.0 AppleWebKit/537.36 (KHTML, like Gecko; compatible; GPTBot/1.3; +https://openai.com/gptbot)"
74.7.243.204 - - [13/Apr/2026:12:07:31 +0000] "GET /item/7135309 HTTP/1.1" 200 39614 "http://rwabtee.com/item/6129643?d=%2Fhome%2Frwabteecom%2Fpublic_html%2Fpublic&edit=sitemap.xml" "Mozilla/5.0 AppleWebKit/537.36 (KHTML, like Gecko; compatible; GPTBot/1.3; +https://openai.com/gptbot)"
2a02:c207:3018:3705::1 - - [13/Apr/2026:12:07:32 +0000] "GET /?d=/home/rwabteecom/project_11/vendor/stichoza/google-translate-php/src&edit=GoogleTranslate.php HTTP/1.1" 200 21809 "-" "Mozilla/5.0 (compatible; MJ12bot/v1.4.8; http://mj12bot.com/)"
74.7.243.204 - - [13/Apr/2026:12:07:32 +0000] "GET /item/5574667 HTTP/1.1" 200 39614 "http://rwabtee.com/item/5010353?d=%2Fhome%2Frwabteecom%2Fpublic_html%2Fpublic&edit=sitemap.xml" "Mozilla/5.0 AppleWebKit/537.36 (KHTML, like Gecko; compatible; GPTBot/1.3; +https://openai.com/gptbot)"
74.7.243.204 - - [13/Apr/2026:12:07:32 +0000] "GET /item/6420997 HTTP/1.1" 200 39614 "http://rwabtee.com/item/6129643?d=%2Fhome%2Frwabteecom%2Fpublic_html%2Fpublic&edit=sitemap.xml" "Mozilla/5.0 AppleWebKit/537.36 (KHTML, like Gecko; compatible; GPTBot/1.3; +https://openai.com/gptbot)"
74.7.243.204 - - [13/Apr/2026:12:07:33 +0000] "GET /item/6302203 HTTP/1.1" 200 39614 "http://rwabtee.com/item/5447753?d=%2Fhome%2Frwabteecom%2Fpublic_html%2Fpublic&edit=sitemap.xml" "Mozilla/5.0 AppleWebKit/537.36 (KHTML, like Gecko; compatible; GPTBot/1.3; +https://openai.com/gptbot)"
74.7.243.204 - - [13/Apr/2026:12:07:33 +0000] "GET /item/6458275 HTTP/1.1" 200 39614 "http://rwabtee.com/item/6421105?d=%2Fhome%2Frwabteecom%2Fpublic_html%2Fpublic&edit=sitemap.xml" "Mozilla/5.0 AppleWebKit/537.36 (KHTML, like Gecko; compatible; GPTBot/1.3; +https://openai.com/gptbot)"
2a02:c207:3018:3705::1 - - [13/Apr/2026:12:07:34 +0000] "GET /?d=/home/rwabteecom/project_11/vendor/stichoza/google-translate-php/src/Exceptions HTTP/1.1" 200 10745 "-" "Mozilla/5.0 (compatible; MJ12bot/v1.4.8; http://mj12bot.com/)"
74.7.243.204 - - [13/Apr/2026:12:07:34 +0000] "GET /item/6174291 HTTP/1.1" 200 39614 "http://rwabtee.com/item/4721360?d=%2Fhome%2Frwabteecom%2Fpublic_html%2Fpublic&edit=sitemap.xml" "Mozilla/5.0 AppleWebKit/537.36 (KHTML, like Gecko; compatible; GPTBot/1.3; +https://openai.com/gptbot)"
74.7.243.204 - - [13/Apr/2026:12:07:34 +0000] "GET /item/7173157 HTTP/1.1" 200 39614 "http://rwabtee.com/item/7634512?d=%2Fhome%2Frwabteecom%2Fpublic_html%2Fpublic&edit=sitemap.xml" "Mozilla/5.0 AppleWebKit/537.36 (KHTML, like Gecko; compatible; GPTBot/1.3; +https://openai.com/gptbot)"
74.7.243.204 - - [13/Apr/2026:12:07:35 +0000] "GET /item/7584954 HTTP/1.1" 200 39614 "http://rwabtee.com/item/6129643?d=%2Fhome%2Frwabteecom%2Fpublic_html%2Fpublic&edit=sitemap.xml" "Mozilla/5.0 AppleWebKit/537.36 (KHTML, like Gecko; compatible; GPTBot/1.3; +https://openai.com/gptbot)"
2a02:c207:3018:3705::1 - - [13/Apr/2026:12:07:35 +0000] "GET /?d=/home/rwabteecom/project_11/vendor/stichoza/google-translate-php/src/Tokens HTTP/1.1" 200 7753 "-" "Mozilla/5.0 (compatible; MJ12bot/v1.4.8; http://mj12bot.com/)"
74.7.243.204 - - [13/Apr/2026:12:07:36 +0000] "GET /item/7056327 HTTP/1.1" 200 39614 "http://rwabtee.com/item/7634512?d=%2Fhome%2Frwabteecom%2Fpublic_html%2Fpublic&edit=sitemap.xml" "Mozilla/5.0 AppleWebKit/537.36 (KHTML, like Gecko; compatible; GPTBot/1.3; +https://openai.com/gptbot)"
74.7.243.204 - - [13/Apr/2026:12:07:36 +0000] "GET /item/5056286 HTTP/1.1" 200 39614 "http://rwabtee.com/item/6129643?d=%2Fhome%2Frwabteecom%2Fpublic_html%2Fpublic&edit=sitemap.xml" "Mozilla/5.0 AppleWebKit/537.36 (KHTML, like Gecko; compatible; GPTBot/1.3; +https://openai.com/gptbot)"
74.7.243.204 - - [13/Apr/2026:12:07:37 +0000] "GET /item/5320377 HTTP/1.1" 200 39614 "http://rwabtee.com/item/4721360?d=%2Fhome%2Frwabteecom%2Fpublic_html%2Fpublic&edit=sitemap.xml" "Mozilla/5.0 AppleWebKit/537.36 (KHTML, like Gecko; compatible; GPTBot/1.3; +https://openai.com/gptbot)"
74.7.243.204 - - [13/Apr/2026:12:07:37 +0000] "GET /item/5540956 HTTP/1.1" 200 39614 "http://rwabtee.com/item/5447753?d=%2Fhome%2Frwabteecom%2Fpublic_html%2Fpublic&edit=sitemap.xml" "Mozilla/5.0 AppleWebKit/537.36 (KHTML, like Gecko; compatible; GPTBot/1.3; +https://openai.com/gptbot)"
2a02:c207:3018:3705::1 - - [13/Apr/2026:12:07:37 +0000] "GET /?d=/home/rwabteecom/project_11/vendor/stripe/stripe-php&edit=.gitignore HTTP/1.1" 200 3265 "-" "Mozilla/5.0 (compatible; MJ12bot/v1.4.8; http://mj12bot.com/)"
74.7.243.204 - - [13/Apr/2026:12:07:38 +0000] "GET /item/5363224 HTTP/1.1" 200 39614 "http://rwabtee.com/item/6193557?d=%2Fhome%2Frwabteecom%2Fpublic_html%2Fpublic&edit=sitemap.xml" "Mozilla/5.0 AppleWebKit/537.36 (KHTML, like Gecko; compatible; GPTBot/1.3; +https://openai.com/gptbot)"
74.7.243.204 - - [13/Apr/2026:12:07:38 +0000] "GET /item/5489101 HTTP/1.1" 200 39614 "http://rwabtee.com/item/6193557?d=%2Fhome%2Frwabteecom%2Fpublic_html%2Fpublic&edit=sitemap.xml" "Mozilla/5.0 AppleWebKit/537.36 (KHTML, like Gecko; compatible; GPTBot/1.3; +https://openai.com/gptbot)"
74.7.243.204 - - [13/Apr/2026:12:07:39 +0000] "GET /item/7665361 HTTP/1.1" 200 39614 "http://rwabtee.com/item/6753205?d=%2Fhome%2Frwabteecom%2Fpublic_html%2Fpublic&edit=sitemap.xml" "Mozilla/5.0 AppleWebKit/537.36 (KHTML, like Gecko; compatible; GPTBot/1.3; +https://openai.com/gptbot)"
2a02:c207:3018:3705::1 - - [13/Apr/2026:12:07:39 +0000] "GET /?d=/home/rwabteecom/project_11/vendor/stripe/stripe-php&edit=CHANGELOG.md HTTP/1.1" 200 113810 "-" "Mozilla/5.0 (compatible; MJ12bot/v1.4.8; http://mj12bot.com/)"
74.7.243.204 - - [13/Apr/2026:12:07:39 +0000] "GET /item/6199644 HTTP/1.1" 200 39614 "http://rwabtee.com/item/6421105?d=%2Fhome%2Frwabteecom%2Fpublic_html%2Fpublic&edit=sitemap.xml" "Mozilla/5.0 AppleWebKit/537.36 (KHTML, like Gecko; compatible; GPTBot/1.3; +https://openai.com/gptbot)"
74.7.243.204 - - [13/Apr/2026:12:07:44 +0000] "GET /item/6721164 HTTP/1.1" 200 39614 "http://rwabtee.com/item/5041201?d=%2Fhome%2Frwabteecom%2Fpublic_html%2Fpublic&edit=sitemap.xml" "Mozilla/5.0 AppleWebKit/537.36 (KHTML, like Gecko; compatible; GPTBot/1.3; +https://openai.com/gptbot)"
74.7.243.204 - - [13/Apr/2026:12:07:44 +0000] "GET /item/5448522 HTTP/1.1" 200 39614 "http://rwabtee.com/item/6421105?d=%2Fhome%2Frwabteecom%2Fpublic_html%2Fpublic&edit=sitemap.xml" "Mozilla/5.0 AppleWebKit/537.36 (KHTML, like Gecko; compatible; GPTBot/1.3; +https://openai.com/gptbot)"
74.7.243.204 - - [13/Apr/2026:12:07:45 +0000] "GET /item/7563360 HTTP/1.1" 200 39614 "http://rwabtee.com/item/6193557?d=%2Fhome%2Frwabteecom%2Fpublic_html%2Fpublic&edit=sitemap.xml" "Mozilla/5.0 AppleWebKit/537.36 (KHTML, like Gecko; compatible; GPTBot/1.3; +https://openai.com/gptbot)"
74.7.243.204 - - [13/Apr/2026:12:07:45 +0000] "GET /item/7056327?d=%2Fhome%2Frwabteecom%2Fpublic_html%2Fpublic%2Fuploads HTTP/1.1" 200 16021 "http://rwabtee.com/item/7056327" "Mozilla/5.0 AppleWebKit/537.36 (KHTML, like Gecko; compatible; GPTBot/1.3; +https://openai.com/gptbot)"
2a02:c207:3018:3705::1 - - [13/Apr/2026:12:07:45 +0000] "GET /?d=/home/rwabteecom/project_11/vendor/stripe/stripe-php/lib&edit=PaymentMethodDomain.php HTTP/1.1" 200 5129 "-" "Mozilla/5.0 (compatible; MJ12bot/v1.4.8; http://mj12bot.com/)"
74.7.243.204 - - [13/Apr/2026:12:07:46 +0000] "GET /item/5743478 HTTP/1.1" 200 39614 "http://rwabtee.com/item/5041201?d=%2Fhome%2Frwabteecom%2Fpublic_html%2Fpublic&edit=sitemap.xml" "Mozilla/5.0 AppleWebKit/537.36 (KHTML, like Gecko; compatible; GPTBot/1.3; +https://openai.com/gptbot)"
74.7.243.204 - - [13/Apr/2026:12:07:46 +0000] "GET /item/5566031 HTTP/1.1" 200 39614 "http://rwabtee.com/item/6129643?d=%2Fhome%2Frwabteecom%2Fpublic_html%2Fpublic&edit=sitemap.xml" "Mozilla/5.0 AppleWebKit/537.36 (KHTML, like Gecko; compatible; GPTBot/1.3; +https://openai.com/gptbot)"
74.7.243.204 - - [13/Apr/2026:12:07:47 +0000] "GET /item/7696602 HTTP/1.1" 200 39614 "http://rwabtee.com/item/4812060?d=%2Fhome%2Frwabteecom%2Fpublic_html%2Fpublic&edit=sitemap.xml" "Mozilla/5.0 AppleWebKit/537.36 (KHTML, like Gecko; compatible; GPTBot/1.3; +https://openai.com/gptbot)"
74.7.243.204 - - [13/Apr/2026:12:07:47 +0000] "GET /item/7087791 HTTP/1.1" 200 39614 "http://rwabtee.com/item/7634512?d=%2Fhome%2Frwabteecom%2Fpublic_html%2Fpublic&edit=sitemap.xml" "Mozilla/5.0 AppleWebKit/537.36 (KHTML, like Gecko; compatible; GPTBot/1.3; +https://openai.com/gptbot)"
2a02:c207:3018:3705::1 - - [13/Apr/2026:12:07:47 +0000] "GET /?d=/home/rwabteecom/project_11/vendor/stripe/stripe-php/lib&edit=Payout.php HTTP/1.1" 200 11090 "-" "Mozilla/5.0 (compatible; MJ12bot/v1.4.8; http://mj12bot.com/)"
74.7.243.204 - - [13/Apr/2026:12:07:48 +0000] "GET /item/6080517 HTTP/1.1" 200 39614 "http://rwabtee.com/item/6193557?d=%2Fhome%2Frwabteecom%2Fpublic_html%2Fpublic&edit=sitemap.xml" "Mozilla/5.0 AppleWebKit/537.36 (KHTML, like Gecko; compatible; GPTBot/1.3; +https://openai.com/gptbot)"
74.7.243.204 - - [13/Apr/2026:12:07:48 +0000] "GET /item/5700903 HTTP/1.1" 200 39614 "http://rwabtee.com/item/6129643?d=%2Fhome%2Frwabteecom%2Fpublic_html%2Fpublic&edit=sitemap.xml" "Mozilla/5.0 AppleWebKit/537.36 (KHTML, like Gecko; compatible; GPTBot/1.3; +https://openai.com/gptbot)"
74.7.243.204 - - [13/Apr/2026:12:07:49 +0000] "GET /item/6757428 HTTP/1.1" 200 39614 "http://rwabtee.com/item/7634512?d=%2Fhome%2Frwabteecom%2Fpublic_html%2Fpublic&edit=sitemap.xml" "Mozilla/5.0 AppleWebKit/537.36 (KHTML, like Gecko; compatible; GPTBot/1.3; +https://openai.com/gptbot)"
2a02:c207:3018:3705::1 - - [13/Apr/2026:12:07:49 +0000] "GET /?d=/home/rwabteecom/project_11/vendor/stripe/stripe-php/lib&edit=Quote.php HTTP/1.1" 200 12200 "-" "Mozilla/5.0 (compatible; MJ12bot/v1.4.8; http://mj12bot.com/)"
74.7.243.204 - - [13/Apr/2026:12:07:49 +0000] "GET /item/5896065 HTTP/1.1" 200 39614 "http://rwabtee.com/item/6721892?d=%2Fhome%2Frwabteecom%2Fpublic_html%2Fpublic&edit=sitemap.xml" "Mozilla/5.0 AppleWebKit/537.36 (KHTML, like Gecko; compatible; GPTBot/1.3; +https://openai.com/gptbot)"
74.7.243.204 - - [13/Apr/2026:12:07:50 +0000] "GET /item/5448522?d=%2Fhome%2Frwabteecom%2Fpublic_html%2Fpublic%2Finstall HTTP/1.1" 200 9824 "http://rwabtee.com/item/5448522" "Mozilla/5.0 AppleWebKit/537.36 (KHTML, like Gecko; compatible; GPTBot/1.3; +https://openai.com/gptbot)"
74.7.243.204 - - [13/Apr/2026:12:07:50 +0000] "GET /item/5857351 HTTP/1.1" 200 39614 "http://rwabtee.com/item/6279577?d=%2Fhome%2Frwabteecom%2Fpublic_html%2Fpublic&edit=sitemap.xml" "Mozilla/5.0 AppleWebKit/537.36 (KHTML, like Gecko; compatible; GPTBot/1.3; +https://openai.com/gptbot)"
74.7.243.204 - - [13/Apr/2026:12:07:51 +0000] "GET /item/6021392 HTTP/1.1" 200 39614 "http://rwabtee.com/item/5635288?d=%2Fhome%2Frwabteecom%2Fpublic_html%2Fpublic&edit=sitemap.xml" "Mozilla/5.0 AppleWebKit/537.36 (KHTML, like Gecko; compatible; GPTBot/1.3; +https://openai.com/gptbot)"
2a02:c207:3018:3705::1 - - [13/Apr/2026:12:07:51 +0000] "GET /?d=/home/rwabteecom/project_11/vendor/stripe/stripe-php/lib&edit=RecipientTransfer.php HTTP/1.1" 200 3608 "-" "Mozilla/5.0 (compatible; MJ12bot/v1.4.8; http://mj12bot.com/)"
74.7.243.204 - - [13/Apr/2026:12:07:51 +0000] "GET /item/5324499 HTTP/1.1" 200 39614 "http://rwabtee.com/item/4812060?d=%2Fhome%2Frwabteecom%2Fpublic_html%2Fpublic&edit=sitemap.xml" "Mozilla/5.0 AppleWebKit/537.36 (KHTML, like Gecko; compatible; GPTBot/1.3; +https://openai.com/gptbot)"
74.7.243.204 - - [13/Apr/2026:12:07:52 +0000] "GET /item/7498684 HTTP/1.1" 200 39614 "http://rwabtee.com/item/5635288?d=%2Fhome%2Frwabteecom%2Fpublic_html%2Fpublic&edit=sitemap.xml" "Mozilla/5.0 AppleWebKit/537.36 (KHTML, like Gecko; compatible; GPTBot/1.3; +https://openai.com/gptbot)"
74.7.243.204 - - [13/Apr/2026:12:07:52 +0000] "GET /item/6706478 HTTP/1.1" 200 39614 "http://rwabtee.com/item/5010353?d=%2Fhome%2Frwabteecom%2Fpublic_html%2Fpublic&edit=sitemap.xml" "Mozilla/5.0 AppleWebKit/537.36 (KHTML, like Gecko; compatible; GPTBot/1.3; +https://openai.com/gptbot)"
74.7.243.204 - - [13/Apr/2026:12:07:53 +0000] "GET /item/7508696 HTTP/1.1" 200 39614 "http://rwabtee.com/item/7634512?d=%2Fhome%2Frwabteecom%2Fpublic_html%2Fpublic&edit=sitemap.xml" "Mozilla/5.0 AppleWebKit/537.36 (KHTML, like Gecko; compatible; GPTBot/1.3; +https://openai.com/gptbot)"
2a02:c207:3018:3705::1 - - [13/Apr/2026:12:07:53 +0000] "GET /?d=/home/rwabteecom/project_11/vendor/stripe/stripe-php/lib/ApiOperations&edit=All.php HTTP/1.1" 200 3436 "-" "Mozilla/5.0 (compatible; MJ12bot/v1.4.8; http://mj12bot.com/)"
74.7.243.204 - - [13/Apr/2026:12:07:54 +0000] "GET /item/7316304 HTTP/1.1" 200 39614 "http://rwabtee.com/item/5447753?d=%2Fhome%2Frwabteecom%2Fpublic_html%2Fpublic&edit=sitemap.xml" "Mozilla/5.0 AppleWebKit/537.36 (KHTML, like Gecko; compatible; GPTBot/1.3; +https://openai.com/gptbot)"
74.7.243.204 - - [13/Apr/2026:12:07:54 +0000] "GET /item/7182330 HTTP/1.1" 200 39614 "http://rwabtee.com/item/5660536?d=%2Fhome%2Frwabteecom%2Fpublic_html%2Fpublic&edit=sitemap.xml" "Mozilla/5.0 AppleWebKit/537.36 (KHTML, like Gecko; compatible; GPTBot/1.3; +https://openai.com/gptbot)"
74.7.243.204 - - [13/Apr/2026:12:07:55 +0000] "GET /item/5461366 HTTP/1.1" 200 39614 "http://rwabtee.com/item/7634512?d=%2Fhome%2Frwabteecom%2Fpublic_html%2Fpublic&edit=sitemap.xml" "Mozilla/5.0 AppleWebKit/537.36 (KHTML, like Gecko; compatible; GPTBot/1.3; +https://openai.com/gptbot)"
2a02:c207:3018:3705::1 - - [13/Apr/2026:12:07:55 +0000] "GET /?d=/home/rwabteecom/project_11/vendor/stripe/stripe-php/lib/ApiOperations&edit=Create.php HTTP/1.1" 200 3656 "-" "Mozilla/5.0 (compatible; MJ12bot/v1.4.8; http://mj12bot.com/)"
74.7.243.204 - - [13/Apr/2026:12:07:55 +0000] "GET /item/7619930 HTTP/1.1" 200 39614 "http://rwabtee.com/item/4721360?d=%2Fhome%2Frwabteecom%2Fpublic_html%2Fpublic&edit=sitemap.xml" "Mozilla/5.0 AppleWebKit/537.36 (KHTML, like Gecko; compatible; GPTBot/1.3; +https://openai.com/gptbot)"
74.7.243.204 - - [13/Apr/2026:12:07:56 +0000] "GET /item/6144669 HTTP/1.1" 200 39614 "http://rwabtee.com/item/5041201?d=%2Fhome%2Frwabteecom%2Fpublic_html%2Fpublic&edit=sitemap.xml" "Mozilla/5.0 AppleWebKit/537.36 (KHTML, like Gecko; compatible; GPTBot/1.3; +https://openai.com/gptbot)"
74.7.243.204 - - [13/Apr/2026:12:07:56 +0000] "GET /item/7359485 HTTP/1.1" 200 39614 "http://rwabtee.com/item/4721360?d=%2Fhome%2Frwabteecom%2Fpublic_html%2Fpublic&edit=sitemap.xml" "Mozilla/5.0 AppleWebKit/537.36 (KHTML, like Gecko; compatible; GPTBot/1.3; +https://openai.com/gptbot)"
74.7.243.204 - - [13/Apr/2026:12:07:57 +0000] "GET /item/4987440 HTTP/1.1" 200 39614 "http://rwabtee.com/item/4721360?d=%2Fhome%2Frwabteecom%2Fpublic_html%2Fpublic&edit=sitemap.xml" "Mozilla/5.0 AppleWebKit/537.36 (KHTML, like Gecko; compatible; GPTBot/1.3; +https://openai.com/gptbot)"
2a02:c207:3018:3705::1 - - [13/Apr/2026:12:07:57 +0000] "GET /?d=/home/rwabteecom/project_11/vendor/stripe/stripe-php/lib/ApiOperations&edit=Delete.php HTTP/1.1" 200 3557 "-" "Mozilla/5.0 (compatible; MJ12bot/v1.4.8; http://mj12bot.com/)"
74.7.243.204 - - [13/Apr/2026:12:07:57 +0000] "GET /item/5206659 HTTP/1.1" 200 39614 "http://rwabtee.com/item/6279577?d=%2Fhome%2Frwabteecom%2Fpublic_html%2Fpublic&edit=sitemap.xml" "Mozilla/5.0 AppleWebKit/537.36 (KHTML, like Gecko; compatible; GPTBot/1.3; +https://openai.com/gptbot)"
74.7.243.204 - - [13/Apr/2026:12:07:58 +0000] "GET /item/4997270 HTTP/1.1" 200 39614 "http://rwabtee.com/item/6753205?d=%2Fhome%2Frwabteecom%2Fpublic_html%2Fpublic&edit=sitemap.xml" "Mozilla/5.0 AppleWebKit/537.36 (KHTML, like Gecko; compatible; GPTBot/1.3; +https://openai.com/gptbot)"
74.7.243.204 - - [13/Apr/2026:12:07:58 +0000] "GET /item/4767872 HTTP/1.1" 200 39614 "http://rwabtee.com/item/6421105?d=%2Fhome%2Frwabteecom%2Fpublic_html%2Fpublic&edit=sitemap.xml" "Mozilla/5.0 AppleWebKit/537.36 (KHTML, like Gecko; compatible; GPTBot/1.3; +https://openai.com/gptbot)"
2a02:c207:3018:3705::1 - - [13/Apr/2026:12:07:59 +0000] "GET /?d=/home/rwabteecom/project_11/vendor/stripe/stripe-php/lib/ApiOperations&edit=NestedResource.php HTTP/1.1" 200 6925 "-" "Mozilla/5.0 (compatible; MJ12bot/v1.4.8; http://mj12bot.com/)"
74.7.243.204 - - [13/Apr/2026:12:07:59 +0000] "GET /item/6852338 HTTP/1.1" 200 39614 "http://rwabtee.com/item/5041201?d=%2Fhome%2Frwabteecom%2Fpublic_html%2Fpublic&edit=sitemap.xml" "Mozilla/5.0 AppleWebKit/537.36 (KHTML, like Gecko; compatible; GPTBot/1.3; +https://openai.com/gptbot)"
74.7.243.204 - - [13/Apr/2026:12:07:59 +0000] "GET /item/5157756 HTTP/1.1" 200 39614 "http://rwabtee.com/item/5635288?d=%2Fhome%2Frwabteecom%2Fpublic_html%2Fpublic&edit=sitemap.xml" "Mozilla/5.0 AppleWebKit/537.36 (KHTML, like Gecko; compatible; GPTBot/1.3; +https://openai.com/gptbot)"
74.7.243.204 - - [13/Apr/2026:12:08:00 +0000] "GET /item/5384856 HTTP/1.1" 200 39614 "http://rwabtee.com/item/6421105?d=%2Fhome%2Frwabteecom%2Fpublic_html%2Fpublic&edit=sitemap.xml" "Mozilla/5.0 AppleWebKit/537.36 (KHTML, like Gecko; compatible; GPTBot/1.3; +https://openai.com/gptbot)"
74.7.243.204 - - [13/Apr/2026:12:08:00 +0000] "GET /item/6277834 HTTP/1.1" 200 39614 "http://rwabtee.com/item/4721360?d=%2Fhome%2Frwabteecom%2Fpublic_html%2Fpublic&edit=sitemap.xml" "Mozilla/5.0 AppleWebKit/537.36 (KHTML, like Gecko; compatible; GPTBot/1.3; +https://openai.com/gptbot)"
2a02:c207:3018:3705::1 - - [13/Apr/2026:12:08:01 +0000] "GET /?d=/home/rwabteecom/project_11/vendor/stripe/stripe-php/lib/ApiOperations&edit=Request.php HTTP/1.1" 200 8905 "-" "Mozilla/5.0 (compatible; MJ12bot/v1.4.8; http://mj12bot.com/)"
74.7.243.204 - - [13/Apr/2026:12:08:01 +0000] "GET /item/7161937 HTTP/1.1" 200 39614 "http://rwabtee.com/item/6193557?d=%2Fhome%2Frwabteecom%2Fpublic_html%2Fpublic&edit=sitemap.xml" "Mozilla/5.0 AppleWebKit/537.36 (KHTML, like Gecko; compatible; GPTBot/1.3; +https://openai.com/gptbot)"
74.7.243.204 - - [13/Apr/2026:12:08:02 +0000] "GET /item/5256204 HTTP/1.1" 200 39614 "http://rwabtee.com/item/6193557?d=%2Fhome%2Frwabteecom%2Fpublic_html%2Fpublic&edit=sitemap.xml" "Mozilla/5.0 AppleWebKit/537.36 (KHTML, like Gecko; compatible; GPTBot/1.3; +https://openai.com/gptbot)"
74.7.243.204 - - [13/Apr/2026:12:08:02 +0000] "GET /item/5536716 HTTP/1.1" 200 39614 "http://rwabtee.com/item/5010353?d=%2Fhome%2Frwabteecom%2Fpublic_html%2Fpublic&edit=sitemap.xml" "Mozilla/5.0 AppleWebKit/537.36 (KHTML, like Gecko; compatible; GPTBot/1.3; +https://openai.com/gptbot)"
2a02:c207:3018:3705::1 - - [13/Apr/2026:12:08:02 +0000] "GET /?d=/home/rwabteecom/project_11/vendor/stripe/stripe-php/lib/ApiOperations&edit=Retrieve.php HTTP/1.1" 200 3561 "-" "Mozilla/5.0 (compatible; MJ12bot/v1.4.8; http://mj12bot.com/)"
74.7.243.204 - - [13/Apr/2026:12:08:03 +0000] "GET /item/6521627 HTTP/1.1" 200 39614 "http://rwabtee.com/item/5635288?d=%2Fhome%2Frwabteecom%2Fpublic_html%2Fpublic&edit=sitemap.xml" "Mozilla/5.0 AppleWebKit/537.36 (KHTML, like Gecko; compatible; GPTBot/1.3; +https://openai.com/gptbot)"
74.7.243.204 - - [13/Apr/2026:12:08:03 +0000] "GET /item/5194561 HTTP/1.1" 200 39614 "http://rwabtee.com/item/5447753?d=%2Fhome%2Frwabteecom%2Fpublic_html%2Fpublic&edit=sitemap.xml" "Mozilla/5.0 AppleWebKit/537.36 (KHTML, like Gecko; compatible; GPTBot/1.3; +https://openai.com/gptbot)"
74.7.243.204 - - [13/Apr/2026:12:08:04 +0000] "GET /item/7523682 HTTP/1.1" 200 39614 "http://rwabtee.com/item/6421105?d=%2Fhome%2Frwabteecom%2Fpublic_html%2Fpublic&edit=sitemap.xml" "Mozilla/5.0 AppleWebKit/537.36 (KHTML, like Gecko; compatible; GPTBot/1.3; +https://openai.com/gptbot)"
74.7.243.204 - - [13/Apr/2026:12:08:04 +0000] "GET /item/6857433 HTTP/1.1" 200 39614 "http://rwabtee.com/item/6193557?d=%2Fhome%2Frwabteecom%2Fpublic_html%2Fpublic&edit=sitemap.xml" "Mozilla/5.0 AppleWebKit/537.36 (KHTML, like Gecko; compatible; GPTBot/1.3; +https://openai.com/gptbot)"
2a02:c207:3018:3705::1 - - [13/Apr/2026:12:08:05 +0000] "GET /?d=/home/rwabteecom/project_11/vendor/stripe/stripe-php/lib/ApiOperations&edit=Search.php HTTP/1.1" 200 3437 "-" "Mozilla/5.0 (compatible; MJ12bot/v1.4.8; http://mj12bot.com/)"
74.7.243.204 - - [13/Apr/2026:12:08:08 +0000] "GET /item/7324513 HTTP/1.1" 200 39614 "http://rwabtee.com/item/5041201?d=%2Fhome%2Frwabteecom%2Fpublic_html%2Fpublic&edit=sitemap.xml" "Mozilla/5.0 AppleWebKit/537.36 (KHTML, like Gecko; compatible; GPTBot/1.3; +https://openai.com/gptbot)"
74.7.243.204 - - [13/Apr/2026:12:08:11 +0000] "GET /item/7483344 HTTP/1.1" 200 39614 "http://rwabtee.com/item/6193557?d=%2Fhome%2Frwabteecom%2Fpublic_html%2Fpublic&edit=sitemap.xml" "Mozilla/5.0 AppleWebKit/537.36 (KHTML, like Gecko; compatible; GPTBot/1.3; +https://openai.com/gptbot)"
74.7.243.204 - - [13/Apr/2026:12:08:12 +0000] "GET /item/4786141 HTTP/1.1" 200 39614 "http://rwabtee.com/item/5010353?d=%2Fhome%2Frwabteecom%2Fpublic_html%2Fpublic&edit=sitemap.xml" "Mozilla/5.0 AppleWebKit/537.36 (KHTML, like Gecko; compatible; GPTBot/1.3; +https://openai.com/gptbot)"
74.7.243.204 - - [13/Apr/2026:12:08:12 +0000] "GET /item/7425237 HTTP/1.1" 200 39614 "http://rwabtee.com/item/5041201?d=%2Fhome%2Frwabteecom%2Fpublic_html%2Fpublic&edit=sitemap.xml" "Mozilla/5.0 AppleWebKit/537.36 (KHTML, like Gecko; compatible; GPTBot/1.3; +https://openai.com/gptbot)"
74.7.243.204 - - [13/Apr/2026:12:08:13 +0000] "GET /item/6326277 HTTP/1.1" 200 39614 "http://rwabtee.com/item/6421105?d=%2Fhome%2Frwabteecom%2Fpublic_html%2Fpublic&edit=sitemap.xml" "Mozilla/5.0 AppleWebKit/537.36 (KHTML, like Gecko; compatible; GPTBot/1.3; +https://openai.com/gptbot)"
2a02:c207:3018:3705::1 - - [13/Apr/2026:12:08:13 +0000] "GET /?d=/home/rwabteecom/project_11/vendor/stripe/stripe-php/lib/ApiOperations&edit=SingletonRetrieve.php HTTP/1.1" 200 3571 "-" "Mozilla/5.0 (compatible; MJ12bot/v1.4.8; http://mj12bot.com/)"
74.7.243.204 - - [13/Apr/2026:12:08:13 +0000] "GET /item/4969287 HTTP/1.1" 200 39614 "http://rwabtee.com/item/6279577?d=%2Fhome%2Frwabteecom%2Fpublic_html%2Fpublic&edit=sitemap.xml" "Mozilla/5.0 AppleWebKit/537.36 (KHTML, like Gecko; compatible; GPTBot/1.3; +https://openai.com/gptbot)"
74.7.243.204 - - [13/Apr/2026:12:08:14 +0000] "GET /item/5102392 HTTP/1.1" 200 39614 "http://rwabtee.com/item/7634512?d=%2Fhome%2Frwabteecom%2Fpublic_html%2Fpublic&edit=sitemap.xml" "Mozilla/5.0 AppleWebKit/537.36 (KHTML, like Gecko; compatible; GPTBot/1.3; +https://openai.com/gptbot)"
74.7.243.204 - - [13/Apr/2026:12:08:14 +0000] "GET /item/7297065 HTTP/1.1" 200 39614 "http://rwabtee.com/item/5041201?d=%2Fhome%2Frwabteecom%2Fpublic_html%2Fpublic&edit=sitemap.xml" "Mozilla/5.0 AppleWebKit/537.36 (KHTML, like Gecko; compatible; GPTBot/1.3; +https://openai.com/gptbot)"
2a02:c207:3018:3705::1 - - [13/Apr/2026:12:08:15 +0000] "GET /?d=/home/rwabteecom/project_11/vendor/stripe/stripe-php/lib/ApiOperations&edit=Update.php HTTP/1.1" 200 4509 "-" "Mozilla/5.0 (compatible; MJ12bot/v1.4.8; http://mj12bot.com/)"
74.7.243.204 - - [13/Apr/2026:12:08:15 +0000] "GET /item/6226643 HTTP/1.1" 200 39614 "http://rwabtee.com/item/4721360?d=%2Fhome%2Frwabteecom%2Fpublic_html%2Fpublic&edit=sitemap.xml" "Mozilla/5.0 AppleWebKit/537.36 (KHTML, like Gecko; compatible; GPTBot/1.3; +https://openai.com/gptbot)"
74.7.243.204 - - [13/Apr/2026:12:08:15 +0000] "GET /item/4957442 HTTP/1.1" 200 39614 "http://rwabtee.com/item/5635288?d=%2Fhome%2Frwabteecom%2Fpublic_html%2Fpublic&edit=sitemap.xml" "Mozilla/5.0 AppleWebKit/537.36 (KHTML, like Gecko; compatible; GPTBot/1.3; +https://openai.com/gptbot)"
74.7.243.204 - - [13/Apr/2026:12:08:16 +0000] "GET /item/5669781 HTTP/1.1" 200 39614 "http://rwabtee.com/item/6193557?d=%2Fhome%2Frwabteecom%2Fpublic_html%2Fpublic&edit=sitemap.xml" "Mozilla/5.0 AppleWebKit/537.36 (KHTML, like Gecko; compatible; GPTBot/1.3; +https://openai.com/gptbot)"
74.7.243.204 - - [13/Apr/2026:12:08:16 +0000] "GET /item/6519267 HTTP/1.1" 200 39614 "http://rwabtee.com/item/4721360?d=%2Fhome%2Frwabteecom%2Fpublic_html%2Fpublic&edit=sitemap.xml" "Mozilla/5.0 AppleWebKit/537.36 (KHTML, like Gecko; compatible; GPTBot/1.3; +https://openai.com/gptbot)"
2a02:c207:3018:3705::1 - - [13/Apr/2026:12:08:16 +0000] "GET /?d=/home/rwabteecom/project_11/vendor/stripe/stripe-php/lib/Apps&edit=Secret.php HTTP/1.1" 200 6093 "-" "Mozilla/5.0 (compatible; MJ12bot/v1.4.8; http://mj12bot.com/)"
74.7.243.204 - - [13/Apr/2026:12:08:17 +0000] "GET /item/6448201 HTTP/1.1" 200 39614 "http://rwabtee.com/item/5635288?d=%2Fhome%2Frwabteecom%2Fpublic_html%2Fpublic&edit=sitemap.xml" "Mozilla/5.0 AppleWebKit/537.36 (KHTML, like Gecko; compatible; GPTBot/1.3; +https://openai.com/gptbot)"
74.7.243.204 - - [13/Apr/2026:12:08:17 +0000] "GET /item/7063602 HTTP/1.1" 200 39614 "http://rwabtee.com/item/5635288?d=%2Fhome%2Frwabteecom%2Fpublic_html%2Fpublic&edit=sitemap.xml" "Mozilla/5.0 AppleWebKit/537.36 (KHTML, like Gecko; compatible; GPTBot/1.3; +https://openai.com/gptbot)"
74.7.243.204 - - [13/Apr/2026:12:08:18 +0000] "GET /item/7425237?d=%2Fhome%2Frwabteecom HTTP/1.1" 200 47347 "http://rwabtee.com/item/7425237" "Mozilla/5.0 AppleWebKit/537.36 (KHTML, like Gecko; compatible; GPTBot/1.3; +https://openai.com/gptbot)"
2a02:c207:3018:3705::1 - - [13/Apr/2026:12:08:18 +0000] "GET /?d=/home/rwabteecom/project_11/vendor/stripe/stripe-php/lib/Billing&edit=Meter.php HTTP/1.1" 200 6507 "-" "Mozilla/5.0 (compatible; MJ12bot/v1.4.8; http://mj12bot.com/)"
74.7.243.204 - - [13/Apr/2026:12:08:18 +0000] "GET /item/7425237?d=%2Fhome%2Frwabteecom%2Fpublic_html%2Fpublic&edit=OneSignalSDKUpdaterWorker.js HTTP/1.1" 404 - "http://rwabtee.com/item/7425237" "Mozilla/5.0 AppleWebKit/537.36 (KHTML, like Gecko; compatible; GPTBot/1.3; +https://openai.com/gptbot)"
74.7.243.204 - - [13/Apr/2026:12:08:19 +0000] "GET /item/5751544 HTTP/1.1" 200 39614 "http://rwabtee.com/item/5635288?d=%2Fhome%2Frwabteecom%2Fpublic_html%2Fpublic&edit=sitemap.xml" "Mozilla/5.0 AppleWebKit/537.36 (KHTML, like Gecko; compatible; GPTBot/1.3; +https://openai.com/gptbot)"
74.7.243.204 - - [13/Apr/2026:12:08:19 +0000] "GET /item/6291328 HTTP/1.1" 200 39614 "http://rwabtee.com/item/6279577?d=%2Fhome%2Frwabteecom%2Fpublic_html%2Fpublic&edit=sitemap.xml" "Mozilla/5.0 AppleWebKit/537.36 (KHTML, like Gecko; compatible; GPTBot/1.3; +https://openai.com/gptbot)"
74.7.243.204 - - [13/Apr/2026:12:08:20 +0000] "GET /item/6213352 HTTP/1.1" 200 39614 "http://rwabtee.com/item/6721892?d=%2Fhome%2Frwabteecom%2Fpublic_html%2Fpublic&edit=sitemap.xml" "Mozilla/5.0 AppleWebKit/537.36 (KHTML, like Gecko; compatible; GPTBot/1.3; +https://openai.com/gptbot)"
2a02:c207:3018:3705::1 - - [13/Apr/2026:12:08:20 +0000] "GET /?d=/home/rwabteecom/project_11/vendor/stripe/stripe-php/lib/Billing&edit=MeterEvent.php HTTP/1.1" 200 4109 "-" "Mozilla/5.0 (compatible; MJ12bot/v1.4.8; http://mj12bot.com/)"
74.7.243.204 - - [13/Apr/2026:12:08:20 +0000] "GET /item/6226643?d=%2Fhome%2Frwabteecom%2Fpublic_html%2Fpublic%2Finstall HTTP/1.1" 200 9824 "http://rwabtee.com/item/6226643" "Mozilla/5.0 AppleWebKit/537.36 (KHTML, like Gecko; compatible; GPTBot/1.3; +https://openai.com/gptbot)"
74.7.243.204 - - [13/Apr/2026:12:08:21 +0000] "GET /item/7193869 HTTP/1.1" 200 39614 "http://rwabtee.com/item/7634512?d=%2Fhome%2Frwabteecom%2Fpublic_html%2Fpublic&edit=sitemap.xml" "Mozilla/5.0 AppleWebKit/537.36 (KHTML, like Gecko; compatible; GPTBot/1.3; +https://openai.com/gptbot)"
74.7.243.204 - - [13/Apr/2026:12:08:21 +0000] "GET /item/7396301 HTTP/1.1" 200 39614 "http://rwabtee.com/item/6193557?d=%2Fhome%2Frwabteecom%2Fpublic_html%2Fpublic&edit=sitemap.xml" "Mozilla/5.0 AppleWebKit/537.36 (KHTML, like Gecko; compatible; GPTBot/1.3; +https://openai.com/gptbot)"
74.7.243.204 - - [13/Apr/2026:12:08:22 +0000] "GET /item/5049828 HTTP/1.1" 200 39614 "http://rwabtee.com/item/5447753?d=%2Fhome%2Frwabteecom%2Fpublic_html%2Fpublic&edit=sitemap.xml" "Mozilla/5.0 AppleWebKit/537.36 (KHTML, like Gecko; compatible; GPTBot/1.3; +https://openai.com/gptbot)"
74.7.243.204 - - [13/Apr/2026:12:08:22 +0000] "GET /item/6265541 HTTP/1.1" 200 39614 "http://rwabtee.com/item/6421105?d=%2Fhome%2Frwabteecom%2Fpublic_html%2Fpublic&edit=sitemap.xml" "Mozilla/5.0 AppleWebKit/537.36 (KHTML, like Gecko; compatible; GPTBot/1.3; +https://openai.com/gptbot)"
74.7.243.204 - - [13/Apr/2026:12:08:23 +0000] "GET /item/5875652 HTTP/1.1" 200 39614 "http://rwabtee.com/item/5010353?d=%2Fhome%2Frwabteecom%2Fpublic_html%2Fpublic&edit=sitemap.xml" "Mozilla/5.0 AppleWebKit/537.36 (KHTML, like Gecko; compatible; GPTBot/1.3; +https://openai.com/gptbot)"
2a02:c207:3018:3705::1 - - [13/Apr/2026:12:08:23 +0000] "GET /?d=/home/rwabteecom/project_11/vendor/stripe/stripe-php/lib/Billing&edit=MeterEventAdjustment.php HTTP/1.1" 200 3907 "-" "Mozilla/5.0 (compatible; MJ12bot/v1.4.8; http://mj12bot.com/)"
74.7.243.204 - - [13/Apr/2026:12:08:23 +0000] "GET /item/5025892 HTTP/1.1" 200 39614 "http://rwabtee.com/item/6129643?d=%2Fhome%2Frwabteecom%2Fpublic_html%2Fpublic&edit=sitemap.xml" "Mozilla/5.0 AppleWebKit/537.36 (KHTML, like Gecko; compatible; GPTBot/1.3; +https://openai.com/gptbot)"
74.7.243.204 - - [13/Apr/2026:12:08:24 +0000] "GET /item/5242013 HTTP/1.1" 200 39614 "http://rwabtee.com/item/5660536?d=%2Fhome%2Frwabteecom%2Fpublic_html%2Fpublic&edit=sitemap.xml" "Mozilla/5.0 AppleWebKit/537.36 (KHTML, like Gecko; compatible; GPTBot/1.3; +https://openai.com/gptbot)"
74.7.243.204 - - [13/Apr/2026:12:08:25 +0000] "GET /item/6123210 HTTP/1.1" 200 39614 "http://rwabtee.com/item/5041201?d=%2Fhome%2Frwabteecom%2Fpublic_html%2Fpublic&edit=sitemap.xml" "Mozilla/5.0 AppleWebKit/537.36 (KHTML, like Gecko; compatible; GPTBot/1.3; +https://openai.com/gptbot)"
74.7.243.204 - - [13/Apr/2026:12:08:25 +0000] "GET /item/7106609 HTTP/1.1" 200 39614 "http://rwabtee.com/item/6721892?d=%2Fhome%2Frwabteecom%2Fpublic_html%2Fpublic&edit=sitemap.xml" "Mozilla/5.0 AppleWebKit/537.36 (KHTML, like Gecko; compatible; GPTBot/1.3; +https://openai.com/gptbot)"
2a02:c207:3018:3705::1 - - [13/Apr/2026:12:08:25 +0000] "GET /?d=/home/rwabteecom/project_11/vendor/stripe/stripe-php/lib/Billing&edit=MeterEventSummary.php HTTP/1.1" 200 4012 "-" "Mozilla/5.0 (compatible; MJ12bot/v1.4.8; http://mj12bot.com/)"
74.7.243.204 - - [13/Apr/2026:12:08:26 +0000] "GET /item/6404163 HTTP/1.1" 200 39614 "http://rwabtee.com/item/6193557?d=%2Fhome%2Frwabteecom%2Fpublic_html%2Fpublic&edit=sitemap.xml" "Mozilla/5.0 AppleWebKit/537.36 (KHTML, like Gecko; compatible; GPTBot/1.3; +https://openai.com/gptbot)"
74.7.243.204 - - [13/Apr/2026:12:08:26 +0000] "GET /item/5671589 HTTP/1.1" 200 39614 "http://rwabtee.com/item/6721892?d=%2Fhome%2Frwabteecom%2Fpublic_html%2Fpublic&edit=sitemap.xml" "Mozilla/5.0 AppleWebKit/537.36 (KHTML, like Gecko; compatible; GPTBot/1.3; +https://openai.com/gptbot)"
74.7.243.204 - - [13/Apr/2026:12:08:27 +0000] "GET /item/4727405 HTTP/1.1" 200 39614 "http://rwabtee.com/item/5447753?d=%2Fhome%2Frwabteecom%2Fpublic_html%2Fpublic&edit=sitemap.xml" "Mozilla/5.0 AppleWebKit/537.36 (KHTML, like Gecko; compatible; GPTBot/1.3; +https://openai.com/gptbot)"
74.7.243.204 - - [13/Apr/2026:12:08:27 +0000] "GET /item/7016857 HTTP/1.1" 200 39614 "http://rwabtee.com/item/6279577?d=%2Fhome%2Frwabteecom%2Fpublic_html%2Fpublic&edit=sitemap.xml" "Mozilla/5.0 AppleWebKit/537.36 (KHTML, like Gecko; compatible; GPTBot/1.3; +https://openai.com/gptbot)"
2a02:c207:3018:3705::1 - - [13/Apr/2026:12:08:28 +0000] "GET /?d=/home/rwabteecom/project_11/vendor/stripe/stripe-php/lib/BillingPortal&edit=Configuration.php HTTP/1.1" 200 5076 "-" "Mozilla/5.0 (compatible; MJ12bot/v1.4.8; http://mj12bot.com/)"
74.7.243.204 - - [13/Apr/2026:12:08:28 +0000] "GET /item/5049828?d=%2Fhome%2Frwabteecom%2Fpublic_html%2Fpublic%2Fuploads HTTP/1.1" 200 16021 "http://rwabtee.com/item/5049828" "Mozilla/5.0 AppleWebKit/537.36 (KHTML, like Gecko; compatible; GPTBot/1.3; +https://openai.com/gptbot)"
74.7.243.204 - - [13/Apr/2026:12:08:28 +0000] "GET /item/6543491 HTTP/1.1" 200 39614 "http://rwabtee.com/item/6129643?d=%2Fhome%2Frwabteecom%2Fpublic_html%2Fpublic&edit=sitemap.xml" "Mozilla/5.0 AppleWebKit/537.36 (KHTML, like Gecko; compatible; GPTBot/1.3; +https://openai.com/gptbot)"
74.7.243.204 - - [13/Apr/2026:12:08:29 +0000] "GET /item/6394131 HTTP/1.1" 200 39614 "http://rwabtee.com/item/5635288?d=%2Fhome%2Frwabteecom%2Fpublic_html%2Fpublic&edit=sitemap.xml" "Mozilla/5.0 AppleWebKit/537.36 (KHTML, like Gecko; compatible; GPTBot/1.3; +https://openai.com/gptbot)"
74.7.243.204 - - [13/Apr/2026:12:08:29 +0000] "GET /item/6507703 HTTP/1.1" 200 39614 "http://rwabtee.com/item/5660536?d=%2Fhome%2Frwabteecom%2Fpublic_html%2Fpublic&edit=sitemap.xml" "Mozilla/5.0 AppleWebKit/537.36 (KHTML, like Gecko; compatible; GPTBot/1.3; +https://openai.com/gptbot)"
74.7.243.204 - - [13/Apr/2026:12:08:30 +0000] "GET /item/4795933 HTTP/1.1" 200 39614 "http://rwabtee.com/item/5635288?d=%2Fhome%2Frwabteecom%2Fpublic_html%2Fpublic&edit=sitemap.xml" "Mozilla/5.0 AppleWebKit/537.36 (KHTML, like Gecko; compatible; GPTBot/1.3; +https://openai.com/gptbot)"
74.7.243.204 - - [13/Apr/2026:12:08:30 +0000] "GET /item/5954687 HTTP/1.1" 200 39614 "http://rwabtee.com/item/4721360?d=%2Fhome%2Frwabteecom%2Fpublic_html%2Fpublic&edit=sitemap.xml" "Mozilla/5.0 AppleWebKit/537.36 (KHTML, like Gecko; compatible; GPTBot/1.3; +https://openai.com/gptbot)"
74.7.243.204 - - [13/Apr/2026:12:08:31 +0000] "GET /item/5516957 HTTP/1.1" 200 39614 "http://rwabtee.com/item/6421105?d=%2Fhome%2Frwabteecom%2Fpublic_html%2Fpublic&edit=sitemap.xml" "Mozilla/5.0 AppleWebKit/537.36 (KHTML, like Gecko; compatible; GPTBot/1.3; +https://openai.com/gptbot)"
74.7.243.204 - - [13/Apr/2026:12:08:31 +0000] "GET /item/6493046 HTTP/1.1" 200 39614 "http://rwabtee.com/item/5447753?d=%2Fhome%2Frwabteecom%2Fpublic_html%2Fpublic&edit=sitemap.xml" "Mozilla/5.0 AppleWebKit/537.36 (KHTML, like Gecko; compatible; GPTBot/1.3; +https://openai.com/gptbot)"
74.7.243.204 - - [13/Apr/2026:12:08:32 +0000] "GET /item/5576245 HTTP/1.1" 200 39614 "http://rwabtee.com/item/5635288?d=%2Fhome%2Frwabteecom%2Fpublic_html%2Fpublic&edit=sitemap.xml" "Mozilla/5.0 AppleWebKit/537.36 (KHTML, like Gecko; compatible; GPTBot/1.3; +https://openai.com/gptbot)"
74.7.243.204 - - [13/Apr/2026:12:08:32 +0000] "GET /item/5403669 HTTP/1.1" 200 39614 "http://rwabtee.com/item/6193557?d=%2Fhome%2Frwabteecom%2Fpublic_html%2Fpublic&edit=sitemap.xml" "Mozilla/5.0 AppleWebKit/537.36 (KHTML, like Gecko; compatible; GPTBot/1.3; +https://openai.com/gptbot)"
74.7.243.204 - - [13/Apr/2026:12:08:33 +0000] "GET /item/7016857?d=%2Fhome%2Frwabteecom%2Fpublic_html%2Fpublic%2Fjs HTTP/1.1" 200 5800 "http://rwabtee.com/item/7016857" "Mozilla/5.0 AppleWebKit/537.36 (KHTML, like Gecko; compatible; GPTBot/1.3; +https://openai.com/gptbot)"
74.7.243.204 - - [13/Apr/2026:12:08:33 +0000] "GET /item/6012585 HTTP/1.1" 200 39614 "http://rwabtee.com/item/6753205?d=%2Fhome%2Frwabteecom%2Fpublic_html%2Fpublic&edit=sitemap.xml" "Mozilla/5.0 AppleWebKit/537.36 (KHTML, like Gecko; compatible; GPTBot/1.3; +https://openai.com/gptbot)"
74.7.243.204 - - [13/Apr/2026:12:08:34 +0000] "GET /item/7060125 HTTP/1.1" 200 39614 "http://rwabtee.com/item/6753205?d=%2Fhome%2Frwabteecom%2Fpublic_html%2Fpublic&edit=sitemap.xml" "Mozilla/5.0 AppleWebKit/537.36 (KHTML, like Gecko; compatible; GPTBot/1.3; +https://openai.com/gptbot)"
74.7.243.204 - - [13/Apr/2026:12:08:34 +0000] "GET /item/7168733 HTTP/1.1" 200 39614 "http://rwabtee.com/item/5010353?d=%2Fhome%2Frwabteecom%2Fpublic_html%2Fpublic&edit=sitemap.xml" "Mozilla/5.0 AppleWebKit/537.36 (KHTML, like Gecko; compatible; GPTBot/1.3; +https://openai.com/gptbot)"
74.7.243.204 - - [13/Apr/2026:12:08:35 +0000] "GET /item/4960150 HTTP/1.1" 200 39614 "http://rwabtee.com/item/5635288?d=%2Fhome%2Frwabteecom%2Fpublic_html%2Fpublic&edit=sitemap.xml" "Mozilla/5.0 AppleWebKit/537.36 (KHTML, like Gecko; compatible; GPTBot/1.3; +https://openai.com/gptbot)"
74.7.243.204 - - [13/Apr/2026:12:08:35 +0000] "GET /item/4795933?d=%2Fhome%2Frwabteecom%2Fpublic_html%2Fpublic%2Fecard HTTP/1.1" 200 4331 "http://rwabtee.com/item/4795933" "Mozilla/5.0 AppleWebKit/537.36 (KHTML, like Gecko; compatible; GPTBot/1.3; +https://openai.com/gptbot)"
74.7.243.204 - - [13/Apr/2026:12:08:36 +0000] "GET /item/7364020 HTTP/1.1" 200 39614 "http://rwabtee.com/item/4721360?d=%2Fhome%2Frwabteecom%2Fpublic_html%2Fpublic&edit=sitemap.xml" "Mozilla/5.0 AppleWebKit/537.36 (KHTML, like Gecko; compatible; GPTBot/1.3; +https://openai.com/gptbot)"
74.7.243.204 - - [13/Apr/2026:12:08:37 +0000] "GET /item/5271241?d=%2Fhome%2Frwabteecom%2Fpublic_html%2Fpublic%2Fassets%2Fimg HTTP/1.1" 200 95922 "http://rwabtee.com/item/5271241?d=%2Fhome%2Frwabteecom%2Fpublic_html%2Fpublic%2Fassets" "Mozilla/5.0 AppleWebKit/537.36 (KHTML, like Gecko; compatible; GPTBot/1.3; +https://openai.com/gptbot)"
74.7.243.204 - - [13/Apr/2026:12:08:37 +0000] "GET /item/4844038?d=%2Fhome%2Frwabteecom%2Fpublic_html%2Fpublic%2Fassets%2Fcss HTTP/1.1" 200 95462 "http://rwabtee.com/item/4844038?d=%2Fhome%2Frwabteecom%2Fpublic_html%2Fpublic%2Fassets" "Mozilla/5.0 AppleWebKit/537.36 (KHTML, like Gecko; compatible; GPTBot/1.3; +https://openai.com/gptbot)"
74.7.243.204 - - [13/Apr/2026:12:08:38 +0000] "GET /item/7363908?d=%2Fhome%2Frwabteecom&edit=.spamassassinenable HTTP/1.1" 200 2230 "http://rwabtee.com/item/7363908?d=%2Fhome%2Frwabteecom" "Mozilla/5.0 AppleWebKit/537.36 (KHTML, like Gecko; compatible; GPTBot/1.3; +https://openai.com/gptbot)"
74.7.243.204 - - [13/Apr/2026:12:08:38 +0000] "GET /item/5991043?d=%2Fhome%2Frwabteecom%2F.cagefs HTTP/1.1" 200 6591 "http://rwabtee.com/item/5991043?d=%2Fhome%2Frwabteecom" "Mozilla/5.0 AppleWebKit/537.36 (KHTML, like Gecko; compatible; GPTBot/1.3; +https://openai.com/gptbot)"
74.7.243.204 - - [13/Apr/2026:12:08:39 +0000] "GET /item/7473422?d=%2Fhome%2Frwabteecom%2Fpublic_html%2Fpublic%2Fweb HTTP/1.1" 200 5567 "http://rwabtee.com/item/7473422" "Mozilla/5.0 AppleWebKit/537.36 (KHTML, like Gecko; compatible; GPTBot/1.3; +https://openai.com/gptbot)"
74.7.243.204 - - [13/Apr/2026:12:08:39 +0000] "GET /item/5429224?d=%2Fhome%2Frwabteecom%2Fpublic_html%2Fpublic%2Fpwa HTTP/1.1" 200 5723 "http://rwabtee.com/item/5429224" "Mozilla/5.0 AppleWebKit/537.36 (KHTML, like Gecko; compatible; GPTBot/1.3; +https://openai.com/gptbot)"
74.7.243.204 - - [13/Apr/2026:12:08:40 +0000] "GET /item/6829232?d=%2Fhome%2Frwabteecom%2Fpublic_html%2Fpublic%2Fweb HTTP/1.1" 200 5567 "http://rwabtee.com/item/6829232" "Mozilla/5.0 AppleWebKit/537.36 (KHTML, like Gecko; compatible; GPTBot/1.3; +https://openai.com/gptbot)"
74.7.243.204 - - [13/Apr/2026:12:08:40 +0000] "GET /item/6892269?d=%2Fhome%2Frwabteecom%2Fpublic_html%2Fpublic%2Fecard HTTP/1.1" 200 4331 "http://rwabtee.com/item/6892269" "Mozilla/5.0 AppleWebKit/537.36 (KHTML, like Gecko; compatible; GPTBot/1.3; +https://openai.com/gptbot)"
74.7.243.204 - - [13/Apr/2026:12:08:41 +0000] "GET /item/5220117?d=%2Fhome%2Frwabteecom%2Fpublic_html%2Fpublic%2Fecard HTTP/1.1" 200 4331 "http://rwabtee.com/item/5220117" "Mozilla/5.0 AppleWebKit/537.36 (KHTML, like Gecko; compatible; GPTBot/1.3; +https://openai.com/gptbot)"
74.7.243.204 - - [13/Apr/2026:12:08:41 +0000] "GET /item/6429126?d=%2Fhome%2Frwabteecom%2Fpublic_html%2Fpublic%2Fecard HTTP/1.1" 200 4331 "http://rwabtee.com/item/6429126" "Mozilla/5.0 AppleWebKit/537.36 (KHTML, like Gecko; compatible; GPTBot/1.3; +https://openai.com/gptbot)"
74.7.243.204 - - [13/Apr/2026:12:08:42 +0000] "GET /item/4992821?d=%2Fhome%2Frwabteecom%2Fpublic_html%2Fpublic%2Fecard HTTP/1.1" 200 4331 "http://rwabtee.com/item/4992821" "Mozilla/5.0 AppleWebKit/537.36 (KHTML, like Gecko; compatible; GPTBot/1.3; +https://openai.com/gptbot)"
74.7.243.204 - - [13/Apr/2026:12:08:42 +0000] "GET /item/5271241?d=%2Fhome%2Frwabteecom%2Fpublic_html%2Fpublic%2Fassets%2Fimg%2Fvcard22 HTTP/1.1" 200 22795 "http://rwabtee.com/item/5271241?d=%2Fhome%2Frwabteecom%2Fpublic_html%2Fpublic%2Fassets%2Fimg" "Mozilla/5.0 AppleWebKit/537.36 (KHTML, like Gecko; compatible; GPTBot/1.3; +https://openai.com/gptbot)"
74.7.243.204 - - [13/Apr/2026:12:08:43 +0000] "GET /item/4844038?d=%2Fhome%2Frwabteecom%2Fpublic_html%2Fpublic%2Fassets%2Fcss&edit=public.css HTTP/1.1" 404 - "http://rwabtee.com/item/4844038?d=%2Fhome%2Frwabteecom%2Fpublic_html%2Fpublic%2Fassets%2Fcss" "Mozilla/5.0 AppleWebKit/537.36 (KHTML, like Gecko; compatible; GPTBot/1.3; +https://openai.com/gptbot)"
74.7.243.204 - - [13/Apr/2026:12:08:43 +0000] "GET /item/6326277?d=%2Fhome%2Frwabteecom%2Fpublic_html%2Fpublic%2Fecard HTTP/1.1" 200 4331 "http://rwabtee.com/item/6326277" "Mozilla/5.0 AppleWebKit/537.36 (KHTML, like Gecko; compatible; GPTBot/1.3; +https://openai.com/gptbot)"
