74.7.227.176 - - [08/Apr/2026:12:22:54 +0000] "GET /item/7195414 HTTP/1.1" 200 39614 "http://rwabtee.com/item/6542248?d=%2Fhome%2Frwabteecom%2Fpublic_html%2Fpublic&edit=sitemap.xml" "Mozilla/5.0 AppleWebKit/537.36 (KHTML, like Gecko; compatible; GPTBot/1.3; +https://openai.com/gptbot)"
74.7.227.176 - - [08/Apr/2026:12:22:54 +0000] "GET /item/7518295 HTTP/1.1" 200 39614 "http://rwabtee.com/item/5096229?d=%2Fhome%2Frwabteecom%2Fpublic_html%2Fpublic&edit=sitemap.xml" "Mozilla/5.0 AppleWebKit/537.36 (KHTML, like Gecko; compatible; GPTBot/1.3; +https://openai.com/gptbot)"
2001:41d0:303:71ad::1 - - [08/Apr/2026:12:22:54 +0000] "GET /?d=/home/rwabteecom/public_html/public/uploads/vcards/services/211 HTTP/1.1" 200 4845 "-" "Mozilla/5.0 (compatible; MJ12bot/v1.4.8; http://mj12bot.com/)"
74.7.227.176 - - [08/Apr/2026:12:22:55 +0000] "GET /item/5334754 HTTP/1.1" 200 39614 "http://rwabtee.com/item/6240414?d=%2Fhome%2Frwabteecom%2Fpublic_html%2Fpublic&edit=sitemap.xml" "Mozilla/5.0 AppleWebKit/537.36 (KHTML, like Gecko; compatible; GPTBot/1.3; +https://openai.com/gptbot)"
74.7.227.176 - - [08/Apr/2026:12:22:55 +0000] "GET /item/6752235 HTTP/1.1" 200 39614 "http://rwabtee.com/item/5096229?d=%2Fhome%2Frwabteecom%2Fpublic_html%2Fpublic&edit=sitemap.xml" "Mozilla/5.0 AppleWebKit/537.36 (KHTML, like Gecko; compatible; GPTBot/1.3; +https://openai.com/gptbot)"
74.7.227.176 - - [08/Apr/2026:12:22:56 +0000] "GET /item/4972421 HTTP/1.1" 200 39614 "http://rwabtee.com/item/7240527?d=%2Fhome%2Frwabteecom%2Fpublic_html%2Fpublic&edit=sitemap.xml" "Mozilla/5.0 AppleWebKit/537.36 (KHTML, like Gecko; compatible; GPTBot/1.3; +https://openai.com/gptbot)"
2001:41d0:303:71ad::1 - - [08/Apr/2026:12:22:56 +0000] "GET /?d=/home/rwabteecom/public_html/public/uploads/vcards/services/212 HTTP/1.1" 200 4786 "-" "Mozilla/5.0 (compatible; MJ12bot/v1.4.8; http://mj12bot.com/)"
74.7.227.176 - - [08/Apr/2026:12:22:56 +0000] "GET /item/6634432?d=%2Fhome%2Frwabteecom%2Fpublic_html%2Fpublic&edit=index.php HTTP/1.1" 200 4386 "http://rwabtee.com/item/6634432" "Mozilla/5.0 AppleWebKit/537.36 (KHTML, like Gecko; compatible; GPTBot/1.3; +https://openai.com/gptbot)"
74.7.227.176 - - [08/Apr/2026:12:22:57 +0000] "GET /item/6141609 HTTP/1.1" 200 39614 "http://rwabtee.com/item/7240527?d=%2Fhome%2Frwabteecom%2Fpublic_html%2Fpublic&edit=sitemap.xml" "Mozilla/5.0 AppleWebKit/537.36 (KHTML, like Gecko; compatible; GPTBot/1.3; +https://openai.com/gptbot)"
74.7.227.176 - - [08/Apr/2026:12:22:57 +0000] "GET /item/7565952 HTTP/1.1" 200 39614 "http://rwabtee.com/item/7240527?d=%2Fhome%2Frwabteecom%2Fpublic_html%2Fpublic&edit=sitemap.xml" "Mozilla/5.0 AppleWebKit/537.36 (KHTML, like Gecko; compatible; GPTBot/1.3; +https://openai.com/gptbot)"
2001:41d0:303:71ad::1 - - [08/Apr/2026:12:22:58 +0000] "GET /?d=/home/rwabteecom/public_html/public/uploads/vcards/services/213 HTTP/1.1" 200 4832 "-" "Mozilla/5.0 (compatible; MJ12bot/v1.4.8; http://mj12bot.com/)"
74.7.227.176 - - [08/Apr/2026:12:22:58 +0000] "GET /item/7528446 HTTP/1.1" 200 39614 "http://rwabtee.com/item/6624327?d=%2Fhome%2Frwabteecom%2Fpublic_html%2Fpublic&edit=sitemap.xml" "Mozilla/5.0 AppleWebKit/537.36 (KHTML, like Gecko; compatible; GPTBot/1.3; +https://openai.com/gptbot)"
74.7.227.176 - - [08/Apr/2026:12:22:58 +0000] "GET /item/7459907?d=%2Fhome%2Frwabteecom%2Fpublic_html%2Fpublic%2Fimages HTTP/1.1" 200 145721 "http://rwabtee.com/item/7459907" "Mozilla/5.0 AppleWebKit/537.36 (KHTML, like Gecko; compatible; GPTBot/1.3; +https://openai.com/gptbot)"
74.7.227.176 - - [08/Apr/2026:12:22:59 +0000] "GET /item/7332558?d=%2Fhome%2Frwabteecom%2Fpublic_html%2Fpublic&edit=.htaccess HTTP/1.1" 200 2992 "http://rwabtee.com/item/7332558" "Mozilla/5.0 AppleWebKit/537.36 (KHTML, like Gecko; compatible; GPTBot/1.3; +https://openai.com/gptbot)"
74.7.227.176 - - [08/Apr/2026:12:22:59 +0000] "GET /item/5587675 HTTP/1.1" 200 39614 "http://rwabtee.com/item/7240527?d=%2Fhome%2Frwabteecom%2Fpublic_html%2Fpublic&edit=sitemap.xml" "Mozilla/5.0 AppleWebKit/537.36 (KHTML, like Gecko; compatible; GPTBot/1.3; +https://openai.com/gptbot)"
2001:41d0:303:71ad::1 - - [08/Apr/2026:12:22:59 +0000] "GET /?d=/home/rwabteecom/public_html/public/uploads/vcards/services/225 HTTP/1.1" 200 4786 "-" "Mozilla/5.0 (compatible; MJ12bot/v1.4.8; http://mj12bot.com/)"
74.7.227.176 - - [08/Apr/2026:12:23:00 +0000] "GET /item/7505695 HTTP/1.1" 200 39614 "http://rwabtee.com/item/6542248?d=%2Fhome%2Frwabteecom%2Fpublic_html%2Fpublic&edit=sitemap.xml" "Mozilla/5.0 AppleWebKit/537.36 (KHTML, like Gecko; compatible; GPTBot/1.3; +https://openai.com/gptbot)"
74.7.227.176 - - [08/Apr/2026:12:23:00 +0000] "GET /item/5768242 HTTP/1.1" 200 39614 "http://rwabtee.com/item/6240414?d=%2Fhome%2Frwabteecom%2Fpublic_html%2Fpublic&edit=sitemap.xml" "Mozilla/5.0 AppleWebKit/537.36 (KHTML, like Gecko; compatible; GPTBot/1.3; +https://openai.com/gptbot)"
74.7.227.176 - - [08/Apr/2026:12:23:01 +0000] "GET /item/6702125 HTTP/1.1" 200 39614 "http://rwabtee.com/item/7240527?d=%2Fhome%2Frwabteecom%2Fpublic_html%2Fpublic&edit=sitemap.xml" "Mozilla/5.0 AppleWebKit/537.36 (KHTML, like Gecko; compatible; GPTBot/1.3; +https://openai.com/gptbot)"
2001:41d0:303:71ad::1 - - [08/Apr/2026:12:23:01 +0000] "GET /?d=/home/rwabteecom/public_html/public/uploads/vcards/services/226 HTTP/1.1" 200 4786 "-" "Mozilla/5.0 (compatible; MJ12bot/v1.4.8; http://mj12bot.com/)"
74.7.227.176 - - [08/Apr/2026:12:23:02 +0000] "GET /item/5203723 HTTP/1.1" 200 39614 "http://rwabtee.com/item/6542248?d=%2Fhome%2Frwabteecom%2Fpublic_html%2Fpublic&edit=sitemap.xml" "Mozilla/5.0 AppleWebKit/537.36 (KHTML, like Gecko; compatible; GPTBot/1.3; +https://openai.com/gptbot)"
74.7.227.176 - - [08/Apr/2026:12:23:02 +0000] "GET /item/5503025 HTTP/1.1" 200 39614 "http://rwabtee.com/item/6624327?d=%2Fhome%2Frwabteecom%2Fpublic_html%2Fpublic&edit=sitemap.xml" "Mozilla/5.0 AppleWebKit/537.36 (KHTML, like Gecko; compatible; GPTBot/1.3; +https://openai.com/gptbot)"
74.7.227.176 - - [08/Apr/2026:12:23:03 +0000] "GET /item/5626980 HTTP/1.1" 200 39614 "http://rwabtee.com/item/6240414?d=%2Fhome%2Frwabteecom%2Fpublic_html%2Fpublic&edit=sitemap.xml" "Mozilla/5.0 AppleWebKit/537.36 (KHTML, like Gecko; compatible; GPTBot/1.3; +https://openai.com/gptbot)"
2001:41d0:303:71ad::1 - - [08/Apr/2026:12:23:03 +0000] "GET /?d=/home/rwabteecom/public_html/public/uploads/vcards/services/227 HTTP/1.1" 200 4786 "-" "Mozilla/5.0 (compatible; MJ12bot/v1.4.8; http://mj12bot.com/)"
74.7.227.176 - - [08/Apr/2026:12:23:03 +0000] "GET /item/7565952?d=%2Fhome%2Frwabteecom%2Fpublic_html%2Fpublic%2Fpwa HTTP/1.1" 200 5723 "http://rwabtee.com/item/7565952" "Mozilla/5.0 AppleWebKit/537.36 (KHTML, like Gecko; compatible; GPTBot/1.3; +https://openai.com/gptbot)"
74.7.227.176 - - [08/Apr/2026:12:23:04 +0000] "GET /item/6411287 HTTP/1.1" 200 39614 "http://rwabtee.com/item/5341315?d=%2Fhome%2Frwabteecom%2Fpublic_html%2Fpublic&edit=sitemap.xml" "Mozilla/5.0 AppleWebKit/537.36 (KHTML, like Gecko; compatible; GPTBot/1.3; +https://openai.com/gptbot)"
74.7.227.176 - - [08/Apr/2026:12:23:04 +0000] "GET /item/7459907?d=%2Fhome%2Frwabteecom%2Fpublic_html%2Fpublic%2Fimages&edit=vector.png HTTP/1.1" 404 - "http://rwabtee.com/item/7459907?d=%2Fhome%2Frwabteecom%2Fpublic_html%2Fpublic%2Fimages" "Mozilla/5.0 AppleWebKit/537.36 (KHTML, like Gecko; compatible; GPTBot/1.3; +https://openai.com/gptbot)"
2001:41d0:303:71ad::1 - - [08/Apr/2026:12:23:04 +0000] "GET /?d=/home/rwabteecom/public_html/public/uploads/vcards/services/228 HTTP/1.1" 200 4787 "-" "Mozilla/5.0 (compatible; MJ12bot/v1.4.8; http://mj12bot.com/)"
74.7.227.176 - - [08/Apr/2026:12:23:05 +0000] "GET /item/7213017 HTTP/1.1" 200 39614 "http://rwabtee.com/item/5341315?d=%2Fhome%2Frwabteecom%2Fpublic_html%2Fpublic&edit=sitemap.xml" "Mozilla/5.0 AppleWebKit/537.36 (KHTML, like Gecko; compatible; GPTBot/1.3; +https://openai.com/gptbot)"
74.7.227.176 - - [08/Apr/2026:12:23:05 +0000] "GET /item/7063790 HTTP/1.1" 200 39614 "http://rwabtee.com/item/6624327?d=%2Fhome%2Frwabteecom%2Fpublic_html%2Fpublic&edit=sitemap.xml" "Mozilla/5.0 AppleWebKit/537.36 (KHTML, like Gecko; compatible; GPTBot/1.3; +https://openai.com/gptbot)"
74.7.227.176 - - [08/Apr/2026:12:23:06 +0000] "GET /item/5897857 HTTP/1.1" 200 39614 "http://rwabtee.com/item/6624327?d=%2Fhome%2Frwabteecom%2Fpublic_html%2Fpublic&edit=sitemap.xml" "Mozilla/5.0 AppleWebKit/537.36 (KHTML, like Gecko; compatible; GPTBot/1.3; +https://openai.com/gptbot)"
2001:41d0:303:71ad::1 - - [08/Apr/2026:12:23:06 +0000] "GET /?d=/home/rwabteecom/public_html/public/uploads/vcards/services/240 HTTP/1.1" 200 4746 "-" "Mozilla/5.0 (compatible; MJ12bot/v1.4.8; http://mj12bot.com/)"
74.7.227.176 - - [08/Apr/2026:12:23:06 +0000] "GET /item/4769544 HTTP/1.1" 200 39614 "http://rwabtee.com/item/5341315?d=%2Fhome%2Frwabteecom%2Fpublic_html%2Fpublic&edit=sitemap.xml" "Mozilla/5.0 AppleWebKit/537.36 (KHTML, like Gecko; compatible; GPTBot/1.3; +https://openai.com/gptbot)"
74.7.227.176 - - [08/Apr/2026:12:23:07 +0000] "GET /item/5635817 HTTP/1.1" 200 39614 "http://rwabtee.com/item/7240527?d=%2Fhome%2Frwabteecom%2Fpublic_html%2Fpublic&edit=sitemap.xml" "Mozilla/5.0 AppleWebKit/537.36 (KHTML, like Gecko; compatible; GPTBot/1.3; +https://openai.com/gptbot)"
74.7.227.176 - - [08/Apr/2026:12:23:08 +0000] "GET /item/5375292 HTTP/1.1" 200 39614 "http://rwabtee.com/item/5096229?d=%2Fhome%2Frwabteecom%2Fpublic_html%2Fpublic&edit=sitemap.xml" "Mozilla/5.0 AppleWebKit/537.36 (KHTML, like Gecko; compatible; GPTBot/1.3; +https://openai.com/gptbot)"
2001:41d0:303:71ad::1 - - [08/Apr/2026:12:23:08 +0000] "GET /?d=/home/rwabteecom/public_html/public/uploads/vcards/services/241 HTTP/1.1" 200 4758 "-" "Mozilla/5.0 (compatible; MJ12bot/v1.4.8; http://mj12bot.com/)"
74.7.227.176 - - [08/Apr/2026:12:23:08 +0000] "GET /item/5351564 HTTP/1.1" 200 39614 "http://rwabtee.com/item/7240527?d=%2Fhome%2Frwabteecom%2Fpublic_html%2Fpublic&edit=sitemap.xml" "Mozilla/5.0 AppleWebKit/537.36 (KHTML, like Gecko; compatible; GPTBot/1.3; +https://openai.com/gptbot)"
74.7.227.176 - - [08/Apr/2026:12:23:08 +0000] "GET /item/5626980?d=%2Fhome%2Frwabteecom%2Fpublic_html%2Fpublic&edit=OneSignalSDKWorker+%281%29.js HTTP/1.1" 404 - "http://rwabtee.com/item/5626980" "Mozilla/5.0 AppleWebKit/537.36 (KHTML, like Gecko; compatible; GPTBot/1.3; +https://openai.com/gptbot)"
74.7.227.176 - - [08/Apr/2026:12:23:09 +0000] "GET /item/5582038 HTTP/1.1" 200 39614 "http://rwabtee.com/item/5096229?d=%2Fhome%2Frwabteecom%2Fpublic_html%2Fpublic&edit=sitemap.xml" "Mozilla/5.0 AppleWebKit/537.36 (KHTML, like Gecko; compatible; GPTBot/1.3; +https://openai.com/gptbot)"
2001:41d0:303:71ad::1 - - [08/Apr/2026:12:23:09 +0000] "GET /?d=/home/rwabteecom/public_html/public/uploads/vcards/services/242 HTTP/1.1" 200 4750 "-" "Mozilla/5.0 (compatible; MJ12bot/v1.4.8; http://mj12bot.com/)"
74.7.227.176 - - [08/Apr/2026:12:23:09 +0000] "GET /item/5821335 HTTP/1.1" 200 39614 "http://rwabtee.com/item/5341315?d=%2Fhome%2Frwabteecom%2Fpublic_html%2Fpublic&edit=sitemap.xml" "Mozilla/5.0 AppleWebKit/537.36 (KHTML, like Gecko; compatible; GPTBot/1.3; +https://openai.com/gptbot)"
74.7.227.176 - - [08/Apr/2026:12:23:10 +0000] "GET /item/6188053 HTTP/1.1" 200 39614 "http://rwabtee.com/item/5341315?d=%2Fhome%2Frwabteecom%2Fpublic_html%2Fpublic&edit=sitemap.xml" "Mozilla/5.0 AppleWebKit/537.36 (KHTML, like Gecko; compatible; GPTBot/1.3; +https://openai.com/gptbot)"
74.7.227.176 - - [08/Apr/2026:12:23:11 +0000] "GET /item/6011817 HTTP/1.1" 200 39614 "http://rwabtee.com/item/5341315?d=%2Fhome%2Frwabteecom%2Fpublic_html%2Fpublic&edit=sitemap.xml" "Mozilla/5.0 AppleWebKit/537.36 (KHTML, like Gecko; compatible; GPTBot/1.3; +https://openai.com/gptbot)"
2001:41d0:303:71ad::1 - - [08/Apr/2026:12:23:11 +0000] "GET /?d=/home/rwabteecom/public_html/public/uploads/vcards/services/243 HTTP/1.1" 200 4766 "-" "Mozilla/5.0 (compatible; MJ12bot/v1.4.8; http://mj12bot.com/)"
74.7.227.176 - - [08/Apr/2026:12:23:11 +0000] "GET /item/7063790?d=%2Fhome%2Frwabteecom%2Fpublic_html%2Fpublic%2Finstall HTTP/1.1" 200 9824 "http://rwabtee.com/item/7063790" "Mozilla/5.0 AppleWebKit/537.36 (KHTML, like Gecko; compatible; GPTBot/1.3; +https://openai.com/gptbot)"
74.7.227.176 - - [08/Apr/2026:12:23:12 +0000] "GET /item/5897857?d=%2Fhome%2Frwabteecom%2Fpublic_html%2Fpublic&edit=OneSignalSDKWorker.js HTTP/1.1" 404 - "http://rwabtee.com/item/5897857" "Mozilla/5.0 AppleWebKit/537.36 (KHTML, like Gecko; compatible; GPTBot/1.3; +https://openai.com/gptbot)"
74.7.227.176 - - [08/Apr/2026:12:23:12 +0000] "GET /item/4827058 HTTP/1.1" 200 39614 "http://rwabtee.com/item/6542248?d=%2Fhome%2Frwabteecom%2Fpublic_html%2Fpublic&edit=sitemap.xml" "Mozilla/5.0 AppleWebKit/537.36 (KHTML, like Gecko; compatible; GPTBot/1.3; +https://openai.com/gptbot)"
66.249.72.2 - - [08/Apr/2026:12:23:12 +0000] "GET /item/6022941 HTTP/1.1" 200 180725 "-" "Mozilla/5.0 (Linux; Android 6.0.1; Nexus 5X Build/MMB29P) AppleWebKit/537.36 (KHTML, like Gecko) Chrome/146.0.7680.177 Mobile Safari/537.36 (compatible; GoogleOther)"
2001:41d0:303:71ad::1 - - [08/Apr/2026:12:23:13 +0000] "GET /?d=/home/rwabteecom/public_html/public/uploads/vcards/services/25 HTTP/1.1" 200 4811 "-" "Mozilla/5.0 (compatible; MJ12bot/v1.4.8; http://mj12bot.com/)"
74.7.227.176 - - [08/Apr/2026:12:23:13 +0000] "GET /item/6986487 HTTP/1.1" 200 39614 "http://rwabtee.com/item/5096229?d=%2Fhome%2Frwabteecom%2Fpublic_html%2Fpublic&edit=sitemap.xml" "Mozilla/5.0 AppleWebKit/537.36 (KHTML, like Gecko; compatible; GPTBot/1.3; +https://openai.com/gptbot)"
74.7.227.176 - - [08/Apr/2026:12:23:13 +0000] "GET /item/6359112 HTTP/1.1" 200 39614 "http://rwabtee.com/item/5341315?d=%2Fhome%2Frwabteecom%2Fpublic_html%2Fpublic&edit=sitemap.xml" "Mozilla/5.0 AppleWebKit/537.36 (KHTML, like Gecko; compatible; GPTBot/1.3; +https://openai.com/gptbot)"
74.7.227.176 - - [08/Apr/2026:12:23:14 +0000] "GET /item/7349002 HTTP/1.1" 200 39614 "http://rwabtee.com/item/5096229?d=%2Fhome%2Frwabteecom%2Fpublic_html%2Fpublic&edit=sitemap.xml" "Mozilla/5.0 AppleWebKit/537.36 (KHTML, like Gecko; compatible; GPTBot/1.3; +https://openai.com/gptbot)"
2001:41d0:303:71ad::1 - - [08/Apr/2026:12:23:14 +0000] "GET /?d=/home/rwabteecom/public_html/public/uploads/vcards/services/253 HTTP/1.1" 200 4710 "-" "Mozilla/5.0 (compatible; MJ12bot/v1.4.8; http://mj12bot.com/)"
74.7.227.176 - - [08/Apr/2026:12:23:14 +0000] "GET /item/4978169 HTTP/1.1" 200 39614 "http://rwabtee.com/item/7240527?d=%2Fhome%2Frwabteecom%2Fpublic_html%2Fpublic&edit=sitemap.xml" "Mozilla/5.0 AppleWebKit/537.36 (KHTML, like Gecko; compatible; GPTBot/1.3; +https://openai.com/gptbot)"
74.7.227.176 - - [08/Apr/2026:12:23:15 +0000] "GET /item/6974688 HTTP/1.1" 200 39614 "http://rwabtee.com/item/6624327?d=%2Fhome%2Frwabteecom%2Fpublic_html%2Fpublic&edit=sitemap.xml" "Mozilla/5.0 AppleWebKit/537.36 (KHTML, like Gecko; compatible; GPTBot/1.3; +https://openai.com/gptbot)"
74.7.227.176 - - [08/Apr/2026:12:23:15 +0000] "GET /item/5367351 HTTP/1.1" 200 39614 "http://rwabtee.com/item/6240414?d=%2Fhome%2Frwabteecom%2Fpublic_html%2Fpublic&edit=sitemap.xml" "Mozilla/5.0 AppleWebKit/537.36 (KHTML, like Gecko; compatible; GPTBot/1.3; +https://openai.com/gptbot)"
74.7.227.176 - - [08/Apr/2026:12:23:16 +0000] "GET /item/6188053?d=%2Fhome%2Frwabteecom%2Fpublic_html%2Fpublic&edit=OneSignalSDKWorker+%281%29.js HTTP/1.1" 404 - "http://rwabtee.com/item/6188053" "Mozilla/5.0 AppleWebKit/537.36 (KHTML, like Gecko; compatible; GPTBot/1.3; +https://openai.com/gptbot)"
2001:41d0:303:71ad::1 - - [08/Apr/2026:12:23:16 +0000] "GET /?d=/home/rwabteecom/public_html/public/uploads/vcards/services/254 HTTP/1.1" 200 4710 "-" "Mozilla/5.0 (compatible; MJ12bot/v1.4.8; http://mj12bot.com/)"
74.7.227.176 - - [08/Apr/2026:12:23:16 +0000] "GET /item/6011817?d=%2Fhome%2Frwabteecom%2Fpublic_html%2Fpublic&edit=OneSignalSDKWorker.js HTTP/1.1" 404 - "http://rwabtee.com/item/6011817" "Mozilla/5.0 AppleWebKit/537.36 (KHTML, like Gecko; compatible; GPTBot/1.3; +https://openai.com/gptbot)"
74.7.227.176 - - [08/Apr/2026:12:23:17 +0000] "GET /item/5745132 HTTP/1.1" 200 39614 "http://rwabtee.com/item/5341315?d=%2Fhome%2Frwabteecom%2Fpublic_html%2Fpublic&edit=sitemap.xml" "Mozilla/5.0 AppleWebKit/537.36 (KHTML, like Gecko; compatible; GPTBot/1.3; +https://openai.com/gptbot)"
74.7.227.176 - - [08/Apr/2026:12:23:17 +0000] "GET /item/6581124 HTTP/1.1" 200 39614 "http://rwabtee.com/item/7240527?d=%2Fhome%2Frwabteecom%2Fpublic_html%2Fpublic&edit=sitemap.xml" "Mozilla/5.0 AppleWebKit/537.36 (KHTML, like Gecko; compatible; GPTBot/1.3; +https://openai.com/gptbot)"
2001:41d0:303:71ad::1 - - [08/Apr/2026:12:23:18 +0000] "GET /?d=/home/rwabteecom/public_html/public/uploads/vcards/services/255 HTTP/1.1" 200 4709 "-" "Mozilla/5.0 (compatible; MJ12bot/v1.4.8; http://mj12bot.com/)"
74.7.227.176 - - [08/Apr/2026:12:23:18 +0000] "GET /item/6894356 HTTP/1.1" 200 39614 "http://rwabtee.com/item/5096229?d=%2Fhome%2Frwabteecom%2Fpublic_html%2Fpublic&edit=sitemap.xml" "Mozilla/5.0 AppleWebKit/537.36 (KHTML, like Gecko; compatible; GPTBot/1.3; +https://openai.com/gptbot)"
74.7.227.176 - - [08/Apr/2026:12:23:19 +0000] "GET /item/6554326 HTTP/1.1" 200 39614 "http://rwabtee.com/item/5341315?d=%2Fhome%2Frwabteecom%2Fpublic_html%2Fpublic&edit=sitemap.xml" "Mozilla/5.0 AppleWebKit/537.36 (KHTML, like Gecko; compatible; GPTBot/1.3; +https://openai.com/gptbot)"
74.7.227.176 - - [08/Apr/2026:12:23:19 +0000] "GET /item/6290372 HTTP/1.1" 200 39614 "http://rwabtee.com/item/5341315?d=%2Fhome%2Frwabteecom%2Fpublic_html%2Fpublic&edit=sitemap.xml" "Mozilla/5.0 AppleWebKit/537.36 (KHTML, like Gecko; compatible; GPTBot/1.3; +https://openai.com/gptbot)"
2001:41d0:303:71ad::1 - - [08/Apr/2026:12:23:19 +0000] "GET /?d=/home/rwabteecom/public_html/public/uploads/vcards/services/256 HTTP/1.1" 200 4710 "-" "Mozilla/5.0 (compatible; MJ12bot/v1.4.8; http://mj12bot.com/)"
74.7.227.176 - - [08/Apr/2026:12:23:20 +0000] "GET /item/4983795 HTTP/1.1" 200 39614 "http://rwabtee.com/item/7240527?d=%2Fhome%2Frwabteecom%2Fpublic_html%2Fpublic&edit=sitemap.xml" "Mozilla/5.0 AppleWebKit/537.36 (KHTML, like Gecko; compatible; GPTBot/1.3; +https://openai.com/gptbot)"
74.7.227.176 - - [08/Apr/2026:12:23:20 +0000] "GET /item/7285894 HTTP/1.1" 200 39614 "http://rwabtee.com/item/6624327?d=%2Fhome%2Frwabteecom%2Fpublic_html%2Fpublic&edit=sitemap.xml" "Mozilla/5.0 AppleWebKit/537.36 (KHTML, like Gecko; compatible; GPTBot/1.3; +https://openai.com/gptbot)"
74.7.227.176 - - [08/Apr/2026:12:23:21 +0000] "GET /item/5428146 HTTP/1.1" 200 39614 "http://rwabtee.com/item/6542248?d=%2Fhome%2Frwabteecom%2Fpublic_html%2Fpublic&edit=sitemap.xml" "Mozilla/5.0 AppleWebKit/537.36 (KHTML, like Gecko; compatible; GPTBot/1.3; +https://openai.com/gptbot)"
2001:41d0:303:71ad::1 - - [08/Apr/2026:12:23:21 +0000] "GET /?d=/home/rwabteecom/public_html/public/uploads/vcards/services/26 HTTP/1.1" 200 4811 "-" "Mozilla/5.0 (compatible; MJ12bot/v1.4.8; http://mj12bot.com/)"
74.7.227.176 - - [08/Apr/2026:12:23:21 +0000] "GET /item/6109299 HTTP/1.1" 200 39614 "http://rwabtee.com/item/5096229?d=%2Fhome%2Frwabteecom%2Fpublic_html%2Fpublic&edit=sitemap.xml" "Mozilla/5.0 AppleWebKit/537.36 (KHTML, like Gecko; compatible; GPTBot/1.3; +https://openai.com/gptbot)"
74.7.227.176 - - [08/Apr/2026:12:23:22 +0000] "GET /item/6140696 HTTP/1.1" 200 39614 "http://rwabtee.com/item/5096229?d=%2Fhome%2Frwabteecom%2Fpublic_html%2Fpublic&edit=sitemap.xml" "Mozilla/5.0 AppleWebKit/537.36 (KHTML, like Gecko; compatible; GPTBot/1.3; +https://openai.com/gptbot)"
74.7.227.176 - - [08/Apr/2026:12:23:22 +0000] "GET /item/7481909 HTTP/1.1" 200 39614 "http://rwabtee.com/item/6240414?d=%2Fhome%2Frwabteecom%2Fpublic_html%2Fpublic&edit=sitemap.xml" "Mozilla/5.0 AppleWebKit/537.36 (KHTML, like Gecko; compatible; GPTBot/1.3; +https://openai.com/gptbot)"
2001:41d0:303:71ad::1 - - [08/Apr/2026:12:23:23 +0000] "GET /?d=/home/rwabteecom/public_html/public/uploads/vcards/services/277 HTTP/1.1" 200 4710 "-" "Mozilla/5.0 (compatible; MJ12bot/v1.4.8; http://mj12bot.com/)"
74.7.227.176 - - [08/Apr/2026:12:23:23 +0000] "GET /item/5423348 HTTP/1.1" 200 39614 "http://rwabtee.com/item/5341315?d=%2Fhome%2Frwabteecom%2Fpublic_html%2Fpublic&edit=sitemap.xml" "Mozilla/5.0 AppleWebKit/537.36 (KHTML, like Gecko; compatible; GPTBot/1.3; +https://openai.com/gptbot)"
74.7.227.176 - - [08/Apr/2026:12:23:23 +0000] "GET /item/5487637 HTTP/1.1" 200 39614 "http://rwabtee.com/item/6542248?d=%2Fhome%2Frwabteecom%2Fpublic_html%2Fpublic&edit=sitemap.xml" "Mozilla/5.0 AppleWebKit/537.36 (KHTML, like Gecko; compatible; GPTBot/1.3; +https://openai.com/gptbot)"
74.7.227.176 - - [08/Apr/2026:12:23:24 +0000] "GET /item/6894356?d=%2Fhome%2Frwabteecom%2Fpublic_html%2Fpublic&edit=web.config HTTP/1.1" 200 3944 "http://rwabtee.com/item/6894356" "Mozilla/5.0 AppleWebKit/537.36 (KHTML, like Gecko; compatible; GPTBot/1.3; +https://openai.com/gptbot)"
2001:41d0:303:71ad::1 - - [08/Apr/2026:12:23:24 +0000] "GET /?d=/home/rwabteecom/public_html/public/uploads/vcards/services/278 HTTP/1.1" 200 4710 "-" "Mozilla/5.0 (compatible; MJ12bot/v1.4.8; http://mj12bot.com/)"
74.7.227.176 - - [08/Apr/2026:12:23:24 +0000] "GET /item/5930515 HTTP/1.1" 200 39614 "http://rwabtee.com/item/6624327?d=%2Fhome%2Frwabteecom%2Fpublic_html%2Fpublic&edit=sitemap.xml" "Mozilla/5.0 AppleWebKit/537.36 (KHTML, like Gecko; compatible; GPTBot/1.3; +https://openai.com/gptbot)"
74.7.227.176 - - [08/Apr/2026:12:23:25 +0000] "GET /item/6799577 HTTP/1.1" 200 39614 "http://rwabtee.com/item/6624327?d=%2Fhome%2Frwabteecom%2Fpublic_html%2Fpublic&edit=sitemap.xml" "Mozilla/5.0 AppleWebKit/537.36 (KHTML, like Gecko; compatible; GPTBot/1.3; +https://openai.com/gptbot)"
74.7.227.176 - - [08/Apr/2026:12:23:25 +0000] "GET /item/6218223 HTTP/1.1" 200 39614 "http://rwabtee.com/item/6542248?d=%2Fhome%2Frwabteecom%2Fpublic_html%2Fpublic&edit=sitemap.xml" "Mozilla/5.0 AppleWebKit/537.36 (KHTML, like Gecko; compatible; GPTBot/1.3; +https://openai.com/gptbot)"
74.7.227.176 - - [08/Apr/2026:12:23:26 +0000] "GET /item/6086962 HTTP/1.1" 200 39614 "http://rwabtee.com/item/6542248?d=%2Fhome%2Frwabteecom%2Fpublic_html%2Fpublic&edit=sitemap.xml" "Mozilla/5.0 AppleWebKit/537.36 (KHTML, like Gecko; compatible; GPTBot/1.3; +https://openai.com/gptbot)"
2001:41d0:303:71ad::1 - - [08/Apr/2026:12:23:26 +0000] "GET /?d=/home/rwabteecom/public_html/public/uploads/vcards/services/279 HTTP/1.1" 200 4709 "-" "Mozilla/5.0 (compatible; MJ12bot/v1.4.8; http://mj12bot.com/)"
74.7.227.176 - - [08/Apr/2026:12:23:26 +0000] "GET /item/7486810 HTTP/1.1" 200 39614 "http://rwabtee.com/item/6542248?d=%2Fhome%2Frwabteecom%2Fpublic_html%2Fpublic&edit=sitemap.xml" "Mozilla/5.0 AppleWebKit/537.36 (KHTML, like Gecko; compatible; GPTBot/1.3; +https://openai.com/gptbot)"
74.7.227.176 - - [08/Apr/2026:12:23:27 +0000] "GET /item/7449092 HTTP/1.1" 200 39614 "http://rwabtee.com/item/5096229?d=%2Fhome%2Frwabteecom%2Fpublic_html%2Fpublic&edit=sitemap.xml" "Mozilla/5.0 AppleWebKit/537.36 (KHTML, like Gecko; compatible; GPTBot/1.3; +https://openai.com/gptbot)"
74.7.227.176 - - [08/Apr/2026:12:23:27 +0000] "GET /item/6140696?d=%2Fhome%2Frwabteecom%2Fpublic_html%2Fpublic HTTP/1.1" 200 39614 "http://rwabtee.com/item/6140696" "Mozilla/5.0 AppleWebKit/537.36 (KHTML, like Gecko; compatible; GPTBot/1.3; +https://openai.com/gptbot)"
2001:41d0:303:71ad::1 - - [08/Apr/2026:12:23:28 +0000] "GET /?d=/home/rwabteecom/public_html/public/uploads/vcards/services/280 HTTP/1.1" 200 4710 "-" "Mozilla/5.0 (compatible; MJ12bot/v1.4.8; http://mj12bot.com/)"
74.7.227.176 - - [08/Apr/2026:12:23:28 +0000] "GET /item/7176275 HTTP/1.1" 200 39614 "http://rwabtee.com/item/7240527?d=%2Fhome%2Frwabteecom%2Fpublic_html%2Fpublic&edit=sitemap.xml" "Mozilla/5.0 AppleWebKit/537.36 (KHTML, like Gecko; compatible; GPTBot/1.3; +https://openai.com/gptbot)"
74.7.227.176 - - [08/Apr/2026:12:23:28 +0000] "GET /item/7072390 HTTP/1.1" 200 39614 "http://rwabtee.com/item/5096229?d=%2Fhome%2Frwabteecom%2Fpublic_html%2Fpublic&edit=sitemap.xml" "Mozilla/5.0 AppleWebKit/537.36 (KHTML, like Gecko; compatible; GPTBot/1.3; +https://openai.com/gptbot)"
74.7.227.176 - - [08/Apr/2026:12:23:29 +0000] "GET /item/5487637?d=%2Fhome%2Frwabteecom%2Fpublic_html HTTP/1.1" 200 42014 "http://rwabtee.com/item/5487637" "Mozilla/5.0 AppleWebKit/537.36 (KHTML, like Gecko; compatible; GPTBot/1.3; +https://openai.com/gptbot)"
2001:41d0:303:71ad::1 - - [08/Apr/2026:12:23:29 +0000] "GET /?d=/home/rwabteecom/public_html/public/uploads/vcards/services/39 HTTP/1.1" 200 4811 "-" "Mozilla/5.0 (compatible; MJ12bot/v1.4.8; http://mj12bot.com/)"
74.7.227.176 - - [08/Apr/2026:12:23:30 +0000] "GET /item/6719947 HTTP/1.1" 200 39614 "http://rwabtee.com/item/6240414?d=%2Fhome%2Frwabteecom%2Fpublic_html%2Fpublic&edit=sitemap.xml" "Mozilla/5.0 AppleWebKit/537.36 (KHTML, like Gecko; compatible; GPTBot/1.3; +https://openai.com/gptbot)"
74.7.227.176 - - [08/Apr/2026:12:23:30 +0000] "GET /item/7645097 HTTP/1.1" 200 39614 "http://rwabtee.com/item/7240527?d=%2Fhome%2Frwabteecom%2Fpublic_html%2Fpublic&edit=sitemap.xml" "Mozilla/5.0 AppleWebKit/537.36 (KHTML, like Gecko; compatible; GPTBot/1.3; +https://openai.com/gptbot)"
74.7.227.176 - - [08/Apr/2026:12:23:31 +0000] "GET /item/6799577?d=%2Fhome%2Frwabteecom%2Fpublic_html%2Fpublic%2Fimages HTTP/1.1" 200 145721 "http://rwabtee.com/item/6799577" "Mozilla/5.0 AppleWebKit/537.36 (KHTML, like Gecko; compatible; GPTBot/1.3; +https://openai.com/gptbot)"
2001:41d0:303:71ad::1 - - [08/Apr/2026:12:23:31 +0000] "GET /?d=/home/rwabteecom/public_html/public/uploads/vcards/services/40 HTTP/1.1" 200 4811 "-" "Mozilla/5.0 (compatible; MJ12bot/v1.4.8; http://mj12bot.com/)"
74.7.227.176 - - [08/Apr/2026:12:23:31 +0000] "GET /item/6799577?d=%2Fhome%2Frwabteecom%2Fpublic_html%2Fpublic&edit=robots.txt HTTP/1.1" 404 - "http://rwabtee.com/item/6799577" "Mozilla/5.0 AppleWebKit/537.36 (KHTML, like Gecko; compatible; GPTBot/1.3; +https://openai.com/gptbot)"
74.7.227.176 - - [08/Apr/2026:12:23:32 +0000] "GET /item/7303664 HTTP/1.1" 200 39614 "http://rwabtee.com/item/6240414?d=%2Fhome%2Frwabteecom%2Fpublic_html%2Fpublic&edit=sitemap.xml" "Mozilla/5.0 AppleWebKit/537.36 (KHTML, like Gecko; compatible; GPTBot/1.3; +https://openai.com/gptbot)"
74.7.227.176 - - [08/Apr/2026:12:23:32 +0000] "GET /item/7486810?d=%2Fhome%2Frwabteecom%2Fpublic_html%2Fpublic&edit=OneSignalSDKWorker.js HTTP/1.1" 404 - "http://rwabtee.com/item/7486810" "Mozilla/5.0 AppleWebKit/537.36 (KHTML, like Gecko; compatible; GPTBot/1.3; +https://openai.com/gptbot)"
74.7.227.176 - - [08/Apr/2026:12:23:33 +0000] "GET /item/7127886 HTTP/1.1" 200 39614 "http://rwabtee.com/item/5341315?d=%2Fhome%2Frwabteecom%2Fpublic_html%2Fpublic&edit=sitemap.xml" "Mozilla/5.0 AppleWebKit/537.36 (KHTML, like Gecko; compatible; GPTBot/1.3; +https://openai.com/gptbot)"
74.7.227.176 - - [08/Apr/2026:12:23:33 +0000] "GET /item/6223114 HTTP/1.1" 200 39614 "http://rwabtee.com/item/6624327?d=%2Fhome%2Frwabteecom%2Fpublic_html%2Fpublic&edit=sitemap.xml" "Mozilla/5.0 AppleWebKit/537.36 (KHTML, like Gecko; compatible; GPTBot/1.3; +https://openai.com/gptbot)"
74.7.227.176 - - [08/Apr/2026:12:23:34 +0000] "GET /item/7130953 HTTP/1.1" 200 39614 "http://rwabtee.com/item/6624327?d=%2Fhome%2Frwabteecom%2Fpublic_html%2Fpublic&edit=sitemap.xml" "Mozilla/5.0 AppleWebKit/537.36 (KHTML, like Gecko; compatible; GPTBot/1.3; +https://openai.com/gptbot)"
74.7.227.176 - - [08/Apr/2026:12:23:34 +0000] "GET /item/7072390?d=%2Fhome%2Frwabteecom%2Fpublic_html%2Fpublic&edit=sitemap.txt HTTP/1.1" 404 - "http://rwabtee.com/item/7072390" "Mozilla/5.0 AppleWebKit/537.36 (KHTML, like Gecko; compatible; GPTBot/1.3; +https://openai.com/gptbot)"
74.7.227.176 - - [08/Apr/2026:12:23:35 +0000] "GET /item/4951744 HTTP/1.1" 200 39614 "http://rwabtee.com/item/6624327?d=%2Fhome%2Frwabteecom%2Fpublic_html%2Fpublic&edit=sitemap.xml" "Mozilla/5.0 AppleWebKit/537.36 (KHTML, like Gecko; compatible; GPTBot/1.3; +https://openai.com/gptbot)"
74.7.227.176 - - [08/Apr/2026:12:23:35 +0000] "GET /item/5244839 HTTP/1.1" 200 39614 "http://rwabtee.com/item/5096229?d=%2Fhome%2Frwabteecom%2Fpublic_html%2Fpublic&edit=sitemap.xml" "Mozilla/5.0 AppleWebKit/537.36 (KHTML, like Gecko; compatible; GPTBot/1.3; +https://openai.com/gptbot)"
74.7.227.176 - - [08/Apr/2026:12:23:36 +0000] "GET /item/6149679 HTTP/1.1" 200 39614 "http://rwabtee.com/item/7240527?d=%2Fhome%2Frwabteecom%2Fpublic_html%2Fpublic&edit=sitemap.xml" "Mozilla/5.0 AppleWebKit/537.36 (KHTML, like Gecko; compatible; GPTBot/1.3; +https://openai.com/gptbot)"
74.7.227.176 - - [08/Apr/2026:12:23:36 +0000] "GET /item/6033567 HTTP/1.1" 200 39614 "http://rwabtee.com/item/5096229?d=%2Fhome%2Frwabteecom%2Fpublic_html%2Fpublic&edit=sitemap.xml" "Mozilla/5.0 AppleWebKit/537.36 (KHTML, like Gecko; compatible; GPTBot/1.3; +https://openai.com/gptbot)"
74.7.227.176 - - [08/Apr/2026:12:23:37 +0000] "GET /item/5935341 HTTP/1.1" 200 39614 "http://rwabtee.com/item/5341315?d=%2Fhome%2Frwabteecom%2Fpublic_html%2Fpublic&edit=sitemap.xml" "Mozilla/5.0 AppleWebKit/537.36 (KHTML, like Gecko; compatible; GPTBot/1.3; +https://openai.com/gptbot)"
74.7.227.176 - - [08/Apr/2026:12:23:37 +0000] "GET /item/5741780 HTTP/1.1" 200 39614 "http://rwabtee.com/item/6624327?d=%2Fhome%2Frwabteecom%2Fpublic_html%2Fpublic&edit=sitemap.xml" "Mozilla/5.0 AppleWebKit/537.36 (KHTML, like Gecko; compatible; GPTBot/1.3; +https://openai.com/gptbot)"
74.7.227.176 - - [08/Apr/2026:12:23:38 +0000] "GET /item/6418982 HTTP/1.1" 200 39614 "http://rwabtee.com/item/6624327?d=%2Fhome%2Frwabteecom%2Fpublic_html%2Fpublic&edit=sitemap.xml" "Mozilla/5.0 AppleWebKit/537.36 (KHTML, like Gecko; compatible; GPTBot/1.3; +https://openai.com/gptbot)"
74.7.227.176 - - [08/Apr/2026:12:23:38 +0000] "GET /item/4903291 HTTP/1.1" 200 39614 "http://rwabtee.com/item/5341315?d=%2Fhome%2Frwabteecom%2Fpublic_html%2Fpublic&edit=sitemap.xml" "Mozilla/5.0 AppleWebKit/537.36 (KHTML, like Gecko; compatible; GPTBot/1.3; +https://openai.com/gptbot)"
74.7.227.176 - - [08/Apr/2026:12:23:39 +0000] "GET /item/5778432 HTTP/1.1" 200 39614 "http://rwabtee.com/item/6624327?d=%2Fhome%2Frwabteecom%2Fpublic_html%2Fpublic&edit=sitemap.xml" "Mozilla/5.0 AppleWebKit/537.36 (KHTML, like Gecko; compatible; GPTBot/1.3; +https://openai.com/gptbot)"
74.7.227.176 - - [08/Apr/2026:12:23:39 +0000] "GET /item/5852116 HTTP/1.1" 200 39614 "http://rwabtee.com/item/5096229?d=%2Fhome%2Frwabteecom%2Fpublic_html%2Fpublic&edit=sitemap.xml" "Mozilla/5.0 AppleWebKit/537.36 (KHTML, like Gecko; compatible; GPTBot/1.3; +https://openai.com/gptbot)"
74.7.227.176 - - [08/Apr/2026:12:23:40 +0000] "GET /item/6367407 HTTP/1.1" 200 39614 "http://rwabtee.com/item/6240414?d=%2Fhome%2Frwabteecom%2Fpublic_html%2Fpublic&edit=sitemap.xml" "Mozilla/5.0 AppleWebKit/537.36 (KHTML, like Gecko; compatible; GPTBot/1.3; +https://openai.com/gptbot)"
74.7.227.176 - - [08/Apr/2026:12:23:41 +0000] "GET /item/4951744?d=%2Fhome HTTP/1.1" 200 2719 "http://rwabtee.com/item/4951744" "Mozilla/5.0 AppleWebKit/537.36 (KHTML, like Gecko; compatible; GPTBot/1.3; +https://openai.com/gptbot)"
74.7.227.176 - - [08/Apr/2026:12:23:41 +0000] "GET /item/5596422 HTTP/1.1" 200 39614 "http://rwabtee.com/item/5341315?d=%2Fhome%2Frwabteecom%2Fpublic_html%2Fpublic&edit=sitemap.xml" "Mozilla/5.0 AppleWebKit/537.36 (KHTML, like Gecko; compatible; GPTBot/1.3; +https://openai.com/gptbot)"
74.7.227.176 - - [08/Apr/2026:12:23:42 +0000] "GET /item/4878958 HTTP/1.1" 200 39614 "http://rwabtee.com/item/7240527?d=%2Fhome%2Frwabteecom%2Fpublic_html%2Fpublic&edit=sitemap.xml" "Mozilla/5.0 AppleWebKit/537.36 (KHTML, like Gecko; compatible; GPTBot/1.3; +https://openai.com/gptbot)"
74.7.227.176 - - [08/Apr/2026:12:23:42 +0000] "GET /item/5163374 HTTP/1.1" 200 39614 "http://rwabtee.com/item/5341315?d=%2Fhome%2Frwabteecom%2Fpublic_html%2Fpublic&edit=sitemap.xml" "Mozilla/5.0 AppleWebKit/537.36 (KHTML, like Gecko; compatible; GPTBot/1.3; +https://openai.com/gptbot)"
74.7.227.176 - - [08/Apr/2026:12:23:43 +0000] "GET /item/5935341?d=%2Fhome HTTP/1.1" 200 2719 "http://rwabtee.com/item/5935341" "Mozilla/5.0 AppleWebKit/537.36 (KHTML, like Gecko; compatible; GPTBot/1.3; +https://openai.com/gptbot)"
74.7.227.176 - - [08/Apr/2026:12:23:43 +0000] "GET /item/6575254 HTTP/1.1" 200 39614 "http://rwabtee.com/item/5096229?d=%2Fhome%2Frwabteecom%2Fpublic_html%2Fpublic&edit=sitemap.xml" "Mozilla/5.0 AppleWebKit/537.36 (KHTML, like Gecko; compatible; GPTBot/1.3; +https://openai.com/gptbot)"
74.7.227.176 - - [08/Apr/2026:12:23:44 +0000] "GET /item/6418982?d=%2Fhome%2Frwabteecom%2Fpublic_html%2Fpublic&edit=sw.js HTTP/1.1" 404 - "http://rwabtee.com/item/6418982" "Mozilla/5.0 AppleWebKit/537.36 (KHTML, like Gecko; compatible; GPTBot/1.3; +https://openai.com/gptbot)"
74.7.227.176 - - [08/Apr/2026:12:23:44 +0000] "GET /item/5101914 HTTP/1.1" 200 39614 "http://rwabtee.com/item/5341315?d=%2Fhome%2Frwabteecom%2Fpublic_html%2Fpublic&edit=sitemap.xml" "Mozilla/5.0 AppleWebKit/537.36 (KHTML, like Gecko; compatible; GPTBot/1.3; +https://openai.com/gptbot)"
74.7.227.176 - - [08/Apr/2026:12:23:45 +0000] "GET /item/5778432?d=%2Fhome%2Frwabteecom%2Fpublic_html%2Fpublic%2Fweb HTTP/1.1" 200 5567 "http://rwabtee.com/item/5778432" "Mozilla/5.0 AppleWebKit/537.36 (KHTML, like Gecko; compatible; GPTBot/1.3; +https://openai.com/gptbot)"
74.7.227.176 - - [08/Apr/2026:12:23:45 +0000] "GET /item/4912954 HTTP/1.1" 200 39614 "http://rwabtee.com/item/6624327?d=%2Fhome%2Frwabteecom%2Fpublic_html%2Fpublic&edit=sitemap.xml" "Mozilla/5.0 AppleWebKit/537.36 (KHTML, like Gecko; compatible; GPTBot/1.3; +https://openai.com/gptbot)"
74.7.227.176 - - [08/Apr/2026:12:23:46 +0000] "GET /item/5918535 HTTP/1.1" 200 39614 "http://rwabtee.com/item/5096229?d=%2Fhome%2Frwabteecom%2Fpublic_html%2Fpublic&edit=sitemap.xml" "Mozilla/5.0 AppleWebKit/537.36 (KHTML, like Gecko; compatible; GPTBot/1.3; +https://openai.com/gptbot)"
74.7.227.176 - - [08/Apr/2026:12:23:46 +0000] "GET /item/5178774 HTTP/1.1" 200 39614 "http://rwabtee.com/item/7240527?d=%2Fhome%2Frwabteecom%2Fpublic_html%2Fpublic&edit=sitemap.xml" "Mozilla/5.0 AppleWebKit/537.36 (KHTML, like Gecko; compatible; GPTBot/1.3; +https://openai.com/gptbot)"
74.7.227.176 - - [08/Apr/2026:12:23:47 +0000] "GET /item/7053609 HTTP/1.1" 200 39614 "http://rwabtee.com/item/6240414?d=%2Fhome%2Frwabteecom%2Fpublic_html%2Fpublic&edit=sitemap.xml" "Mozilla/5.0 AppleWebKit/537.36 (KHTML, like Gecko; compatible; GPTBot/1.3; +https://openai.com/gptbot)"
74.7.227.176 - - [08/Apr/2026:12:23:47 +0000] "GET /item/7476519 HTTP/1.1" 200 39614 "http://rwabtee.com/item/7240527?d=%2Fhome%2Frwabteecom%2Fpublic_html%2Fpublic&edit=sitemap.xml" "Mozilla/5.0 AppleWebKit/537.36 (KHTML, like Gecko; compatible; GPTBot/1.3; +https://openai.com/gptbot)"
74.7.227.176 - - [08/Apr/2026:12:23:48 +0000] "GET /item/5163374?d=%2Fhome%2Frwabteecom%2Fpublic_html%2Fpublic HTTP/1.1" 200 39614 "http://rwabtee.com/item/5163374" "Mozilla/5.0 AppleWebKit/537.36 (KHTML, like Gecko; compatible; GPTBot/1.3; +https://openai.com/gptbot)"
74.7.227.176 - - [08/Apr/2026:12:23:48 +0000] "GET /item/7643172 HTTP/1.1" 200 39614 "http://rwabtee.com/item/7240527?d=%2Fhome%2Frwabteecom%2Fpublic_html%2Fpublic&edit=sitemap.xml" "Mozilla/5.0 AppleWebKit/537.36 (KHTML, like Gecko; compatible; GPTBot/1.3; +https://openai.com/gptbot)"
74.7.227.176 - - [08/Apr/2026:12:23:49 +0000] "GET /item/5703548 HTTP/1.1" 200 39614 "http://rwabtee.com/item/6542248?d=%2Fhome%2Frwabteecom%2Fpublic_html%2Fpublic&edit=sitemap.xml" "Mozilla/5.0 AppleWebKit/537.36 (KHTML, like Gecko; compatible; GPTBot/1.3; +https://openai.com/gptbot)"
74.7.227.176 - - [08/Apr/2026:12:23:49 +0000] "GET /item/6484947 HTTP/1.1" 200 39614 "http://rwabtee.com/item/6542248?d=%2Fhome%2Frwabteecom%2Fpublic_html%2Fpublic&edit=sitemap.xml" "Mozilla/5.0 AppleWebKit/537.36 (KHTML, like Gecko; compatible; GPTBot/1.3; +https://openai.com/gptbot)"
74.7.227.176 - - [08/Apr/2026:12:23:50 +0000] "GET /item/6239476 HTTP/1.1" 200 39614 "http://rwabtee.com/item/7240527?d=%2Fhome%2Frwabteecom%2Fpublic_html%2Fpublic&edit=sitemap.xml" "Mozilla/5.0 AppleWebKit/537.36 (KHTML, like Gecko; compatible; GPTBot/1.3; +https://openai.com/gptbot)"
74.7.227.176 - - [08/Apr/2026:12:23:51 +0000] "GET /item/4981474 HTTP/1.1" 200 39614 "http://rwabtee.com/item/6240414?d=%2Fhome%2Frwabteecom%2Fpublic_html%2Fpublic&edit=sitemap.xml" "Mozilla/5.0 AppleWebKit/537.36 (KHTML, like Gecko; compatible; GPTBot/1.3; +https://openai.com/gptbot)"
74.7.227.176 - - [08/Apr/2026:12:23:51 +0000] "GET /item/7337567 HTTP/1.1" 200 39614 "http://rwabtee.com/item/5096229?d=%2Fhome%2Frwabteecom%2Fpublic_html%2Fpublic&edit=sitemap.xml" "Mozilla/5.0 AppleWebKit/537.36 (KHTML, like Gecko; compatible; GPTBot/1.3; +https://openai.com/gptbot)"
74.7.227.176 - - [08/Apr/2026:12:23:52 +0000] "GET /item/6048946 HTTP/1.1" 200 39614 "http://rwabtee.com/item/5341315?d=%2Fhome%2Frwabteecom%2Fpublic_html%2Fpublic&edit=sitemap.xml" "Mozilla/5.0 AppleWebKit/537.36 (KHTML, like Gecko; compatible; GPTBot/1.3; +https://openai.com/gptbot)"
74.7.227.176 - - [08/Apr/2026:12:23:52 +0000] "GET /item/5178774?d=%2Fhome%2Frwabteecom%2Fpublic_html%2Fpublic%2Fvendor HTTP/1.1" 200 8172 "http://rwabtee.com/item/5178774" "Mozilla/5.0 AppleWebKit/537.36 (KHTML, like Gecko; compatible; GPTBot/1.3; +https://openai.com/gptbot)"
74.7.227.176 - - [08/Apr/2026:12:23:53 +0000] "GET /item/7053609?d=%2Fhome%2Frwabteecom%2Fpublic_html%2Fpublic&edit=x.zip HTTP/1.1" 200 12662 "http://rwabtee.com/item/7053609" "Mozilla/5.0 AppleWebKit/537.36 (KHTML, like Gecko; compatible; GPTBot/1.3; +https://openai.com/gptbot)"
74.7.227.176 - - [08/Apr/2026:12:23:53 +0000] "GET /item/5054436 HTTP/1.1" 200 39614 "http://rwabtee.com/item/5341315?d=%2Fhome%2Frwabteecom%2Fpublic_html%2Fpublic&edit=sitemap.xml" "Mozilla/5.0 AppleWebKit/537.36 (KHTML, like Gecko; compatible; GPTBot/1.3; +https://openai.com/gptbot)"
74.7.227.176 - - [08/Apr/2026:12:23:54 +0000] "GET /item/4735952 HTTP/1.1" 200 39614 "http://rwabtee.com/item/6542248?d=%2Fhome%2Frwabteecom%2Fpublic_html%2Fpublic&edit=sitemap.xml" "Mozilla/5.0 AppleWebKit/537.36 (KHTML, like Gecko; compatible; GPTBot/1.3; +https://openai.com/gptbot)"
74.7.227.176 - - [08/Apr/2026:12:23:54 +0000] "GET /item/5174080 HTTP/1.1" 200 39614 "http://rwabtee.com/item/5096229?d=%2Fhome%2Frwabteecom%2Fpublic_html%2Fpublic&edit=sitemap.xml" "Mozilla/5.0 AppleWebKit/537.36 (KHTML, like Gecko; compatible; GPTBot/1.3; +https://openai.com/gptbot)"
74.7.227.176 - - [08/Apr/2026:12:23:55 +0000] "GET /item/4754046 HTTP/1.1" 200 39614 "http://rwabtee.com/item/5341315?d=%2Fhome%2Frwabteecom%2Fpublic_html%2Fpublic&edit=sitemap.xml" "Mozilla/5.0 AppleWebKit/537.36 (KHTML, like Gecko; compatible; GPTBot/1.3; +https://openai.com/gptbot)"
74.7.227.176 - - [08/Apr/2026:12:23:56 +0000] "GET /item/7313456 HTTP/1.1" 200 39614 "http://rwabtee.com/item/7240527?d=%2Fhome%2Frwabteecom%2Fpublic_html%2Fpublic&edit=sitemap.xml" "Mozilla/5.0 AppleWebKit/537.36 (KHTML, like Gecko; compatible; GPTBot/1.3; +https://openai.com/gptbot)"
74.7.227.176 - - [08/Apr/2026:12:23:57 +0000] "GET /item/7349662 HTTP/1.1" 200 39614 "http://rwabtee.com/item/6624327?d=%2Fhome%2Frwabteecom%2Fpublic_html%2Fpublic&edit=sitemap.xml" "Mozilla/5.0 AppleWebKit/537.36 (KHTML, like Gecko; compatible; GPTBot/1.3; +https://openai.com/gptbot)"
74.7.227.176 - - [08/Apr/2026:12:23:57 +0000] "GET /item/6371961 HTTP/1.1" 200 39614 "http://rwabtee.com/item/5341315?d=%2Fhome%2Frwabteecom%2Fpublic_html%2Fpublic&edit=sitemap.xml" "Mozilla/5.0 AppleWebKit/537.36 (KHTML, like Gecko; compatible; GPTBot/1.3; +https://openai.com/gptbot)"
74.7.227.176 - - [08/Apr/2026:12:23:58 +0000] "GET /item/5326711 HTTP/1.1" 200 39614 "http://rwabtee.com/item/6240414?d=%2Fhome%2Frwabteecom%2Fpublic_html%2Fpublic&edit=sitemap.xml" "Mozilla/5.0 AppleWebKit/537.36 (KHTML, like Gecko; compatible; GPTBot/1.3; +https://openai.com/gptbot)"
74.7.227.176 - - [08/Apr/2026:12:23:58 +0000] "GET /item/6048946?d=%2Fhome%2Frwabteecom%2Fpublic_html%2Fpublic%2Fuploads HTTP/1.1" 200 16021 "http://rwabtee.com/item/6048946" "Mozilla/5.0 AppleWebKit/537.36 (KHTML, like Gecko; compatible; GPTBot/1.3; +https://openai.com/gptbot)"
74.7.227.176 - - [08/Apr/2026:12:23:59 +0000] "GET /item/5698835 HTTP/1.1" 200 39614 "http://rwabtee.com/item/6240414?d=%2Fhome%2Frwabteecom%2Fpublic_html%2Fpublic&edit=sitemap.xml" "Mozilla/5.0 AppleWebKit/537.36 (KHTML, like Gecko; compatible; GPTBot/1.3; +https://openai.com/gptbot)"
74.7.227.176 - - [08/Apr/2026:12:23:59 +0000] "GET /item/7621343 HTTP/1.1" 200 39614 "http://rwabtee.com/item/5341315?d=%2Fhome%2Frwabteecom%2Fpublic_html%2Fpublic&edit=sitemap.xml" "Mozilla/5.0 AppleWebKit/537.36 (KHTML, like Gecko; compatible; GPTBot/1.3; +https://openai.com/gptbot)"
74.7.227.176 - - [08/Apr/2026:12:24:00 +0000] "GET /item/5629186 HTTP/1.1" 200 39614 "http://rwabtee.com/item/5341315?d=%2Fhome%2Frwabteecom%2Fpublic_html%2Fpublic&edit=sitemap.xml" "Mozilla/5.0 AppleWebKit/537.36 (KHTML, like Gecko; compatible; GPTBot/1.3; +https://openai.com/gptbot)"
74.7.227.176 - - [08/Apr/2026:12:24:00 +0000] "GET /item/7406076 HTTP/1.1" 200 39614 "http://rwabtee.com/item/6624327?d=%2Fhome%2Frwabteecom%2Fpublic_html%2Fpublic&edit=sitemap.xml" "Mozilla/5.0 AppleWebKit/537.36 (KHTML, like Gecko; compatible; GPTBot/1.3; +https://openai.com/gptbot)"
74.7.227.176 - - [08/Apr/2026:12:24:01 +0000] "GET /item/5229856 HTTP/1.1" 200 39614 "http://rwabtee.com/item/6542248?d=%2Fhome%2Frwabteecom%2Fpublic_html%2Fpublic&edit=sitemap.xml" "Mozilla/5.0 AppleWebKit/537.36 (KHTML, like Gecko; compatible; GPTBot/1.3; +https://openai.com/gptbot)"
74.7.227.176 - - [08/Apr/2026:12:24:01 +0000] "GET /item/4754046?d=%2Fhome%2Frwabteecom%2Fpublic_html%2Fpublic%2Fimages HTTP/1.1" 200 145721 "http://rwabtee.com/item/4754046" "Mozilla/5.0 AppleWebKit/537.36 (KHTML, like Gecko; compatible; GPTBot/1.3; +https://openai.com/gptbot)"
74.7.227.176 - - [08/Apr/2026:12:24:02 +0000] "GET /item/6554213 HTTP/1.1" 200 39614 "http://rwabtee.com/item/6542248?d=%2Fhome%2Frwabteecom%2Fpublic_html%2Fpublic&edit=sitemap.xml" "Mozilla/5.0 AppleWebKit/537.36 (KHTML, like Gecko; compatible; GPTBot/1.3; +https://openai.com/gptbot)"
74.7.227.176 - - [08/Apr/2026:12:24:03 +0000] "GET /item/6577816 HTTP/1.1" 200 39614 "http://rwabtee.com/item/5341315?d=%2Fhome%2Frwabteecom%2Fpublic_html%2Fpublic&edit=sitemap.xml" "Mozilla/5.0 AppleWebKit/537.36 (KHTML, like Gecko; compatible; GPTBot/1.3; +https://openai.com/gptbot)"
74.7.227.176 - - [08/Apr/2026:12:24:03 +0000] "GET /item/6088718 HTTP/1.1" 200 39614 "http://rwabtee.com/item/5341315?d=%2Fhome%2Frwabteecom%2Fpublic_html%2Fpublic&edit=sitemap.xml" "Mozilla/5.0 AppleWebKit/537.36 (KHTML, like Gecko; compatible; GPTBot/1.3; +https://openai.com/gptbot)"
74.7.227.176 - - [08/Apr/2026:12:24:03 +0000] "GET /item/5964411 HTTP/1.1" 200 39614 "http://rwabtee.com/item/6240414?d=%2Fhome%2Frwabteecom%2Fpublic_html%2Fpublic&edit=sitemap.xml" "Mozilla/5.0 AppleWebKit/537.36 (KHTML, like Gecko; compatible; GPTBot/1.3; +https://openai.com/gptbot)"
74.7.227.176 - - [08/Apr/2026:12:24:04 +0000] "GET /item/4798918 HTTP/1.1" 200 39614 "http://rwabtee.com/item/6240414?d=%2Fhome%2Frwabteecom%2Fpublic_html%2Fpublic&edit=sitemap.xml" "Mozilla/5.0 AppleWebKit/537.36 (KHTML, like Gecko; compatible; GPTBot/1.3; +https://openai.com/gptbot)"
74.7.227.176 - - [08/Apr/2026:12:24:04 +0000] "GET /item/5750310 HTTP/1.1" 200 39614 "http://rwabtee.com/item/6542248?d=%2Fhome%2Frwabteecom%2Fpublic_html%2Fpublic&edit=sitemap.xml" "Mozilla/5.0 AppleWebKit/537.36 (KHTML, like Gecko; compatible; GPTBot/1.3; +https://openai.com/gptbot)"
74.7.227.176 - - [08/Apr/2026:12:24:05 +0000] "GET /item/5440716 HTTP/1.1" 200 39614 "http://rwabtee.com/item/7240527?d=%2Fhome%2Frwabteecom%2Fpublic_html%2Fpublic&edit=sitemap.xml" "Mozilla/5.0 AppleWebKit/537.36 (KHTML, like Gecko; compatible; GPTBot/1.3; +https://openai.com/gptbot)"
74.7.227.176 - - [08/Apr/2026:12:24:05 +0000] "GET /item/6857397 HTTP/1.1" 200 39614 "http://rwabtee.com/item/6624327?d=%2Fhome%2Frwabteecom%2Fpublic_html%2Fpublic&edit=sitemap.xml" "Mozilla/5.0 AppleWebKit/537.36 (KHTML, like Gecko; compatible; GPTBot/1.3; +https://openai.com/gptbot)"
74.7.227.176 - - [08/Apr/2026:12:24:06 +0000] "GET /item/7406076?d=%2Fhome%2Frwabteecom%2Fpublic_html%2Fpublic&edit=OneSignalSDKUpdaterWorker.js HTTP/1.1" 404 - "http://rwabtee.com/item/7406076" "Mozilla/5.0 AppleWebKit/537.36 (KHTML, like Gecko; compatible; GPTBot/1.3; +https://openai.com/gptbot)"
74.7.227.176 - - [08/Apr/2026:12:24:07 +0000] "GET /item/5580531 HTTP/1.1" 200 39614 "http://rwabtee.com/item/6542248?d=%2Fhome%2Frwabteecom%2Fpublic_html%2Fpublic&edit=sitemap.xml" "Mozilla/5.0 AppleWebKit/537.36 (KHTML, like Gecko; compatible; GPTBot/1.3; +https://openai.com/gptbot)"
74.7.227.176 - - [08/Apr/2026:12:24:07 +0000] "GET /item/6611786 HTTP/1.1" 200 39614 "http://rwabtee.com/item/6624327?d=%2Fhome%2Frwabteecom%2Fpublic_html%2Fpublic&edit=sitemap.xml" "Mozilla/5.0 AppleWebKit/537.36 (KHTML, like Gecko; compatible; GPTBot/1.3; +https://openai.com/gptbot)"
74.7.227.176 - - [08/Apr/2026:12:24:08 +0000] "GET /item/5463623 HTTP/1.1" 200 39614 "http://rwabtee.com/item/5096229?d=%2Fhome%2Frwabteecom%2Fpublic_html%2Fpublic&edit=sitemap.xml" "Mozilla/5.0 AppleWebKit/537.36 (KHTML, like Gecko; compatible; GPTBot/1.3; +https://openai.com/gptbot)"
74.7.227.176 - - [08/Apr/2026:12:24:08 +0000] "GET /item/5712558 HTTP/1.1" 200 39614 "http://rwabtee.com/item/5096229?d=%2Fhome%2Frwabteecom%2Fpublic_html%2Fpublic&edit=sitemap.xml" "Mozilla/5.0 AppleWebKit/537.36 (KHTML, like Gecko; compatible; GPTBot/1.3; +https://openai.com/gptbot)"
74.7.227.176 - - [08/Apr/2026:12:24:09 +0000] "GET /item/5549632 HTTP/1.1" 200 39614 "http://rwabtee.com/item/5341315?d=%2Fhome%2Frwabteecom%2Fpublic_html%2Fpublic&edit=sitemap.xml" "Mozilla/5.0 AppleWebKit/537.36 (KHTML, like Gecko; compatible; GPTBot/1.3; +https://openai.com/gptbot)"
74.7.227.176 - - [08/Apr/2026:12:24:09 +0000] "GET /item/5546608 HTTP/1.1" 200 39614 "http://rwabtee.com/item/5096229?d=%2Fhome%2Frwabteecom%2Fpublic_html%2Fpublic&edit=sitemap.xml" "Mozilla/5.0 AppleWebKit/537.36 (KHTML, like Gecko; compatible; GPTBot/1.3; +https://openai.com/gptbot)"
74.7.227.176 - - [08/Apr/2026:12:24:10 +0000] "GET /item/4798918?d=%2Fhome%2Frwabteecom%2Fpublic_html%2Fpublic HTTP/1.1" 200 39614 "http://rwabtee.com/item/4798918" "Mozilla/5.0 AppleWebKit/537.36 (KHTML, like Gecko; compatible; GPTBot/1.3; +https://openai.com/gptbot)"
74.7.227.176 - - [08/Apr/2026:12:24:10 +0000] "GET /item/4798918?d=%2Fhome%2Frwabteecom%2Fpublic_html%2Fpublic&edit=sitemap.txt HTTP/1.1" 404 - "http://rwabtee.com/item/4798918" "Mozilla/5.0 AppleWebKit/537.36 (KHTML, like Gecko; compatible; GPTBot/1.3; +https://openai.com/gptbot)"
74.7.227.176 - - [08/Apr/2026:12:24:11 +0000] "GET /item/5750310?d=%2Fhome%2Frwabteecom%2Fpublic_html%2Fpublic&edit=sitemap.txt HTTP/1.1" 404 - "http://rwabtee.com/item/5750310" "Mozilla/5.0 AppleWebKit/537.36 (KHTML, like Gecko; compatible; GPTBot/1.3; +https://openai.com/gptbot)"
74.7.227.176 - - [08/Apr/2026:12:24:11 +0000] "GET /item/6857397?d=%2Fhome%2Frwabteecom%2Fpublic_html HTTP/1.1" 200 42014 "http://rwabtee.com/item/6857397" "Mozilla/5.0 AppleWebKit/537.36 (KHTML, like Gecko; compatible; GPTBot/1.3; +https://openai.com/gptbot)"
74.7.227.176 - - [08/Apr/2026:12:24:12 +0000] "GET /item/6022674 HTTP/1.1" 200 39614 "http://rwabtee.com/item/5096229?d=%2Fhome%2Frwabteecom%2Fpublic_html%2Fpublic&edit=sitemap.xml" "Mozilla/5.0 AppleWebKit/537.36 (KHTML, like Gecko; compatible; GPTBot/1.3; +https://openai.com/gptbot)"
74.7.227.176 - - [08/Apr/2026:12:24:12 +0000] "GET /item/5580531?d=%2Fhome%2Frwabteecom%2Fpublic_html%2Fpublic&edit=OneSignalSDKWorker.js HTTP/1.1" 404 - "http://rwabtee.com/item/5580531" "Mozilla/5.0 AppleWebKit/537.36 (KHTML, like Gecko; compatible; GPTBot/1.3; +https://openai.com/gptbot)"
74.7.227.176 - - [08/Apr/2026:12:24:13 +0000] "GET /item/4737187 HTTP/1.1" 200 39614 "http://rwabtee.com/item/7240527?d=%2Fhome%2Frwabteecom%2Fpublic_html%2Fpublic&edit=sitemap.xml" "Mozilla/5.0 AppleWebKit/537.36 (KHTML, like Gecko; compatible; GPTBot/1.3; +https://openai.com/gptbot)"
74.7.227.176 - - [08/Apr/2026:12:24:13 +0000] "GET /item/5463623?d=%2Fhome%2Frwabteecom%2Fpublic_html%2Fpublic&edit=.htaccess HTTP/1.1" 200 2992 "http://rwabtee.com/item/5463623" "Mozilla/5.0 AppleWebKit/537.36 (KHTML, like Gecko; compatible; GPTBot/1.3; +https://openai.com/gptbot)"
74.7.227.176 - - [08/Apr/2026:12:24:14 +0000] "GET /item/5663432 HTTP/1.1" 200 39614 "http://rwabtee.com/item/6542248?d=%2Fhome%2Frwabteecom%2Fpublic_html%2Fpublic&edit=sitemap.xml" "Mozilla/5.0 AppleWebKit/537.36 (KHTML, like Gecko; compatible; GPTBot/1.3; +https://openai.com/gptbot)"
74.7.227.176 - - [08/Apr/2026:12:24:14 +0000] "GET /item/5971016 HTTP/1.1" 200 39614 "http://rwabtee.com/item/7240527?d=%2Fhome%2Frwabteecom%2Fpublic_html%2Fpublic&edit=sitemap.xml" "Mozilla/5.0 AppleWebKit/537.36 (KHTML, like Gecko; compatible; GPTBot/1.3; +https://openai.com/gptbot)"
74.7.227.176 - - [08/Apr/2026:12:24:15 +0000] "GET /item/5519383 HTTP/1.1" 200 39614 "http://rwabtee.com/item/7240527?d=%2Fhome%2Frwabteecom%2Fpublic_html%2Fpublic&edit=sitemap.xml" "Mozilla/5.0 AppleWebKit/537.36 (KHTML, like Gecko; compatible; GPTBot/1.3; +https://openai.com/gptbot)"
74.7.227.176 - - [08/Apr/2026:12:24:15 +0000] "GET /item/5212001 HTTP/1.1" 200 39614 "http://rwabtee.com/item/5096229?d=%2Fhome%2Frwabteecom%2Fpublic_html%2Fpublic&edit=sitemap.xml" "Mozilla/5.0 AppleWebKit/537.36 (KHTML, like Gecko; compatible; GPTBot/1.3; +https://openai.com/gptbot)"
74.7.227.176 - - [08/Apr/2026:12:24:16 +0000] "GET /item/6117421 HTTP/1.1" 200 39614 "http://rwabtee.com/item/7240527?d=%2Fhome%2Frwabteecom%2Fpublic_html%2Fpublic&edit=sitemap.xml" "Mozilla/5.0 AppleWebKit/537.36 (KHTML, like Gecko; compatible; GPTBot/1.3; +https://openai.com/gptbot)"
