74.7.227.176 - - [08/Apr/2026:12:16:20 +0000] "GET /item/5988504 HTTP/1.1" 200 39614 "http://rwabtee.com/item/6240414?d=%2Fhome%2Frwabteecom%2Fpublic_html%2Fpublic&edit=sitemap.xml" "Mozilla/5.0 AppleWebKit/537.36 (KHTML, like Gecko; compatible; GPTBot/1.3; +https://openai.com/gptbot)"
74.7.227.176 - - [08/Apr/2026:12:16:21 +0000] "GET /item/7131762 HTTP/1.1" 200 39614 "http://rwabtee.com/item/6240414?d=%2Fhome%2Frwabteecom%2Fpublic_html%2Fpublic&edit=sitemap.xml" "Mozilla/5.0 AppleWebKit/537.36 (KHTML, like Gecko; compatible; GPTBot/1.3; +https://openai.com/gptbot)"
74.7.227.176 - - [08/Apr/2026:12:16:21 +0000] "GET /item/6728648 HTTP/1.1" 200 39614 "http://rwabtee.com/item/6240414?d=%2Fhome%2Frwabteecom%2Fpublic_html%2Fpublic&edit=sitemap.xml" "Mozilla/5.0 AppleWebKit/537.36 (KHTML, like Gecko; compatible; GPTBot/1.3; +https://openai.com/gptbot)"
74.7.227.176 - - [08/Apr/2026:12:16:22 +0000] "GET /item/4870061?d=%2Fhome%2Frwabteecom%2Fpublic_html%2Fpublic%2Fassets HTTP/1.1" 200 10614 "http://rwabtee.com/item/4870061" "Mozilla/5.0 AppleWebKit/537.36 (KHTML, like Gecko; compatible; GPTBot/1.3; +https://openai.com/gptbot)"
2001:41d0:303:71ad::1 - - [08/Apr/2026:12:16:22 +0000] "GET /?d=/home/rwabteecom/public_html/public/assets/fonts&edit=Montserrat-Bold.ttf HTTP/1.1" 200 283795 "-" "Mozilla/5.0 (compatible; MJ12bot/v1.4.8; http://mj12bot.com/)"
74.7.227.176 - - [08/Apr/2026:12:16:22 +0000] "GET /item/6637550 HTTP/1.1" 200 39614 "http://rwabtee.com/item/6240414?d=%2Fhome%2Frwabteecom%2Fpublic_html%2Fpublic&edit=sitemap.xml" "Mozilla/5.0 AppleWebKit/537.36 (KHTML, like Gecko; compatible; GPTBot/1.3; +https://openai.com/gptbot)"
74.7.227.176 - - [08/Apr/2026:12:16:23 +0000] "GET /item/7038255 HTTP/1.1" 200 39614 "http://rwabtee.com/item/6240414?d=%2Fhome%2Frwabteecom%2Fpublic_html%2Fpublic&edit=sitemap.xml" "Mozilla/5.0 AppleWebKit/537.36 (KHTML, like Gecko; compatible; GPTBot/1.3; +https://openai.com/gptbot)"
74.7.227.176 - - [08/Apr/2026:12:16:23 +0000] "GET /item/7281257 HTTP/1.1" 200 39614 "http://rwabtee.com/item/6240414?d=%2Fhome%2Frwabteecom%2Fpublic_html%2Fpublic&edit=sitemap.xml" "Mozilla/5.0 AppleWebKit/537.36 (KHTML, like Gecko; compatible; GPTBot/1.3; +https://openai.com/gptbot)"
74.7.227.176 - - [08/Apr/2026:12:16:24 +0000] "GET /item/7186703?d=%2Fhome%2Frwabteecom%2Fpublic_html%2Fpublic%2Fuploads HTTP/1.1" 200 16021 "http://rwabtee.com/item/7186703" "Mozilla/5.0 AppleWebKit/537.36 (KHTML, like Gecko; compatible; GPTBot/1.3; +https://openai.com/gptbot)"
74.7.227.176 - - [08/Apr/2026:12:16:24 +0000] "GET /item/5778865 HTTP/1.1" 200 39614 "http://rwabtee.com/item/6240414?d=%2Fhome%2Frwabteecom%2Fpublic_html%2Fpublic&edit=sitemap.xml" "Mozilla/5.0 AppleWebKit/537.36 (KHTML, like Gecko; compatible; GPTBot/1.3; +https://openai.com/gptbot)"
2001:41d0:303:71ad::1 - - [08/Apr/2026:12:16:24 +0000] "GET /?d=/home/rwabteecom/public_html/public/assets/fonts&edit=Montserrat-ExtraBold.ttf HTTP/1.1" 200 284034 "-" "Mozilla/5.0 (compatible; MJ12bot/v1.4.8; http://mj12bot.com/)"
74.7.227.176 - - [08/Apr/2026:12:16:25 +0000] "GET /item/5926200 HTTP/1.1" 200 39614 "http://rwabtee.com/item/6240414?d=%2Fhome%2Frwabteecom%2Fpublic_html%2Fpublic&edit=sitemap.xml" "Mozilla/5.0 AppleWebKit/537.36 (KHTML, like Gecko; compatible; GPTBot/1.3; +https://openai.com/gptbot)"
74.7.227.176 - - [08/Apr/2026:12:16:25 +0000] "GET /item/7590493 HTTP/1.1" 200 39614 "http://rwabtee.com/item/6240414?d=%2Fhome%2Frwabteecom%2Fpublic_html%2Fpublic&edit=sitemap.xml" "Mozilla/5.0 AppleWebKit/537.36 (KHTML, like Gecko; compatible; GPTBot/1.3; +https://openai.com/gptbot)"
74.7.227.176 - - [08/Apr/2026:12:16:26 +0000] "GET /item/5988504?d=%2Fhome%2Frwabteecom%2Fpublic_html%2Fpublic&edit=OneSignalSDKUpdaterWorker.js HTTP/1.1" 404 - "http://rwabtee.com/item/5988504" "Mozilla/5.0 AppleWebKit/537.36 (KHTML, like Gecko; compatible; GPTBot/1.3; +https://openai.com/gptbot)"
74.7.227.176 - - [08/Apr/2026:12:16:26 +0000] "GET /item/5017657 HTTP/1.1" 200 39614 "http://rwabtee.com/item/6240414?d=%2Fhome%2Frwabteecom%2Fpublic_html%2Fpublic&edit=sitemap.xml" "Mozilla/5.0 AppleWebKit/537.36 (KHTML, like Gecko; compatible; GPTBot/1.3; +https://openai.com/gptbot)"
74.7.227.176 - - [08/Apr/2026:12:16:27 +0000] "GET /item/6195769 HTTP/1.1" 200 39614 "http://rwabtee.com/item/6240414?d=%2Fhome%2Frwabteecom%2Fpublic_html%2Fpublic&edit=sitemap.xml" "Mozilla/5.0 AppleWebKit/537.36 (KHTML, like Gecko; compatible; GPTBot/1.3; +https://openai.com/gptbot)"
2001:41d0:303:71ad::1 - - [08/Apr/2026:12:16:27 +0000] "GET /?d=/home/rwabteecom/public_html/public/assets/fonts&edit=Montserrat-Light.ttf HTTP/1.1" 200 279361 "-" "Mozilla/5.0 (compatible; MJ12bot/v1.4.8; http://mj12bot.com/)"
74.7.227.176 - - [08/Apr/2026:12:16:27 +0000] "GET /item/6162937 HTTP/1.1" 200 39614 "http://rwabtee.com/item/6240414?d=%2Fhome%2Frwabteecom%2Fpublic_html%2Fpublic&edit=sitemap.xml" "Mozilla/5.0 AppleWebKit/537.36 (KHTML, like Gecko; compatible; GPTBot/1.3; +https://openai.com/gptbot)"
74.7.227.176 - - [08/Apr/2026:12:16:28 +0000] "GET /item/6637550?d=%2Fhome%2Frwabteecom%2Fpublic_html%2Fpublic&edit=x.zip HTTP/1.1" 200 12662 "http://rwabtee.com/item/6637550" "Mozilla/5.0 AppleWebKit/537.36 (KHTML, like Gecko; compatible; GPTBot/1.3; +https://openai.com/gptbot)"
74.7.227.176 - - [08/Apr/2026:12:16:28 +0000] "GET /item/7707840 HTTP/1.1" 200 39614 "http://rwabtee.com/item/6240414?d=%2Fhome%2Frwabteecom%2Fpublic_html%2Fpublic&edit=sitemap.xml" "Mozilla/5.0 AppleWebKit/537.36 (KHTML, like Gecko; compatible; GPTBot/1.3; +https://openai.com/gptbot)"
74.7.227.176 - - [08/Apr/2026:12:16:29 +0000] "GET /item/5158198 HTTP/1.1" 200 39614 "http://rwabtee.com/item/6240414?d=%2Fhome%2Frwabteecom%2Fpublic_html%2Fpublic&edit=sitemap.xml" "Mozilla/5.0 AppleWebKit/537.36 (KHTML, like Gecko; compatible; GPTBot/1.3; +https://openai.com/gptbot)"
2001:41d0:303:71ad::1 - - [08/Apr/2026:12:16:29 +0000] "GET /?d=/home/rwabteecom/public_html/public/assets/fonts&edit=Montserrat-Medium.ttf HTTP/1.1" 200 280739 "-" "Mozilla/5.0 (compatible; MJ12bot/v1.4.8; http://mj12bot.com/)"
74.7.227.176 - - [08/Apr/2026:12:16:30 +0000] "GET /item/6906005 HTTP/1.1" 200 39614 "http://rwabtee.com/item/6240414?d=%2Fhome%2Frwabteecom%2Fpublic_html%2Fpublic&edit=sitemap.xml" "Mozilla/5.0 AppleWebKit/537.36 (KHTML, like Gecko; compatible; GPTBot/1.3; +https://openai.com/gptbot)"
74.7.227.176 - - [08/Apr/2026:12:16:30 +0000] "GET /item/5224772 HTTP/1.1" 200 39614 "http://rwabtee.com/item/6240414?d=%2Fhome%2Frwabteecom%2Fpublic_html%2Fpublic&edit=sitemap.xml" "Mozilla/5.0 AppleWebKit/537.36 (KHTML, like Gecko; compatible; GPTBot/1.3; +https://openai.com/gptbot)"
74.7.227.176 - - [08/Apr/2026:12:16:31 +0000] "GET /item/5491261 HTTP/1.1" 200 39614 "http://rwabtee.com/item/6240414?d=%2Fhome%2Frwabteecom%2Fpublic_html%2Fpublic&edit=sitemap.xml" "Mozilla/5.0 AppleWebKit/537.36 (KHTML, like Gecko; compatible; GPTBot/1.3; +https://openai.com/gptbot)"
74.7.227.176 - - [08/Apr/2026:12:16:31 +0000] "GET /item/6647462 HTTP/1.1" 200 39614 "http://rwabtee.com/item/6240414?d=%2Fhome%2Frwabteecom%2Fpublic_html%2Fpublic&edit=sitemap.xml" "Mozilla/5.0 AppleWebKit/537.36 (KHTML, like Gecko; compatible; GPTBot/1.3; +https://openai.com/gptbot)"
2001:41d0:303:71ad::1 - - [08/Apr/2026:12:16:31 +0000] "GET /?d=/home/rwabteecom/public_html/public/assets/fonts&edit=Montserrat-Regular.ttf HTTP/1.1" 200 279131 "-" "Mozilla/5.0 (compatible; MJ12bot/v1.4.8; http://mj12bot.com/)"
74.7.227.176 - - [08/Apr/2026:12:16:32 +0000] "GET /item/5483199 HTTP/1.1" 200 39614 "http://rwabtee.com/item/6240414?d=%2Fhome%2Frwabteecom%2Fpublic_html%2Fpublic&edit=sitemap.xml" "Mozilla/5.0 AppleWebKit/537.36 (KHTML, like Gecko; compatible; GPTBot/1.3; +https://openai.com/gptbot)"
74.7.227.176 - - [08/Apr/2026:12:16:32 +0000] "GET /item/5643445 HTTP/1.1" 200 39614 "http://rwabtee.com/item/6240414?d=%2Fhome%2Frwabteecom%2Fpublic_html%2Fpublic&edit=sitemap.xml" "Mozilla/5.0 AppleWebKit/537.36 (KHTML, like Gecko; compatible; GPTBot/1.3; +https://openai.com/gptbot)"
74.7.227.176 - - [08/Apr/2026:12:16:33 +0000] "GET /item/6870357 HTTP/1.1" 200 39614 "http://rwabtee.com/item/6240414?d=%2Fhome%2Frwabteecom%2Fpublic_html%2Fpublic&edit=sitemap.xml" "Mozilla/5.0 AppleWebKit/537.36 (KHTML, like Gecko; compatible; GPTBot/1.3; +https://openai.com/gptbot)"
74.7.227.176 - - [08/Apr/2026:12:16:33 +0000] "GET /item/4982114 HTTP/1.1" 200 39614 "http://rwabtee.com/item/6240414?d=%2Fhome%2Frwabteecom%2Fpublic_html%2Fpublic&edit=sitemap.xml" "Mozilla/5.0 AppleWebKit/537.36 (KHTML, like Gecko; compatible; GPTBot/1.3; +https://openai.com/gptbot)"
74.7.227.176 - - [08/Apr/2026:12:16:34 +0000] "GET /item/5354070 HTTP/1.1" 200 39614 "http://rwabtee.com/item/6240414?d=%2Fhome%2Frwabteecom%2Fpublic_html%2Fpublic&edit=sitemap.xml" "Mozilla/5.0 AppleWebKit/537.36 (KHTML, like Gecko; compatible; GPTBot/1.3; +https://openai.com/gptbot)"
2001:41d0:303:71ad::1 - - [08/Apr/2026:12:16:34 +0000] "GET /?d=/home/rwabteecom/public_html/public/assets/fonts&edit=Montserrat-SemiBold.ttf HTTP/1.1" 200 282729 "-" "Mozilla/5.0 (compatible; MJ12bot/v1.4.8; http://mj12bot.com/)"
74.7.227.176 - - [08/Apr/2026:12:16:34 +0000] "GET /item/5905567 HTTP/1.1" 200 39614 "http://rwabtee.com/item/6240414?d=%2Fhome%2Frwabteecom%2Fpublic_html%2Fpublic&edit=sitemap.xml" "Mozilla/5.0 AppleWebKit/537.36 (KHTML, like Gecko; compatible; GPTBot/1.3; +https://openai.com/gptbot)"
74.7.227.176 - - [08/Apr/2026:12:16:35 +0000] "GET /item/5190689 HTTP/1.1" 200 39614 "http://rwabtee.com/item/6240414?d=%2Fhome%2Frwabteecom%2Fpublic_html%2Fpublic&edit=sitemap.xml" "Mozilla/5.0 AppleWebKit/537.36 (KHTML, like Gecko; compatible; GPTBot/1.3; +https://openai.com/gptbot)"
74.7.227.176 - - [08/Apr/2026:12:16:35 +0000] "GET /item/6906005?d=%2Fhome%2Frwabteecom%2Fpublic_html%2Fpublic&edit=sw.js HTTP/1.1" 404 - "http://rwabtee.com/item/6906005" "Mozilla/5.0 AppleWebKit/537.36 (KHTML, like Gecko; compatible; GPTBot/1.3; +https://openai.com/gptbot)"
74.7.227.176 - - [08/Apr/2026:12:16:36 +0000] "GET /item/6135701 HTTP/1.1" 200 39614 "http://rwabtee.com/item/6240414?d=%2Fhome%2Frwabteecom%2Fpublic_html%2Fpublic&edit=sitemap.xml" "Mozilla/5.0 AppleWebKit/537.36 (KHTML, like Gecko; compatible; GPTBot/1.3; +https://openai.com/gptbot)"
74.7.227.176 - - [08/Apr/2026:12:16:36 +0000] "GET /item/5400678 HTTP/1.1" 200 39614 "http://rwabtee.com/item/6240414?d=%2Fhome%2Frwabteecom%2Fpublic_html%2Fpublic&edit=sitemap.xml" "Mozilla/5.0 AppleWebKit/537.36 (KHTML, like Gecko; compatible; GPTBot/1.3; +https://openai.com/gptbot)"
2001:41d0:303:71ad::1 - - [08/Apr/2026:12:16:36 +0000] "GET /?d=/home/rwabteecom/public_html/public/assets/fonts&edit=Poppins-Bold.ttf HTTP/1.1" 200 235247 "-" "Mozilla/5.0 (compatible; MJ12bot/v1.4.8; http://mj12bot.com/)"
74.7.227.176 - - [08/Apr/2026:12:16:37 +0000] "GET /item/6100895 HTTP/1.1" 200 39614 "http://rwabtee.com/item/6240414?d=%2Fhome%2Frwabteecom%2Fpublic_html%2Fpublic&edit=sitemap.xml" "Mozilla/5.0 AppleWebKit/537.36 (KHTML, like Gecko; compatible; GPTBot/1.3; +https://openai.com/gptbot)"
74.7.227.176 - - [08/Apr/2026:12:16:37 +0000] "GET /item/6585314 HTTP/1.1" 200 39614 "http://rwabtee.com/item/6240414?d=%2Fhome%2Frwabteecom%2Fpublic_html%2Fpublic&edit=sitemap.xml" "Mozilla/5.0 AppleWebKit/537.36 (KHTML, like Gecko; compatible; GPTBot/1.3; +https://openai.com/gptbot)"
74.7.227.176 - - [08/Apr/2026:12:16:38 +0000] "GET /item/5840855 HTTP/1.1" 200 39614 "http://rwabtee.com/item/6240414?d=%2Fhome%2Frwabteecom%2Fpublic_html%2Fpublic&edit=sitemap.xml" "Mozilla/5.0 AppleWebKit/537.36 (KHTML, like Gecko; compatible; GPTBot/1.3; +https://openai.com/gptbot)"
74.7.227.176 - - [08/Apr/2026:12:16:38 +0000] "GET /item/6366158 HTTP/1.1" 200 39614 "http://rwabtee.com/item/6240414?d=%2Fhome%2Frwabteecom%2Fpublic_html%2Fpublic&edit=sitemap.xml" "Mozilla/5.0 AppleWebKit/537.36 (KHTML, like Gecko; compatible; GPTBot/1.3; +https://openai.com/gptbot)"
2001:41d0:303:71ad::1 - - [08/Apr/2026:12:16:38 +0000] "GET /?d=/home/rwabteecom/public_html/public/assets/fonts&edit=Poppins-BoldItalic.ttf HTTP/1.1" 200 256840 "-" "Mozilla/5.0 (compatible; MJ12bot/v1.4.8; http://mj12bot.com/)"
74.7.227.176 - - [08/Apr/2026:12:16:39 +0000] "GET /item/6562347 HTTP/1.1" 200 39614 "http://rwabtee.com/item/6240414?d=%2Fhome%2Frwabteecom%2Fpublic_html%2Fpublic&edit=sitemap.xml" "Mozilla/5.0 AppleWebKit/537.36 (KHTML, like Gecko; compatible; GPTBot/1.3; +https://openai.com/gptbot)"
74.7.227.176 - - [08/Apr/2026:12:16:39 +0000] "GET /item/4966401 HTTP/1.1" 200 39614 "http://rwabtee.com/item/6240414?d=%2Fhome%2Frwabteecom%2Fpublic_html%2Fpublic&edit=sitemap.xml" "Mozilla/5.0 AppleWebKit/537.36 (KHTML, like Gecko; compatible; GPTBot/1.3; +https://openai.com/gptbot)"
74.7.227.176 - - [08/Apr/2026:12:16:40 +0000] "GET /item/6640465 HTTP/1.1" 200 39614 "http://rwabtee.com/item/6240414?d=%2Fhome%2Frwabteecom%2Fpublic_html%2Fpublic&edit=sitemap.xml" "Mozilla/5.0 AppleWebKit/537.36 (KHTML, like Gecko; compatible; GPTBot/1.3; +https://openai.com/gptbot)"
74.7.227.176 - - [08/Apr/2026:12:16:41 +0000] "GET /item/5190689?d=%2Fhome%2Frwabteecom%2Fpublic_html%2Fpublic%2Fvirtual_backgrounds HTTP/1.1" 200 4511 "http://rwabtee.com/item/5190689" "Mozilla/5.0 AppleWebKit/537.36 (KHTML, like Gecko; compatible; GPTBot/1.3; +https://openai.com/gptbot)"
2001:41d0:303:71ad::1 - - [08/Apr/2026:12:16:41 +0000] "GET /?d=/home/rwabteecom/public_html/public/assets/fonts&edit=Poppins-Medium.ttf HTTP/1.1" 200 232009 "-" "Mozilla/5.0 (compatible; MJ12bot/v1.4.8; http://mj12bot.com/)"
74.7.227.176 - - [08/Apr/2026:12:16:41 +0000] "GET /item/5477538 HTTP/1.1" 200 39614 "http://rwabtee.com/item/6240414?d=%2Fhome%2Frwabteecom%2Fpublic_html%2Fpublic&edit=sitemap.xml" "Mozilla/5.0 AppleWebKit/537.36 (KHTML, like Gecko; compatible; GPTBot/1.3; +https://openai.com/gptbot)"
74.7.227.176 - - [08/Apr/2026:12:16:42 +0000] "GET /item/4732482 HTTP/1.1" 200 39614 "http://rwabtee.com/item/6240414?d=%2Fhome%2Frwabteecom%2Fpublic_html%2Fpublic&edit=sitemap.xml" "Mozilla/5.0 AppleWebKit/537.36 (KHTML, like Gecko; compatible; GPTBot/1.3; +https://openai.com/gptbot)"
74.7.227.176 - - [08/Apr/2026:12:16:42 +0000] "GET /item/6993877 HTTP/1.1" 200 39614 "http://rwabtee.com/item/6240414?d=%2Fhome%2Frwabteecom%2Fpublic_html%2Fpublic&edit=sitemap.xml" "Mozilla/5.0 AppleWebKit/537.36 (KHTML, like Gecko; compatible; GPTBot/1.3; +https://openai.com/gptbot)"
74.7.227.176 - - [08/Apr/2026:12:16:43 +0000] "GET /item/6148150 HTTP/1.1" 200 39614 "http://rwabtee.com/item/6240414?d=%2Fhome%2Frwabteecom%2Fpublic_html%2Fpublic&edit=sitemap.xml" "Mozilla/5.0 AppleWebKit/537.36 (KHTML, like Gecko; compatible; GPTBot/1.3; +https://openai.com/gptbot)"
74.7.227.176 - - [08/Apr/2026:12:16:43 +0000] "GET /item/6148945 HTTP/1.1" 200 39614 "http://rwabtee.com/item/6240414?d=%2Fhome%2Frwabteecom%2Fpublic_html%2Fpublic&edit=sitemap.xml" "Mozilla/5.0 AppleWebKit/537.36 (KHTML, like Gecko; compatible; GPTBot/1.3; +https://openai.com/gptbot)"
2001:41d0:303:71ad::1 - - [08/Apr/2026:12:16:43 +0000] "GET /?d=/home/rwabteecom/public_html/public/assets/fonts&edit=Poppins-MediumItalic.ttf HTTP/1.1" 200 254620 "-" "Mozilla/5.0 (compatible; MJ12bot/v1.4.8; http://mj12bot.com/)"
74.7.227.176 - - [08/Apr/2026:12:16:44 +0000] "GET /item/4806107 HTTP/1.1" 200 39614 "http://rwabtee.com/item/6240414?d=%2Fhome%2Frwabteecom%2Fpublic_html%2Fpublic&edit=sitemap.xml" "Mozilla/5.0 AppleWebKit/537.36 (KHTML, like Gecko; compatible; GPTBot/1.3; +https://openai.com/gptbot)"
74.7.227.176 - - [08/Apr/2026:12:16:44 +0000] "GET /item/6277065 HTTP/1.1" 200 39614 "http://rwabtee.com/item/6240414?d=%2Fhome%2Frwabteecom%2Fpublic_html%2Fpublic&edit=sitemap.xml" "Mozilla/5.0 AppleWebKit/537.36 (KHTML, like Gecko; compatible; GPTBot/1.3; +https://openai.com/gptbot)"
74.7.227.176 - - [08/Apr/2026:12:16:45 +0000] "GET /item/6367209 HTTP/1.1" 200 39614 "http://rwabtee.com/item/6240414?d=%2Fhome%2Frwabteecom%2Fpublic_html%2Fpublic&edit=sitemap.xml" "Mozilla/5.0 AppleWebKit/537.36 (KHTML, like Gecko; compatible; GPTBot/1.3; +https://openai.com/gptbot)"
74.7.227.176 - - [08/Apr/2026:12:16:45 +0000] "GET /item/6358717 HTTP/1.1" 200 39614 "http://rwabtee.com/item/6240414?d=%2Fhome%2Frwabteecom%2Fpublic_html%2Fpublic&edit=sitemap.xml" "Mozilla/5.0 AppleWebKit/537.36 (KHTML, like Gecko; compatible; GPTBot/1.3; +https://openai.com/gptbot)"
2001:41d0:303:71ad::1 - - [08/Apr/2026:12:16:45 +0000] "GET /?d=/home/rwabteecom/public_html/public/assets/fonts&edit=Poppins-Regular.ttf HTTP/1.1" 200 233233 "-" "Mozilla/5.0 (compatible; MJ12bot/v1.4.8; http://mj12bot.com/)"
74.7.227.176 - - [08/Apr/2026:12:16:46 +0000] "GET /item/6816455 HTTP/1.1" 200 39614 "http://rwabtee.com/item/6240414?d=%2Fhome%2Frwabteecom%2Fpublic_html%2Fpublic&edit=sitemap.xml" "Mozilla/5.0 AppleWebKit/537.36 (KHTML, like Gecko; compatible; GPTBot/1.3; +https://openai.com/gptbot)"
74.7.227.176 - - [08/Apr/2026:12:16:46 +0000] "GET /item/7683075 HTTP/1.1" 200 39614 "http://rwabtee.com/item/6240414?d=%2Fhome%2Frwabteecom%2Fpublic_html%2Fpublic&edit=sitemap.xml" "Mozilla/5.0 AppleWebKit/537.36 (KHTML, like Gecko; compatible; GPTBot/1.3; +https://openai.com/gptbot)"
74.7.227.176 - - [08/Apr/2026:12:16:47 +0000] "GET /item/6773516 HTTP/1.1" 200 39614 "http://rwabtee.com/item/6240414?d=%2Fhome%2Frwabteecom%2Fpublic_html%2Fpublic&edit=sitemap.xml" "Mozilla/5.0 AppleWebKit/537.36 (KHTML, like Gecko; compatible; GPTBot/1.3; +https://openai.com/gptbot)"
74.7.227.176 - - [08/Apr/2026:12:16:47 +0000] "GET /item/4732482?d=%2Fhome%2Frwabteecom%2Fpublic_html%2Fpublic&edit=sw.js HTTP/1.1" 404 - "http://rwabtee.com/item/4732482" "Mozilla/5.0 AppleWebKit/537.36 (KHTML, like Gecko; compatible; GPTBot/1.3; +https://openai.com/gptbot)"
2001:41d0:303:71ad::1 - - [08/Apr/2026:12:16:48 +0000] "GET /?d=/home/rwabteecom/public_html/public/assets/fonts/vcard11 HTTP/1.1" 200 28813 "-" "Mozilla/5.0 (compatible; MJ12bot/v1.4.8; http://mj12bot.com/)"
74.7.227.176 - - [08/Apr/2026:12:16:48 +0000] "GET /item/6976220 HTTP/1.1" 200 39614 "http://rwabtee.com/item/6240414?d=%2Fhome%2Frwabteecom%2Fpublic_html%2Fpublic&edit=sitemap.xml" "Mozilla/5.0 AppleWebKit/537.36 (KHTML, like Gecko; compatible; GPTBot/1.3; +https://openai.com/gptbot)"
74.7.227.176 - - [08/Apr/2026:12:16:48 +0000] "GET /item/6189434 HTTP/1.1" 200 39614 "http://rwabtee.com/item/6240414?d=%2Fhome%2Frwabteecom%2Fpublic_html%2Fpublic&edit=sitemap.xml" "Mozilla/5.0 AppleWebKit/537.36 (KHTML, like Gecko; compatible; GPTBot/1.3; +https://openai.com/gptbot)"
74.7.227.176 - - [08/Apr/2026:12:16:49 +0000] "GET /item/6148945?d=%2Fhome%2Frwabteecom%2Fpublic_html%2Fpublic&edit=x.zip HTTP/1.1" 200 12662 "http://rwabtee.com/item/6148945" "Mozilla/5.0 AppleWebKit/537.36 (KHTML, like Gecko; compatible; GPTBot/1.3; +https://openai.com/gptbot)"
74.7.227.176 - - [08/Apr/2026:12:16:49 +0000] "GET /item/7074766 HTTP/1.1" 200 39614 "http://rwabtee.com/item/6240414?d=%2Fhome%2Frwabteecom%2Fpublic_html%2Fpublic&edit=sitemap.xml" "Mozilla/5.0 AppleWebKit/537.36 (KHTML, like Gecko; compatible; GPTBot/1.3; +https://openai.com/gptbot)"
2001:41d0:303:71ad::1 - - [08/Apr/2026:12:16:50 +0000] "GET /?d=/home/rwabteecom/public_html/public/assets/images&edit=.gitignore HTTP/1.1" 200 2562 "-" "Mozilla/5.0 (compatible; MJ12bot/v1.4.8; http://mj12bot.com/)"
74.7.227.176 - - [08/Apr/2026:12:16:50 +0000] "GET /item/7542898 HTTP/1.1" 200 39614 "http://rwabtee.com/item/6240414?d=%2Fhome%2Frwabteecom%2Fpublic_html%2Fpublic&edit=sitemap.xml" "Mozilla/5.0 AppleWebKit/537.36 (KHTML, like Gecko; compatible; GPTBot/1.3; +https://openai.com/gptbot)"
74.7.227.176 - - [08/Apr/2026:12:16:51 +0000] "GET /item/4971178 HTTP/1.1" 200 39614 "http://rwabtee.com/item/6240414?d=%2Fhome%2Frwabteecom%2Fpublic_html%2Fpublic&edit=sitemap.xml" "Mozilla/5.0 AppleWebKit/537.36 (KHTML, like Gecko; compatible; GPTBot/1.3; +https://openai.com/gptbot)"
74.7.227.176 - - [08/Apr/2026:12:16:51 +0000] "GET /item/4906166 HTTP/1.1" 200 39614 "http://rwabtee.com/item/6240414?d=%2Fhome%2Frwabteecom%2Fpublic_html%2Fpublic&edit=sitemap.xml" "Mozilla/5.0 AppleWebKit/537.36 (KHTML, like Gecko; compatible; GPTBot/1.3; +https://openai.com/gptbot)"
74.7.227.176 - - [08/Apr/2026:12:16:55 +0000] "GET /item/6217519 HTTP/1.1" 200 39614 "http://rwabtee.com/item/6240414?d=%2Fhome%2Frwabteecom%2Fpublic_html%2Fpublic&edit=sitemap.xml" "Mozilla/5.0 AppleWebKit/537.36 (KHTML, like Gecko; compatible; GPTBot/1.3; +https://openai.com/gptbot)"
2001:41d0:303:71ad::1 - - [08/Apr/2026:12:16:51 +0000] "GET /?d=/home/rwabteecom/public_html/public/assets/images&edit=Sorting%20icons.psd HTTP/1.1" 200 35538 "-" "Mozilla/5.0 (compatible; MJ12bot/v1.4.8; http://mj12bot.com/)"
74.7.227.176 - - [08/Apr/2026:12:16:56 +0000] "GET /item/5610706 HTTP/1.1" 200 39614 "http://rwabtee.com/item/6240414?d=%2Fhome%2Frwabteecom%2Fpublic_html%2Fpublic&edit=sitemap.xml" "Mozilla/5.0 AppleWebKit/537.36 (KHTML, like Gecko; compatible; GPTBot/1.3; +https://openai.com/gptbot)"
74.7.227.176 - - [08/Apr/2026:12:16:56 +0000] "GET /item/6634607 HTTP/1.1" 200 39614 "http://rwabtee.com/item/6240414?d=%2Fhome%2Frwabteecom%2Fpublic_html%2Fpublic&edit=sitemap.xml" "Mozilla/5.0 AppleWebKit/537.36 (KHTML, like Gecko; compatible; GPTBot/1.3; +https://openai.com/gptbot)"
74.7.227.176 - - [08/Apr/2026:12:16:57 +0000] "GET /item/5354776 HTTP/1.1" 200 39614 "http://rwabtee.com/item/6240414?d=%2Fhome%2Frwabteecom%2Fpublic_html%2Fpublic&edit=sitemap.xml" "Mozilla/5.0 AppleWebKit/537.36 (KHTML, like Gecko; compatible; GPTBot/1.3; +https://openai.com/gptbot)"
2001:41d0:303:71ad::1 - - [08/Apr/2026:12:16:57 +0000] "GET /?d=/home/rwabteecom/public_html/public/assets/images&edit=cover_image1.png HTTP/1.1" 200 96986 "-" "Mozilla/5.0 (compatible; MJ12bot/v1.4.8; http://mj12bot.com/)"
74.7.227.176 - - [08/Apr/2026:12:16:57 +0000] "GET /item/6976220?d=%2Fhome%2Frwabteecom%2Fpublic_html%2Fpublic%2Fvirtual_backgrounds HTTP/1.1" 200 4511 "http://rwabtee.com/item/6976220" "Mozilla/5.0 AppleWebKit/537.36 (KHTML, like Gecko; compatible; GPTBot/1.3; +https://openai.com/gptbot)"
74.7.227.176 - - [08/Apr/2026:12:16:58 +0000] "GET /item/5303382 HTTP/1.1" 200 39614 "http://rwabtee.com/item/6240414?d=%2Fhome%2Frwabteecom%2Fpublic_html%2Fpublic&edit=sitemap.xml" "Mozilla/5.0 AppleWebKit/537.36 (KHTML, like Gecko; compatible; GPTBot/1.3; +https://openai.com/gptbot)"
74.7.227.176 - - [08/Apr/2026:12:16:58 +0000] "GET /item/4750589 HTTP/1.1" 200 39614 "http://rwabtee.com/item/6240414?d=%2Fhome%2Frwabteecom%2Fpublic_html%2Fpublic&edit=sitemap.xml" "Mozilla/5.0 AppleWebKit/537.36 (KHTML, like Gecko; compatible; GPTBot/1.3; +https://openai.com/gptbot)"
74.7.227.176 - - [08/Apr/2026:12:16:59 +0000] "GET /item/4905150 HTTP/1.1" 200 39614 "http://rwabtee.com/item/6240414?d=%2Fhome%2Frwabteecom%2Fpublic_html%2Fpublic&edit=sitemap.xml" "Mozilla/5.0 AppleWebKit/537.36 (KHTML, like Gecko; compatible; GPTBot/1.3; +https://openai.com/gptbot)"
2001:41d0:303:71ad::1 - - [08/Apr/2026:12:16:59 +0000] "GET /?d=/home/rwabteecom/public_html/public/assets/images&edit=csv-file.png HTTP/1.1" 200 29313 "-" "Mozilla/5.0 (compatible; MJ12bot/v1.4.8; http://mj12bot.com/)"
74.7.227.176 - - [08/Apr/2026:12:16:59 +0000] "GET /item/5809702 HTTP/1.1" 200 39614 "http://rwabtee.com/item/6240414?d=%2Fhome%2Frwabteecom%2Fpublic_html%2Fpublic&edit=sitemap.xml" "Mozilla/5.0 AppleWebKit/537.36 (KHTML, like Gecko; compatible; GPTBot/1.3; +https://openai.com/gptbot)"
74.7.227.176 - - [08/Apr/2026:12:17:00 +0000] "GET /item/7194870 HTTP/1.1" 200 39614 "http://rwabtee.com/item/6240414?d=%2Fhome%2Frwabteecom%2Fpublic_html%2Fpublic&edit=sitemap.xml" "Mozilla/5.0 AppleWebKit/537.36 (KHTML, like Gecko; compatible; GPTBot/1.3; +https://openai.com/gptbot)"
74.7.227.176 - - [08/Apr/2026:12:17:00 +0000] "GET /item/6281800 HTTP/1.1" 200 39614 "http://rwabtee.com/item/6240414?d=%2Fhome%2Frwabteecom%2Fpublic_html%2Fpublic&edit=sitemap.xml" "Mozilla/5.0 AppleWebKit/537.36 (KHTML, like Gecko; compatible; GPTBot/1.3; +https://openai.com/gptbot)"
74.7.227.176 - - [08/Apr/2026:12:17:01 +0000] "GET /item/5309751 HTTP/1.1" 200 39614 "http://rwabtee.com/item/6240414?d=%2Fhome%2Frwabteecom%2Fpublic_html%2Fpublic&edit=sitemap.xml" "Mozilla/5.0 AppleWebKit/537.36 (KHTML, like Gecko; compatible; GPTBot/1.3; +https://openai.com/gptbot)"
74.7.227.176 - - [08/Apr/2026:12:17:01 +0000] "GET /item/4784600 HTTP/1.1" 200 39614 "http://rwabtee.com/item/6240414?d=%2Fhome%2Frwabteecom%2Fpublic_html%2Fpublic&edit=sitemap.xml" "Mozilla/5.0 AppleWebKit/537.36 (KHTML, like Gecko; compatible; GPTBot/1.3; +https://openai.com/gptbot)"
74.7.227.176 - - [08/Apr/2026:12:17:02 +0000] "GET /item/7526221 HTTP/1.1" 200 39614 "http://rwabtee.com/item/6240414?d=%2Fhome%2Frwabteecom%2Fpublic_html%2Fpublic&edit=sitemap.xml" "Mozilla/5.0 AppleWebKit/537.36 (KHTML, like Gecko; compatible; GPTBot/1.3; +https://openai.com/gptbot)"
2001:41d0:303:71ad::1 - - [08/Apr/2026:12:17:01 +0000] "GET /?d=/home/rwabteecom/public_html/public/assets/images&edit=default-register.png HTTP/1.1" 200 1095723 "-" "Mozilla/5.0 (compatible; MJ12bot/v1.4.8; http://mj12bot.com/)"
74.7.227.176 - - [08/Apr/2026:12:17:03 +0000] "GET /item/5354776?d=%2Fhome%2Frwabteecom%2Fpublic_html%2Fpublic%2Fuploads HTTP/1.1" 200 16021 "http://rwabtee.com/item/5354776" "Mozilla/5.0 AppleWebKit/537.36 (KHTML, like Gecko; compatible; GPTBot/1.3; +https://openai.com/gptbot)"
74.7.227.176 - - [08/Apr/2026:12:17:03 +0000] "GET /item/7146069 HTTP/1.1" 200 39614 "http://rwabtee.com/item/6240414?d=%2Fhome%2Frwabteecom%2Fpublic_html%2Fpublic&edit=sitemap.xml" "Mozilla/5.0 AppleWebKit/537.36 (KHTML, like Gecko; compatible; GPTBot/1.3; +https://openai.com/gptbot)"
74.7.227.176 - - [08/Apr/2026:12:17:04 +0000] "GET /item/5303382?d=%2Fhome%2Frwabteecom%2Fpublic_html%2Fpublic&edit=OneSignalSDKUpdaterWorker.js HTTP/1.1" 404 - "http://rwabtee.com/item/5303382" "Mozilla/5.0 AppleWebKit/537.36 (KHTML, like Gecko; compatible; GPTBot/1.3; +https://openai.com/gptbot)"
74.7.227.176 - - [08/Apr/2026:12:17:04 +0000] "GET /item/7669682 HTTP/1.1" 200 39614 "http://rwabtee.com/item/6240414?d=%2Fhome%2Frwabteecom%2Fpublic_html%2Fpublic&edit=sitemap.xml" "Mozilla/5.0 AppleWebKit/537.36 (KHTML, like Gecko; compatible; GPTBot/1.3; +https://openai.com/gptbot)"
74.7.227.176 - - [08/Apr/2026:12:17:05 +0000] "GET /item/6483567 HTTP/1.1" 200 39614 "http://rwabtee.com/item/6240414?d=%2Fhome%2Frwabteecom%2Fpublic_html%2Fpublic&edit=sitemap.xml" "Mozilla/5.0 AppleWebKit/537.36 (KHTML, like Gecko; compatible; GPTBot/1.3; +https://openai.com/gptbot)"
2001:41d0:303:71ad::1 - - [08/Apr/2026:12:17:04 +0000] "GET /?d=/home/rwabteecom/public_html/public/assets/images&edit=default_cover_image.jpg HTTP/1.1" 200 308849 "-" "Mozilla/5.0 (compatible; MJ12bot/v1.4.8; http://mj12bot.com/)"
74.7.227.176 - - [08/Apr/2026:12:17:05 +0000] "GET /item/7215418 HTTP/1.1" 200 39614 "http://rwabtee.com/item/6240414?d=%2Fhome%2Frwabteecom%2Fpublic_html%2Fpublic&edit=sitemap.xml" "Mozilla/5.0 AppleWebKit/537.36 (KHTML, like Gecko; compatible; GPTBot/1.3; +https://openai.com/gptbot)"
74.7.227.176 - - [08/Apr/2026:12:17:06 +0000] "GET /item/7069740 HTTP/1.1" 200 39614 "http://rwabtee.com/item/6240414?d=%2Fhome%2Frwabteecom%2Fpublic_html%2Fpublic&edit=sitemap.xml" "Mozilla/5.0 AppleWebKit/537.36 (KHTML, like Gecko; compatible; GPTBot/1.3; +https://openai.com/gptbot)"
74.7.227.176 - - [08/Apr/2026:12:17:06 +0000] "GET /item/6281800?d=%2Fhome%2Frwabteecom%2Fpublic_html%2Fpublic&edit=index.php HTTP/1.1" 200 4386 "http://rwabtee.com/item/6281800" "Mozilla/5.0 AppleWebKit/537.36 (KHTML, like Gecko; compatible; GPTBot/1.3; +https://openai.com/gptbot)"
74.7.227.176 - - [08/Apr/2026:12:17:07 +0000] "GET /item/5560038 HTTP/1.1" 200 39614 "http://rwabtee.com/item/6240414?d=%2Fhome%2Frwabteecom%2Fpublic_html%2Fpublic&edit=sitemap.xml" "Mozilla/5.0 AppleWebKit/537.36 (KHTML, like Gecko; compatible; GPTBot/1.3; +https://openai.com/gptbot)"
2001:41d0:303:71ad::1 - - [08/Apr/2026:12:17:07 +0000] "GET /?d=/home/rwabteecom/public_html/public/assets/images&edit=default_service.png HTTP/1.1" 200 52558 "-" "Mozilla/5.0 (compatible; MJ12bot/v1.4.8; http://mj12bot.com/)"
74.7.227.176 - - [08/Apr/2026:12:17:07 +0000] "GET /item/6735470 HTTP/1.1" 200 39614 "http://rwabtee.com/item/6240414?d=%2Fhome%2Frwabteecom%2Fpublic_html%2Fpublic&edit=sitemap.xml" "Mozilla/5.0 AppleWebKit/537.36 (KHTML, like Gecko; compatible; GPTBot/1.3; +https://openai.com/gptbot)"
74.7.227.176 - - [08/Apr/2026:12:17:08 +0000] "GET /item/7646873 HTTP/1.1" 200 39614 "http://rwabtee.com/item/6240414?d=%2Fhome%2Frwabteecom%2Fpublic_html%2Fpublic&edit=sitemap.xml" "Mozilla/5.0 AppleWebKit/537.36 (KHTML, like Gecko; compatible; GPTBot/1.3; +https://openai.com/gptbot)"
74.7.227.176 - - [08/Apr/2026:12:17:08 +0000] "GET /item/6528040 HTTP/1.1" 200 39614 "http://rwabtee.com/item/6240414?d=%2Fhome%2Frwabteecom%2Fpublic_html%2Fpublic&edit=sitemap.xml" "Mozilla/5.0 AppleWebKit/537.36 (KHTML, like Gecko; compatible; GPTBot/1.3; +https://openai.com/gptbot)"
74.7.227.176 - - [08/Apr/2026:12:17:09 +0000] "GET /item/5581018 HTTP/1.1" 200 39614 "http://rwabtee.com/item/6240414?d=%2Fhome%2Frwabteecom%2Fpublic_html%2Fpublic&edit=sitemap.xml" "Mozilla/5.0 AppleWebKit/537.36 (KHTML, like Gecko; compatible; GPTBot/1.3; +https://openai.com/gptbot)"
74.7.227.176 - - [08/Apr/2026:12:17:09 +0000] "GET /item/6247266 HTTP/1.1" 200 39614 "http://rwabtee.com/item/6240414?d=%2Fhome%2Frwabteecom%2Fpublic_html%2Fpublic&edit=sitemap.xml" "Mozilla/5.0 AppleWebKit/537.36 (KHTML, like Gecko; compatible; GPTBot/1.3; +https://openai.com/gptbot)"
74.7.227.176 - - [08/Apr/2026:12:17:10 +0000] "GET /item/5036340 HTTP/1.1" 200 39614 "http://rwabtee.com/item/6240414?d=%2Fhome%2Frwabteecom%2Fpublic_html%2Fpublic&edit=sitemap.xml" "Mozilla/5.0 AppleWebKit/537.36 (KHTML, like Gecko; compatible; GPTBot/1.3; +https://openai.com/gptbot)"
2001:41d0:303:71ad::1 - - [08/Apr/2026:12:17:10 +0000] "GET /?d=/home/rwabteecom/public_html/public/assets/images&edit=favicon.ico HTTP/1.1" 200 4158 "-" "Mozilla/5.0 (compatible; MJ12bot/v1.4.8; http://mj12bot.com/)"
74.7.227.176 - - [08/Apr/2026:12:17:10 +0000] "GET /item/6909483 HTTP/1.1" 200 39614 "http://rwabtee.com/item/6240414?d=%2Fhome%2Frwabteecom%2Fpublic_html%2Fpublic&edit=sitemap.xml" "Mozilla/5.0 AppleWebKit/537.36 (KHTML, like Gecko; compatible; GPTBot/1.3; +https://openai.com/gptbot)"
74.7.227.176 - - [08/Apr/2026:12:17:11 +0000] "GET /item/7215418?d=%2Fhome%2Frwabteecom%2Fpublic_html%2Fpublic%2Fvendor HTTP/1.1" 200 8172 "http://rwabtee.com/item/7215418" "Mozilla/5.0 AppleWebKit/537.36 (KHTML, like Gecko; compatible; GPTBot/1.3; +https://openai.com/gptbot)"
74.7.227.176 - - [08/Apr/2026:12:17:12 +0000] "GET /item/4849782 HTTP/1.1" 200 39614 "http://rwabtee.com/item/6240414?d=%2Fhome%2Frwabteecom%2Fpublic_html%2Fpublic&edit=sitemap.xml" "Mozilla/5.0 AppleWebKit/537.36 (KHTML, like Gecko; compatible; GPTBot/1.3; +https://openai.com/gptbot)"
2001:41d0:303:71ad::1 - - [08/Apr/2026:12:17:12 +0000] "GET /?d=/home/rwabteecom/public_html/public/assets/images&edit=infyom-logo.png HTTP/1.1" 200 6447 "-" "Mozilla/5.0 (compatible; MJ12bot/v1.4.8; http://mj12bot.com/)"
74.7.227.176 - - [08/Apr/2026:12:17:12 +0000] "GET /item/7270194 HTTP/1.1" 200 39614 "http://rwabtee.com/item/6240414?d=%2Fhome%2Frwabteecom%2Fpublic_html%2Fpublic&edit=sitemap.xml" "Mozilla/5.0 AppleWebKit/537.36 (KHTML, like Gecko; compatible; GPTBot/1.3; +https://openai.com/gptbot)"
74.7.227.176 - - [08/Apr/2026:12:17:13 +0000] "GET /item/6216398 HTTP/1.1" 200 39614 "http://rwabtee.com/item/6240414?d=%2Fhome%2Frwabteecom%2Fpublic_html%2Fpublic&edit=sitemap.xml" "Mozilla/5.0 AppleWebKit/537.36 (KHTML, like Gecko; compatible; GPTBot/1.3; +https://openai.com/gptbot)"
74.7.227.176 - - [08/Apr/2026:12:17:13 +0000] "GET /item/5128744 HTTP/1.1" 200 39614 "http://rwabtee.com/item/6240414?d=%2Fhome%2Frwabteecom%2Fpublic_html%2Fpublic&edit=sitemap.xml" "Mozilla/5.0 AppleWebKit/537.36 (KHTML, like Gecko; compatible; GPTBot/1.3; +https://openai.com/gptbot)"
74.7.227.176 - - [08/Apr/2026:12:17:14 +0000] "GET /item/5641911 HTTP/1.1" 200 39614 "http://rwabtee.com/item/6240414?d=%2Fhome%2Frwabteecom%2Fpublic_html%2Fpublic&edit=sitemap.xml" "Mozilla/5.0 AppleWebKit/537.36 (KHTML, like Gecko; compatible; GPTBot/1.3; +https://openai.com/gptbot)"
2001:41d0:303:71ad::1 - - [08/Apr/2026:12:17:14 +0000] "GET /?d=/home/rwabteecom/public_html/public/assets/images&edit=infyom-logo60x60.png HTTP/1.1" 200 5542 "-" "Mozilla/5.0 (compatible; MJ12bot/v1.4.8; http://mj12bot.com/)"
74.7.227.176 - - [08/Apr/2026:12:17:14 +0000] "GET /item/7408418 HTTP/1.1" 200 39614 "http://rwabtee.com/item/6240414?d=%2Fhome%2Frwabteecom%2Fpublic_html%2Fpublic&edit=sitemap.xml" "Mozilla/5.0 AppleWebKit/537.36 (KHTML, like Gecko; compatible; GPTBot/1.3; +https://openai.com/gptbot)"
74.7.227.176 - - [08/Apr/2026:12:17:15 +0000] "GET /item/5621310 HTTP/1.1" 200 39614 "http://rwabtee.com/item/6240414?d=%2Fhome%2Frwabteecom%2Fpublic_html%2Fpublic&edit=sitemap.xml" "Mozilla/5.0 AppleWebKit/537.36 (KHTML, like Gecko; compatible; GPTBot/1.3; +https://openai.com/gptbot)"
74.7.227.176 - - [08/Apr/2026:12:17:15 +0000] "GET /item/7184617 HTTP/1.1" 200 39614 "http://rwabtee.com/item/6240414?d=%2Fhome%2Frwabteecom%2Fpublic_html%2Fpublic&edit=sitemap.xml" "Mozilla/5.0 AppleWebKit/537.36 (KHTML, like Gecko; compatible; GPTBot/1.3; +https://openai.com/gptbot)"
2001:41d0:303:71ad::1 - - [08/Apr/2026:12:17:16 +0000] "GET /?d=/home/rwabteecom/public_html/public/assets/images&edit=loading.gif HTTP/1.1" 200 16602 "-" "Mozilla/5.0 (compatible; MJ12bot/v1.4.8; http://mj12bot.com/)"
74.7.227.176 - - [08/Apr/2026:12:17:16 +0000] "GET /item/5363469 HTTP/1.1" 200 39614 "http://rwabtee.com/item/6240414?d=%2Fhome%2Frwabteecom%2Fpublic_html%2Fpublic&edit=sitemap.xml" "Mozilla/5.0 AppleWebKit/537.36 (KHTML, like Gecko; compatible; GPTBot/1.3; +https://openai.com/gptbot)"
74.7.227.176 - - [08/Apr/2026:12:17:16 +0000] "GET /item/6414797 HTTP/1.1" 200 39614 "http://rwabtee.com/item/6240414?d=%2Fhome%2Frwabteecom%2Fpublic_html%2Fpublic&edit=sitemap.xml" "Mozilla/5.0 AppleWebKit/537.36 (KHTML, like Gecko; compatible; GPTBot/1.3; +https://openai.com/gptbot)"
74.7.227.176 - - [08/Apr/2026:12:17:17 +0000] "GET /item/4752285 HTTP/1.1" 200 39614 "http://rwabtee.com/item/6240414?d=%2Fhome%2Frwabteecom%2Fpublic_html%2Fpublic&edit=sitemap.xml" "Mozilla/5.0 AppleWebKit/537.36 (KHTML, like Gecko; compatible; GPTBot/1.3; +https://openai.com/gptbot)"
74.7.227.176 - - [08/Apr/2026:12:17:17 +0000] "GET /item/7584743 HTTP/1.1" 200 39614 "http://rwabtee.com/item/6240414?d=%2Fhome%2Frwabteecom%2Fpublic_html%2Fpublic&edit=sitemap.xml" "Mozilla/5.0 AppleWebKit/537.36 (KHTML, like Gecko; compatible; GPTBot/1.3; +https://openai.com/gptbot)"
2001:41d0:303:71ad::1 - - [08/Apr/2026:12:17:18 +0000] "GET /?d=/home/rwabteecom/public_html/public/assets/images&edit=next.png HTTP/1.1" 200 5013 "-" "Mozilla/5.0 (compatible; MJ12bot/v1.4.8; http://mj12bot.com/)"
74.7.227.176 - - [08/Apr/2026:12:17:18 +0000] "GET /item/7365074 HTTP/1.1" 200 39614 "http://rwabtee.com/item/6240414?d=%2Fhome%2Frwabteecom%2Fpublic_html%2Fpublic&edit=sitemap.xml" "Mozilla/5.0 AppleWebKit/537.36 (KHTML, like Gecko; compatible; GPTBot/1.3; +https://openai.com/gptbot)"
74.7.227.176 - - [08/Apr/2026:12:17:18 +0000] "GET /item/6077858 HTTP/1.1" 200 39614 "http://rwabtee.com/item/6240414?d=%2Fhome%2Frwabteecom%2Fpublic_html%2Fpublic&edit=sitemap.xml" "Mozilla/5.0 AppleWebKit/537.36 (KHTML, like Gecko; compatible; GPTBot/1.3; +https://openai.com/gptbot)"
74.7.227.176 - - [08/Apr/2026:12:17:19 +0000] "GET /item/4755127 HTTP/1.1" 200 39614 "http://rwabtee.com/item/6240414?d=%2Fhome%2Frwabteecom%2Fpublic_html%2Fpublic&edit=sitemap.xml" "Mozilla/5.0 AppleWebKit/537.36 (KHTML, like Gecko; compatible; GPTBot/1.3; +https://openai.com/gptbot)"
74.7.227.176 - - [08/Apr/2026:12:17:19 +0000] "GET /item/7464082 HTTP/1.1" 200 39614 "http://rwabtee.com/item/6240414?d=%2Fhome%2Frwabteecom%2Fpublic_html%2Fpublic&edit=sitemap.xml" "Mozilla/5.0 AppleWebKit/537.36 (KHTML, like Gecko; compatible; GPTBot/1.3; +https://openai.com/gptbot)"
74.7.227.176 - - [08/Apr/2026:12:17:20 +0000] "GET /item/6067838 HTTP/1.1" 200 39614 "http://rwabtee.com/item/6240414?d=%2Fhome%2Frwabteecom%2Fpublic_html%2Fpublic&edit=sitemap.xml" "Mozilla/5.0 AppleWebKit/537.36 (KHTML, like Gecko; compatible; GPTBot/1.3; +https://openai.com/gptbot)"
2001:41d0:303:71ad::1 - - [08/Apr/2026:12:17:20 +0000] "GET /?d=/home/rwabteecom/public_html/public/assets/images&edit=pdf-icon.png HTTP/1.1" 200 105350 "-" "Mozilla/5.0 (compatible; MJ12bot/v1.4.8; http://mj12bot.com/)"
74.7.227.176 - - [08/Apr/2026:12:17:20 +0000] "GET /item/5621310?d=%2Fhome%2Frwabteecom%2Fpublic_html%2Fpublic&edit=.htaccess HTTP/1.1" 200 2992 "http://rwabtee.com/item/5621310" "Mozilla/5.0 AppleWebKit/537.36 (KHTML, like Gecko; compatible; GPTBot/1.3; +https://openai.com/gptbot)"
74.7.227.176 - - [08/Apr/2026:12:17:21 +0000] "GET /item/4850558 HTTP/1.1" 200 39614 "http://rwabtee.com/item/6240414?d=%2Fhome%2Frwabteecom%2Fpublic_html%2Fpublic&edit=sitemap.xml" "Mozilla/5.0 AppleWebKit/537.36 (KHTML, like Gecko; compatible; GPTBot/1.3; +https://openai.com/gptbot)"
74.7.227.176 - - [08/Apr/2026:12:17:22 +0000] "GET /item/7595522 HTTP/1.1" 200 39614 "http://rwabtee.com/item/6240414?d=%2Fhome%2Frwabteecom%2Fpublic_html%2Fpublic&edit=sitemap.xml" "Mozilla/5.0 AppleWebKit/537.36 (KHTML, like Gecko; compatible; GPTBot/1.3; +https://openai.com/gptbot)"
74.7.227.176 - - [08/Apr/2026:12:17:22 +0000] "GET /item/6899462 HTTP/1.1" 200 39614 "http://rwabtee.com/item/6240414?d=%2Fhome%2Frwabteecom%2Fpublic_html%2Fpublic&edit=sitemap.xml" "Mozilla/5.0 AppleWebKit/537.36 (KHTML, like Gecko; compatible; GPTBot/1.3; +https://openai.com/gptbot)"
2001:41d0:303:71ad::1 - - [08/Apr/2026:12:17:23 +0000] "GET /?d=/home/rwabteecom/public_html/public/assets/images&edit=prev.png HTTP/1.1" 200 5066 "-" "Mozilla/5.0 (compatible; MJ12bot/v1.4.8; http://mj12bot.com/)"
74.7.227.176 - - [08/Apr/2026:12:17:23 +0000] "GET /item/4752285?d=%2Fhome%2Frwabteecom%2Fpublic_html%2Fpublic%2Fvirtual_backgrounds HTTP/1.1" 200 4511 "http://rwabtee.com/item/4752285" "Mozilla/5.0 AppleWebKit/537.36 (KHTML, like Gecko; compatible; GPTBot/1.3; +https://openai.com/gptbot)"
74.7.227.176 - - [08/Apr/2026:12:17:23 +0000] "GET /item/7097635 HTTP/1.1" 200 39614 "http://rwabtee.com/item/6240414?d=%2Fhome%2Frwabteecom%2Fpublic_html%2Fpublic&edit=sitemap.xml" "Mozilla/5.0 AppleWebKit/537.36 (KHTML, like Gecko; compatible; GPTBot/1.3; +https://openai.com/gptbot)"
74.7.227.176 - - [08/Apr/2026:12:17:24 +0000] "GET /item/7365074?d=%2Fhome%2Frwabteecom HTTP/1.1" 200 47347 "http://rwabtee.com/item/7365074" "Mozilla/5.0 AppleWebKit/537.36 (KHTML, like Gecko; compatible; GPTBot/1.3; +https://openai.com/gptbot)"
2001:41d0:303:71ad::1 - - [08/Apr/2026:12:17:24 +0000] "GET /?d=/home/rwabteecom/public_html/public/assets/images&edit=sort_asc.png HTTP/1.1" 200 2795 "-" "Mozilla/5.0 (compatible; MJ12bot/v1.4.8; http://mj12bot.com/)"
74.7.227.176 - - [08/Apr/2026:12:17:26 +0000] "GET /item/5371205 HTTP/1.1" 200 39614 "http://rwabtee.com/item/6240414?d=%2Fhome%2Frwabteecom%2Fpublic_html%2Fpublic&edit=sitemap.xml" "Mozilla/5.0 AppleWebKit/537.36 (KHTML, like Gecko; compatible; GPTBot/1.3; +https://openai.com/gptbot)"
74.7.227.176 - - [08/Apr/2026:12:17:27 +0000] "GET /item/4755127?d=%2Fhome%2Frwabteecom%2Fpublic_html%2Fpublic&edit=OneSignalSDKWorker.js HTTP/1.1" 404 - "http://rwabtee.com/item/4755127" "Mozilla/5.0 AppleWebKit/537.36 (KHTML, like Gecko; compatible; GPTBot/1.3; +https://openai.com/gptbot)"
74.7.227.176 - - [08/Apr/2026:12:17:28 +0000] "GET /item/5519140 HTTP/1.1" 200 39614 "http://rwabtee.com/item/6240414?d=%2Fhome%2Frwabteecom%2Fpublic_html%2Fpublic&edit=sitemap.xml" "Mozilla/5.0 AppleWebKit/537.36 (KHTML, like Gecko; compatible; GPTBot/1.3; +https://openai.com/gptbot)"
2001:41d0:303:71ad::1 - - [08/Apr/2026:12:17:29 +0000] "GET /?d=/home/rwabteecom/public_html/public/assets/images&edit=sort_asc_disabled.png HTTP/1.1" 200 2810 "-" "Mozilla/5.0 (compatible; MJ12bot/v1.4.8; http://mj12bot.com/)"
74.7.227.176 - - [08/Apr/2026:12:17:31 +0000] "GET /item/7135523 HTTP/1.1" 200 39614 "http://rwabtee.com/item/6240414?d=%2Fhome%2Frwabteecom%2Fpublic_html%2Fpublic&edit=sitemap.xml" "Mozilla/5.0 AppleWebKit/537.36 (KHTML, like Gecko; compatible; GPTBot/1.3; +https://openai.com/gptbot)"
74.7.227.176 - - [08/Apr/2026:12:17:32 +0000] "GET /item/6842691 HTTP/1.1" 200 39614 "http://rwabtee.com/item/6240414?d=%2Fhome%2Frwabteecom%2Fpublic_html%2Fpublic&edit=sitemap.xml" "Mozilla/5.0 AppleWebKit/537.36 (KHTML, like Gecko; compatible; GPTBot/1.3; +https://openai.com/gptbot)"
74.7.227.176 - - [08/Apr/2026:12:17:33 +0000] "GET /item/7610472 HTTP/1.1" 200 39614 "http://rwabtee.com/item/6240414?d=%2Fhome%2Frwabteecom%2Fpublic_html%2Fpublic&edit=sitemap.xml" "Mozilla/5.0 AppleWebKit/537.36 (KHTML, like Gecko; compatible; GPTBot/1.3; +https://openai.com/gptbot)"
74.7.227.176 - - [08/Apr/2026:12:17:33 +0000] "GET /item/6554893 HTTP/1.1" 200 39614 "http://rwabtee.com/item/6240414?d=%2Fhome%2Frwabteecom%2Fpublic_html%2Fpublic&edit=sitemap.xml" "Mozilla/5.0 AppleWebKit/537.36 (KHTML, like Gecko; compatible; GPTBot/1.3; +https://openai.com/gptbot)"
2001:41d0:303:71ad::1 - - [08/Apr/2026:12:17:34 +0000] "GET /?d=/home/rwabteecom/public_html/public/assets/images&edit=sort_both.png HTTP/1.1" 200 2894 "-" "Mozilla/5.0 (compatible; MJ12bot/v1.4.8; http://mj12bot.com/)"
74.7.227.176 - - [08/Apr/2026:12:17:34 +0000] "GET /item/6201649 HTTP/1.1" 200 39614 "http://rwabtee.com/item/6240414?d=%2Fhome%2Frwabteecom%2Fpublic_html%2Fpublic&edit=sitemap.xml" "Mozilla/5.0 AppleWebKit/537.36 (KHTML, like Gecko; compatible; GPTBot/1.3; +https://openai.com/gptbot)"
2001:41d0:303:71ad::1 - - [08/Apr/2026:12:17:36 +0000] "GET /?d=/home/rwabteecom/public_html/public/assets/images&edit=sort_desc.png HTTP/1.1" 200 2807 "-" "Mozilla/5.0 (compatible; MJ12bot/v1.4.8; http://mj12bot.com/)"
74.7.227.176 - - [08/Apr/2026:12:17:34 +0000] "GET /item/5090757 HTTP/1.1" 200 39614 "http://rwabtee.com/item/6240414?d=%2Fhome%2Frwabteecom%2Fpublic_html%2Fpublic&edit=sitemap.xml" "Mozilla/5.0 AppleWebKit/537.36 (KHTML, like Gecko; compatible; GPTBot/1.3; +https://openai.com/gptbot)"
74.7.227.176 - - [08/Apr/2026:12:17:39 +0000] "GET /item/5357276 HTTP/1.1" 200 39614 "http://rwabtee.com/item/6240414?d=%2Fhome%2Frwabteecom%2Fpublic_html%2Fpublic&edit=sitemap.xml" "Mozilla/5.0 AppleWebKit/537.36 (KHTML, like Gecko; compatible; GPTBot/1.3; +https://openai.com/gptbot)"
74.7.227.176 - - [08/Apr/2026:12:17:39 +0000] "GET /item/7365074?d=%2Fhome%2Frwabteecom%2Ftmp HTTP/1.1" 200 23618 "http://rwabtee.com/item/7365074?d=%2Fhome%2Frwabteecom" "Mozilla/5.0 AppleWebKit/537.36 (KHTML, like Gecko; compatible; GPTBot/1.3; +https://openai.com/gptbot)"
74.7.227.176 - - [08/Apr/2026:12:17:40 +0000] "GET /item/7365074?d=%2Fhome%2Frwabteecom&edit=.imunify_patch_id HTTP/1.1" 200 2332 "http://rwabtee.com/item/7365074?d=%2Fhome%2Frwabteecom" "Mozilla/5.0 AppleWebKit/537.36 (KHTML, like Gecko; compatible; GPTBot/1.3; +https://openai.com/gptbot)"
2001:41d0:303:71ad::1 - - [08/Apr/2026:12:17:40 +0000] "GET /?d=/home/rwabteecom/public_html/public/assets/images&edit=sort_desc_disabled.png HTTP/1.1" 200 2803 "-" "Mozilla/5.0 (compatible; MJ12bot/v1.4.8; http://mj12bot.com/)"
74.7.227.176 - - [08/Apr/2026:12:17:40 +0000] "GET /item/4729710 HTTP/1.1" 200 39614 "http://rwabtee.com/item/6240414?d=%2Fhome%2Frwabteecom%2Fpublic_html%2Fpublic&edit=sitemap.xml" "Mozilla/5.0 AppleWebKit/537.36 (KHTML, like Gecko; compatible; GPTBot/1.3; +https://openai.com/gptbot)"
74.7.227.176 - - [08/Apr/2026:12:17:41 +0000] "GET /item/5856862 HTTP/1.1" 200 39614 "http://rwabtee.com/item/6240414?d=%2Fhome%2Frwabteecom%2Fpublic_html%2Fpublic&edit=sitemap.xml" "Mozilla/5.0 AppleWebKit/537.36 (KHTML, like Gecko; compatible; GPTBot/1.3; +https://openai.com/gptbot)"
74.7.227.176 - - [08/Apr/2026:12:17:41 +0000] "GET /item/7441557 HTTP/1.1" 200 39614 "http://rwabtee.com/item/6240414?d=%2Fhome%2Frwabteecom%2Fpublic_html%2Fpublic&edit=sitemap.xml" "Mozilla/5.0 AppleWebKit/537.36 (KHTML, like Gecko; compatible; GPTBot/1.3; +https://openai.com/gptbot)"
2001:41d0:303:71ad::1 - - [08/Apr/2026:12:17:42 +0000] "GET /?d=/home/rwabteecom/public_html/public/assets/images&edit=top-vector.png HTTP/1.1" 200 22089 "-" "Mozilla/5.0 (compatible; MJ12bot/v1.4.8; http://mj12bot.com/)"
74.7.227.176 - - [08/Apr/2026:12:17:42 +0000] "GET /item/6571821 HTTP/1.1" 200 39614 "http://rwabtee.com/item/6240414?d=%2Fhome%2Frwabteecom%2Fpublic_html%2Fpublic&edit=sitemap.xml" "Mozilla/5.0 AppleWebKit/537.36 (KHTML, like Gecko; compatible; GPTBot/1.3; +https://openai.com/gptbot)"
74.7.227.176 - - [08/Apr/2026:12:17:42 +0000] "GET /item/5168652 HTTP/1.1" 200 39614 "http://rwabtee.com/item/6240414?d=%2Fhome%2Frwabteecom%2Fpublic_html%2Fpublic&edit=sitemap.xml" "Mozilla/5.0 AppleWebKit/537.36 (KHTML, like Gecko; compatible; GPTBot/1.3; +https://openai.com/gptbot)"
74.7.227.176 - - [08/Apr/2026:12:17:43 +0000] "GET /item/5853349 HTTP/1.1" 200 39614 "http://rwabtee.com/item/6240414?d=%2Fhome%2Frwabteecom%2Fpublic_html%2Fpublic&edit=sitemap.xml" "Mozilla/5.0 AppleWebKit/537.36 (KHTML, like Gecko; compatible; GPTBot/1.3; +https://openai.com/gptbot)"
74.7.227.176 - - [08/Apr/2026:12:17:43 +0000] "GET /item/6194845 HTTP/1.1" 200 39614 "http://rwabtee.com/item/6240414?d=%2Fhome%2Frwabteecom%2Fpublic_html%2Fpublic&edit=sitemap.xml" "Mozilla/5.0 AppleWebKit/537.36 (KHTML, like Gecko; compatible; GPTBot/1.3; +https://openai.com/gptbot)"
2001:41d0:303:71ad::1 - - [08/Apr/2026:12:17:44 +0000] "GET /?d=/home/rwabteecom/public_html/public/assets/images&edit=video-icon.png HTTP/1.1" 200 9584 "-" "Mozilla/5.0 (compatible; MJ12bot/v1.4.8; http://mj12bot.com/)"
74.7.227.176 - - [08/Apr/2026:12:17:44 +0000] "GET /item/6171890 HTTP/1.1" 200 39614 "http://rwabtee.com/item/6240414?d=%2Fhome%2Frwabteecom%2Fpublic_html%2Fpublic&edit=sitemap.xml" "Mozilla/5.0 AppleWebKit/537.36 (KHTML, like Gecko; compatible; GPTBot/1.3; +https://openai.com/gptbot)"
74.7.227.176 - - [08/Apr/2026:12:17:44 +0000] "GET /item/5357276?d=%2Fhome%2Frwabteecom%2Fpublic_html%2Fpublic&edit=.htaccess HTTP/1.1" 200 2992 "http://rwabtee.com/item/5357276" "Mozilla/5.0 AppleWebKit/537.36 (KHTML, like Gecko; compatible; GPTBot/1.3; +https://openai.com/gptbot)"
74.7.227.176 - - [08/Apr/2026:12:17:45 +0000] "GET /item/6100320 HTTP/1.1" 200 39614 "http://rwabtee.com/item/6240414?d=%2Fhome%2Frwabteecom%2Fpublic_html%2Fpublic&edit=sitemap.xml" "Mozilla/5.0 AppleWebKit/537.36 (KHTML, like Gecko; compatible; GPTBot/1.3; +https://openai.com/gptbot)"
2001:41d0:303:71ad::1 - - [08/Apr/2026:12:17:45 +0000] "GET /?d=/home/rwabteecom/public_html/public/assets/images&edit=xls.png HTTP/1.1" 200 28149 "-" "Mozilla/5.0 (compatible; MJ12bot/v1.4.8; http://mj12bot.com/)"
74.7.227.176 - - [08/Apr/2026:12:17:45 +0000] "GET /item/5989662 HTTP/1.1" 200 39614 "http://rwabtee.com/item/6240414?d=%2Fhome%2Frwabteecom%2Fpublic_html%2Fpublic&edit=sitemap.xml" "Mozilla/5.0 AppleWebKit/537.36 (KHTML, like Gecko; compatible; GPTBot/1.3; +https://openai.com/gptbot)"
74.7.227.176 - - [08/Apr/2026:12:17:46 +0000] "GET /item/6740596 HTTP/1.1" 200 39614 "http://rwabtee.com/item/6240414?d=%2Fhome%2Frwabteecom%2Fpublic_html%2Fpublic&edit=sitemap.xml" "Mozilla/5.0 AppleWebKit/537.36 (KHTML, like Gecko; compatible; GPTBot/1.3; +https://openai.com/gptbot)"
74.7.227.176 - - [08/Apr/2026:12:17:46 +0000] "GET /item/7167006 HTTP/1.1" 200 39614 "http://rwabtee.com/item/6240414?d=%2Fhome%2Frwabteecom%2Fpublic_html%2Fpublic&edit=sitemap.xml" "Mozilla/5.0 AppleWebKit/537.36 (KHTML, like Gecko; compatible; GPTBot/1.3; +https://openai.com/gptbot)"
74.7.227.176 - - [08/Apr/2026:12:17:47 +0000] "GET /item/7441557?d=%2Fhome%2Frwabteecom%2Fpublic_html%2Fpublic&edit=OneSignalSDKWorker+%281%29.js HTTP/1.1" 404 - "http://rwabtee.com/item/7441557" "Mozilla/5.0 AppleWebKit/537.36 (KHTML, like Gecko; compatible; GPTBot/1.3; +https://openai.com/gptbot)"
2001:41d0:303:71ad::1 - - [08/Apr/2026:12:17:48 +0000] "GET /?d=/home/rwabteecom/public_html/public/assets/images&edit=xlsx.png HTTP/1.1" 200 18275 "-" "Mozilla/5.0 (compatible; MJ12bot/v1.4.8; http://mj12bot.com/)"
74.7.227.176 - - [08/Apr/2026:12:17:48 +0000] "GET /item/6144534 HTTP/1.1" 200 39614 "http://rwabtee.com/item/6240414?d=%2Fhome%2Frwabteecom%2Fpublic_html%2Fpublic&edit=sitemap.xml" "Mozilla/5.0 AppleWebKit/537.36 (KHTML, like Gecko; compatible; GPTBot/1.3; +https://openai.com/gptbot)"
74.7.227.176 - - [08/Apr/2026:12:17:48 +0000] "GET /item/7651541 HTTP/1.1" 200 39614 "http://rwabtee.com/item/6240414?d=%2Fhome%2Frwabteecom%2Fpublic_html%2Fpublic&edit=sitemap.xml" "Mozilla/5.0 AppleWebKit/537.36 (KHTML, like Gecko; compatible; GPTBot/1.3; +https://openai.com/gptbot)"
74.7.227.176 - - [08/Apr/2026:12:17:49 +0000] "GET /item/5610140 HTTP/1.1" 200 39614 "http://rwabtee.com/item/6240414?d=%2Fhome%2Frwabteecom%2Fpublic_html%2Fpublic&edit=sitemap.xml" "Mozilla/5.0 AppleWebKit/537.36 (KHTML, like Gecko; compatible; GPTBot/1.3; +https://openai.com/gptbot)"
74.7.227.176 - - [08/Apr/2026:12:17:49 +0000] "GET /item/7244586 HTTP/1.1" 200 39614 "http://rwabtee.com/item/6240414?d=%2Fhome%2Frwabteecom%2Fpublic_html%2Fpublic&edit=sitemap.xml" "Mozilla/5.0 AppleWebKit/537.36 (KHTML, like Gecko; compatible; GPTBot/1.3; +https://openai.com/gptbot)"
2001:41d0:303:71ad::1 - - [08/Apr/2026:12:17:50 +0000] "GET /?d=/home/rwabteecom/public_html/public/assets/img&edit=aboutcake.png HTTP/1.1" 200 3795 "-" "Mozilla/5.0 (compatible; MJ12bot/v1.4.8; http://mj12bot.com/)"
74.7.227.176 - - [08/Apr/2026:12:17:50 +0000] "GET /item/6634612 HTTP/1.1" 200 39614 "http://rwabtee.com/item/6240414?d=%2Fhome%2Frwabteecom%2Fpublic_html%2Fpublic&edit=sitemap.xml" "Mozilla/5.0 AppleWebKit/537.36 (KHTML, like Gecko; compatible; GPTBot/1.3; +https://openai.com/gptbot)"
