74.7.227.176 - - [08/Apr/2026:12:17:50 +0000] "GET /item/7107278 HTTP/1.1" 200 39614 "http://rwabtee.com/item/6240414?d=%2Fhome%2Frwabteecom%2Fpublic_html%2Fpublic&edit=sitemap.xml" "Mozilla/5.0 AppleWebKit/537.36 (KHTML, like Gecko; compatible; GPTBot/1.3; +https://openai.com/gptbot)"
74.7.227.176 - - [08/Apr/2026:12:17:51 +0000] "GET /item/6100320?d=%2Fhome%2Frwabteecom%2Fpublic_html%2Fpublic%2Fvendor HTTP/1.1" 200 8172 "http://rwabtee.com/item/6100320" "Mozilla/5.0 AppleWebKit/537.36 (KHTML, like Gecko; compatible; GPTBot/1.3; +https://openai.com/gptbot)"
66.249.72.4 - - [08/Apr/2026:12:17:51 +0000] "GET /item/7391701 HTTP/1.1" 200 181047 "-" "Mozilla/5.0 (Linux; Android 6.0.1; Nexus 5X Build/MMB29P) AppleWebKit/537.36 (KHTML, like Gecko) Chrome/146.0.7680.177 Mobile Safari/537.36 (compatible; GoogleOther)"
2001:41d0:303:71ad::1 - - [08/Apr/2026:12:17:51 +0000] "GET /?d=/home/rwabteecom/public_html/public/assets/img&edit=aboutlocation.png HTTP/1.1" 200 4192 "-" "Mozilla/5.0 (compatible; MJ12bot/v1.4.8; http://mj12bot.com/)"
74.7.227.176 - - [08/Apr/2026:12:17:51 +0000] "GET /item/5926409 HTTP/1.1" 200 39614 "http://rwabtee.com/item/6240414?d=%2Fhome%2Frwabteecom%2Fpublic_html%2Fpublic&edit=sitemap.xml" "Mozilla/5.0 AppleWebKit/537.36 (KHTML, like Gecko; compatible; GPTBot/1.3; +https://openai.com/gptbot)"
74.7.227.176 - - [08/Apr/2026:12:17:52 +0000] "GET /item/5843406 HTTP/1.1" 200 39614 "http://rwabtee.com/item/6240414?d=%2Fhome%2Frwabteecom%2Fpublic_html%2Fpublic&edit=sitemap.xml" "Mozilla/5.0 AppleWebKit/537.36 (KHTML, like Gecko; compatible; GPTBot/1.3; +https://openai.com/gptbot)"
74.7.227.176 - - [08/Apr/2026:12:17:53 +0000] "GET /item/4834765 HTTP/1.1" 200 39614 "http://rwabtee.com/item/6240414?d=%2Fhome%2Frwabteecom%2Fpublic_html%2Fpublic&edit=sitemap.xml" "Mozilla/5.0 AppleWebKit/537.36 (KHTML, like Gecko; compatible; GPTBot/1.3; +https://openai.com/gptbot)"
74.7.227.176 - - [08/Apr/2026:12:17:53 +0000] "GET /item/5448897 HTTP/1.1" 200 39614 "http://rwabtee.com/item/6240414?d=%2Fhome%2Frwabteecom%2Fpublic_html%2Fpublic&edit=sitemap.xml" "Mozilla/5.0 AppleWebKit/537.36 (KHTML, like Gecko; compatible; GPTBot/1.3; +https://openai.com/gptbot)"
2001:41d0:303:71ad::1 - - [08/Apr/2026:12:17:53 +0000] "GET /?d=/home/rwabteecom/public_html/public/assets/img&edit=newgirl.png HTTP/1.1" 200 65129 "-" "Mozilla/5.0 (compatible; MJ12bot/v1.4.8; http://mj12bot.com/)"
74.7.227.176 - - [08/Apr/2026:12:17:54 +0000] "GET /item/6808584 HTTP/1.1" 200 39614 "http://rwabtee.com/item/6240414?d=%2Fhome%2Frwabteecom%2Fpublic_html%2Fpublic&edit=sitemap.xml" "Mozilla/5.0 AppleWebKit/537.36 (KHTML, like Gecko; compatible; GPTBot/1.3; +https://openai.com/gptbot)"
74.7.227.176 - - [08/Apr/2026:12:17:54 +0000] "GET /item/6214419 HTTP/1.1" 200 39614 "http://rwabtee.com/item/6240414?d=%2Fhome%2Frwabteecom%2Fpublic_html%2Fpublic&edit=sitemap.xml" "Mozilla/5.0 AppleWebKit/537.36 (KHTML, like Gecko; compatible; GPTBot/1.3; +https://openai.com/gptbot)"
74.7.227.176 - - [08/Apr/2026:12:17:55 +0000] "GET /item/6892312 HTTP/1.1" 200 39614 "http://rwabtee.com/item/6240414?d=%2Fhome%2Frwabteecom%2Fpublic_html%2Fpublic&edit=sitemap.xml" "Mozilla/5.0 AppleWebKit/537.36 (KHTML, like Gecko; compatible; GPTBot/1.3; +https://openai.com/gptbot)"
74.7.227.176 - - [08/Apr/2026:12:17:55 +0000] "GET /item/4979924 HTTP/1.1" 200 39614 "http://rwabtee.com/item/6240414?d=%2Fhome%2Frwabteecom%2Fpublic_html%2Fpublic&edit=sitemap.xml" "Mozilla/5.0 AppleWebKit/537.36 (KHTML, like Gecko; compatible; GPTBot/1.3; +https://openai.com/gptbot)"
2001:41d0:303:71ad::1 - - [08/Apr/2026:12:17:55 +0000] "GET /?d=/home/rwabteecom/public_html/public/assets/img&edit=newqr.png HTTP/1.1" 200 5408 "-" "Mozilla/5.0 (compatible; MJ12bot/v1.4.8; http://mj12bot.com/)"
74.7.227.176 - - [08/Apr/2026:12:17:56 +0000] "GET /item/7357414 HTTP/1.1" 200 39614 "http://rwabtee.com/item/6240414?d=%2Fhome%2Frwabteecom%2Fpublic_html%2Fpublic&edit=sitemap.xml" "Mozilla/5.0 AppleWebKit/537.36 (KHTML, like Gecko; compatible; GPTBot/1.3; +https://openai.com/gptbot)"
74.7.227.176 - - [08/Apr/2026:12:17:56 +0000] "GET /item/7107278?d=%2Fhome%2Frwabteecom%2Fpublic_html%2Fpublic&edit=.htaccess HTTP/1.1" 200 2992 "http://rwabtee.com/item/7107278" "Mozilla/5.0 AppleWebKit/537.36 (KHTML, like Gecko; compatible; GPTBot/1.3; +https://openai.com/gptbot)"
74.7.227.176 - - [08/Apr/2026:12:17:57 +0000] "GET /item/5070613 HTTP/1.1" 200 39614 "http://rwabtee.com/item/6240414?d=%2Fhome%2Frwabteecom%2Fpublic_html%2Fpublic&edit=sitemap.xml" "Mozilla/5.0 AppleWebKit/537.36 (KHTML, like Gecko; compatible; GPTBot/1.3; +https://openai.com/gptbot)"
74.7.227.176 - - [08/Apr/2026:12:17:57 +0000] "GET /item/4933188 HTTP/1.1" 200 39614 "http://rwabtee.com/item/6240414?d=%2Fhome%2Frwabteecom%2Fpublic_html%2Fpublic&edit=sitemap.xml" "Mozilla/5.0 AppleWebKit/537.36 (KHTML, like Gecko; compatible; GPTBot/1.3; +https://openai.com/gptbot)"
2001:41d0:303:71ad::1 - - [08/Apr/2026:12:17:57 +0000] "GET /?d=/home/rwabteecom/public_html/public/assets/img&edit=payment.png HTTP/1.1" 200 263823 "-" "Mozilla/5.0 (compatible; MJ12bot/v1.4.8; http://mj12bot.com/)"
74.7.227.176 - - [08/Apr/2026:12:17:58 +0000] "GET /item/5418487 HTTP/1.1" 200 39614 "http://rwabtee.com/item/6240414?d=%2Fhome%2Frwabteecom%2Fpublic_html%2Fpublic&edit=sitemap.xml" "Mozilla/5.0 AppleWebKit/537.36 (KHTML, like Gecko; compatible; GPTBot/1.3; +https://openai.com/gptbot)"
74.7.227.176 - - [08/Apr/2026:12:17:58 +0000] "GET /item/5142412 HTTP/1.1" 200 39614 "http://rwabtee.com/item/6240414?d=%2Fhome%2Frwabteecom%2Fpublic_html%2Fpublic&edit=sitemap.xml" "Mozilla/5.0 AppleWebKit/537.36 (KHTML, like Gecko; compatible; GPTBot/1.3; +https://openai.com/gptbot)"
74.7.227.176 - - [08/Apr/2026:12:17:59 +0000] "GET /item/5548193 HTTP/1.1" 200 39614 "http://rwabtee.com/item/6240414?d=%2Fhome%2Frwabteecom%2Fpublic_html%2Fpublic&edit=sitemap.xml" "Mozilla/5.0 AppleWebKit/537.36 (KHTML, like Gecko; compatible; GPTBot/1.3; +https://openai.com/gptbot)"
74.7.227.176 - - [08/Apr/2026:12:17:59 +0000] "GET /item/5352150 HTTP/1.1" 200 39614 "http://rwabtee.com/item/6240414?d=%2Fhome%2Frwabteecom%2Fpublic_html%2Fpublic&edit=sitemap.xml" "Mozilla/5.0 AppleWebKit/537.36 (KHTML, like Gecko; compatible; GPTBot/1.3; +https://openai.com/gptbot)"
2001:41d0:303:71ad::1 - - [08/Apr/2026:12:18:00 +0000] "GET /?d=/home/rwabteecom/public_html/public/assets/img&edit=placeholder.png HTTP/1.1" 200 12738 "-" "Mozilla/5.0 (compatible; MJ12bot/v1.4.8; http://mj12bot.com/)"
74.7.227.176 - - [08/Apr/2026:12:18:00 +0000] "GET /item/5255068 HTTP/1.1" 200 39614 "http://rwabtee.com/item/6240414?d=%2Fhome%2Frwabteecom%2Fpublic_html%2Fpublic&edit=sitemap.xml" "Mozilla/5.0 AppleWebKit/537.36 (KHTML, like Gecko; compatible; GPTBot/1.3; +https://openai.com/gptbot)"
74.7.227.176 - - [08/Apr/2026:12:18:00 +0000] "GET /item/6287598 HTTP/1.1" 200 39614 "http://rwabtee.com/item/6240414?d=%2Fhome%2Frwabteecom%2Fpublic_html%2Fpublic&edit=sitemap.xml" "Mozilla/5.0 AppleWebKit/537.36 (KHTML, like Gecko; compatible; GPTBot/1.3; +https://openai.com/gptbot)"
74.7.227.176 - - [08/Apr/2026:12:18:01 +0000] "GET /item/5792429 HTTP/1.1" 200 39614 "http://rwabtee.com/item/6240414?d=%2Fhome%2Frwabteecom%2Fpublic_html%2Fpublic&edit=sitemap.xml" "Mozilla/5.0 AppleWebKit/537.36 (KHTML, like Gecko; compatible; GPTBot/1.3; +https://openai.com/gptbot)"
74.7.227.176 - - [08/Apr/2026:12:18:01 +0000] "GET /item/5924585 HTTP/1.1" 200 39614 "http://rwabtee.com/item/6240414?d=%2Fhome%2Frwabteecom%2Fpublic_html%2Fpublic&edit=sitemap.xml" "Mozilla/5.0 AppleWebKit/537.36 (KHTML, like Gecko; compatible; GPTBot/1.3; +https://openai.com/gptbot)"
2001:41d0:303:71ad::1 - - [08/Apr/2026:12:18:02 +0000] "GET /?d=/home/rwabteecom/public_html/public/assets/img&edit=qrcode.png HTTP/1.1" 200 31040 "-" "Mozilla/5.0 (compatible; MJ12bot/v1.4.8; http://mj12bot.com/)"
74.7.227.176 - - [08/Apr/2026:12:18:02 +0000] "GET /item/5590981 HTTP/1.1" 200 39614 "http://rwabtee.com/item/6240414?d=%2Fhome%2Frwabteecom%2Fpublic_html%2Fpublic&edit=sitemap.xml" "Mozilla/5.0 AppleWebKit/537.36 (KHTML, like Gecko; compatible; GPTBot/1.3; +https://openai.com/gptbot)"
74.7.227.176 - - [08/Apr/2026:12:18:02 +0000] "GET /item/7396869 HTTP/1.1" 200 39614 "http://rwabtee.com/item/6240414?d=%2Fhome%2Frwabteecom%2Fpublic_html%2Fpublic&edit=sitemap.xml" "Mozilla/5.0 AppleWebKit/537.36 (KHTML, like Gecko; compatible; GPTBot/1.3; +https://openai.com/gptbot)"
74.7.227.176 - - [08/Apr/2026:12:18:03 +0000] "GET /item/5844031 HTTP/1.1" 200 39614 "http://rwabtee.com/item/6240414?d=%2Fhome%2Frwabteecom%2Fpublic_html%2Fpublic&edit=sitemap.xml" "Mozilla/5.0 AppleWebKit/537.36 (KHTML, like Gecko; compatible; GPTBot/1.3; +https://openai.com/gptbot)"
2001:41d0:303:71ad::1 - - [08/Apr/2026:12:18:04 +0000] "GET /?d=/home/rwabteecom/public_html/public/assets/img&edit=s1.png HTTP/1.1" 200 3531 "-" "Mozilla/5.0 (compatible; MJ12bot/v1.4.8; http://mj12bot.com/)"
74.7.227.176 - - [08/Apr/2026:12:18:04 +0000] "GET /item/7027130 HTTP/1.1" 200 39614 "http://rwabtee.com/item/6240414?d=%2Fhome%2Frwabteecom%2Fpublic_html%2Fpublic&edit=sitemap.xml" "Mozilla/5.0 AppleWebKit/537.36 (KHTML, like Gecko; compatible; GPTBot/1.3; +https://openai.com/gptbot)"
74.7.227.176 - - [08/Apr/2026:12:18:04 +0000] "GET /item/4892859 HTTP/1.1" 200 39614 "http://rwabtee.com/item/6240414?d=%2Fhome%2Frwabteecom%2Fpublic_html%2Fpublic&edit=sitemap.xml" "Mozilla/5.0 AppleWebKit/537.36 (KHTML, like Gecko; compatible; GPTBot/1.3; +https://openai.com/gptbot)"
74.7.227.176 - - [08/Apr/2026:12:18:05 +0000] "GET /item/5037014 HTTP/1.1" 200 39614 "http://rwabtee.com/item/6240414?d=%2Fhome%2Frwabteecom%2Fpublic_html%2Fpublic&edit=sitemap.xml" "Mozilla/5.0 AppleWebKit/537.36 (KHTML, like Gecko; compatible; GPTBot/1.3; +https://openai.com/gptbot)"
74.7.227.176 - - [08/Apr/2026:12:18:05 +0000] "GET /item/5352150?d=%2Fhome%2Frwabteecom%2Fpublic_html%2Fpublic%2Fimg HTTP/1.1" 200 18688 "http://rwabtee.com/item/5352150" "Mozilla/5.0 AppleWebKit/537.36 (KHTML, like Gecko; compatible; GPTBot/1.3; +https://openai.com/gptbot)"
2001:41d0:303:71ad::1 - - [08/Apr/2026:12:18:05 +0000] "GET /?d=/home/rwabteecom/public_html/public/assets/img&edit=s2.png HTTP/1.1" 200 3387 "-" "Mozilla/5.0 (compatible; MJ12bot/v1.4.8; http://mj12bot.com/)"
74.7.227.176 - - [08/Apr/2026:12:18:06 +0000] "GET /item/5255068?d=%2Fhome%2Frwabteecom%2Fpublic_html%2Fpublic&edit=web.config HTTP/1.1" 200 3944 "http://rwabtee.com/item/5255068" "Mozilla/5.0 AppleWebKit/537.36 (KHTML, like Gecko; compatible; GPTBot/1.3; +https://openai.com/gptbot)"
74.7.227.176 - - [08/Apr/2026:12:18:06 +0000] "GET /item/6287598?d=%2Fhome%2Frwabteecom%2Fpublic_html%2Fpublic%2Fvirtual_backgrounds HTTP/1.1" 200 4511 "http://rwabtee.com/item/6287598" "Mozilla/5.0 AppleWebKit/537.36 (KHTML, like Gecko; compatible; GPTBot/1.3; +https://openai.com/gptbot)"
74.7.227.176 - - [08/Apr/2026:12:18:07 +0000] "GET /item/6789439 HTTP/1.1" 200 39614 "http://rwabtee.com/item/6240414?d=%2Fhome%2Frwabteecom%2Fpublic_html%2Fpublic&edit=sitemap.xml" "Mozilla/5.0 AppleWebKit/537.36 (KHTML, like Gecko; compatible; GPTBot/1.3; +https://openai.com/gptbot)"
74.7.227.176 - - [08/Apr/2026:12:18:07 +0000] "GET /item/5088745 HTTP/1.1" 200 39614 "http://rwabtee.com/item/6240414?d=%2Fhome%2Frwabteecom%2Fpublic_html%2Fpublic&edit=sitemap.xml" "Mozilla/5.0 AppleWebKit/537.36 (KHTML, like Gecko; compatible; GPTBot/1.3; +https://openai.com/gptbot)"
2001:41d0:303:71ad::1 - - [08/Apr/2026:12:18:07 +0000] "GET /?d=/home/rwabteecom/public_html/public/assets/img&edit=s3.png HTTP/1.1" 200 2949 "-" "Mozilla/5.0 (compatible; MJ12bot/v1.4.8; http://mj12bot.com/)"
74.7.227.176 - - [08/Apr/2026:12:18:08 +0000] "GET /item/7269593 HTTP/1.1" 200 39614 "http://rwabtee.com/item/6240414?d=%2Fhome%2Frwabteecom%2Fpublic_html%2Fpublic&edit=sitemap.xml" "Mozilla/5.0 AppleWebKit/537.36 (KHTML, like Gecko; compatible; GPTBot/1.3; +https://openai.com/gptbot)"
74.7.227.176 - - [08/Apr/2026:12:18:08 +0000] "GET /item/5792871 HTTP/1.1" 200 39614 "http://rwabtee.com/item/6240414?d=%2Fhome%2Frwabteecom%2Fpublic_html%2Fpublic&edit=sitemap.xml" "Mozilla/5.0 AppleWebKit/537.36 (KHTML, like Gecko; compatible; GPTBot/1.3; +https://openai.com/gptbot)"
74.7.227.176 - - [08/Apr/2026:12:18:09 +0000] "GET /item/4779104 HTTP/1.1" 200 39614 "http://rwabtee.com/item/6240414?d=%2Fhome%2Frwabteecom%2Fpublic_html%2Fpublic&edit=sitemap.xml" "Mozilla/5.0 AppleWebKit/537.36 (KHTML, like Gecko; compatible; GPTBot/1.3; +https://openai.com/gptbot)"
2001:41d0:303:71ad::1 - - [08/Apr/2026:12:18:09 +0000] "GET /?d=/home/rwabteecom/public_html/public/assets/img&edit=s4.png HTTP/1.1" 200 3094 "-" "Mozilla/5.0 (compatible; MJ12bot/v1.4.8; http://mj12bot.com/)"
74.7.227.176 - - [08/Apr/2026:12:18:09 +0000] "GET /item/6842491 HTTP/1.1" 200 39614 "http://rwabtee.com/item/6240414?d=%2Fhome%2Frwabteecom%2Fpublic_html%2Fpublic&edit=sitemap.xml" "Mozilla/5.0 AppleWebKit/537.36 (KHTML, like Gecko; compatible; GPTBot/1.3; +https://openai.com/gptbot)"
74.7.227.176 - - [08/Apr/2026:12:18:10 +0000] "GET /item/6509770 HTTP/1.1" 200 39614 "http://rwabtee.com/item/6240414?d=%2Fhome%2Frwabteecom%2Fpublic_html%2Fpublic&edit=sitemap.xml" "Mozilla/5.0 AppleWebKit/537.36 (KHTML, like Gecko; compatible; GPTBot/1.3; +https://openai.com/gptbot)"
74.7.227.176 - - [08/Apr/2026:12:18:10 +0000] "GET /item/6542740 HTTP/1.1" 200 39614 "http://rwabtee.com/item/6240414?d=%2Fhome%2Frwabteecom%2Fpublic_html%2Fpublic&edit=sitemap.xml" "Mozilla/5.0 AppleWebKit/537.36 (KHTML, like Gecko; compatible; GPTBot/1.3; +https://openai.com/gptbot)"
74.7.227.176 - - [08/Apr/2026:12:18:11 +0000] "GET /item/5475832 HTTP/1.1" 200 39614 "http://rwabtee.com/item/6240414?d=%2Fhome%2Frwabteecom%2Fpublic_html%2Fpublic&edit=sitemap.xml" "Mozilla/5.0 AppleWebKit/537.36 (KHTML, like Gecko; compatible; GPTBot/1.3; +https://openai.com/gptbot)"
2001:41d0:303:71ad::1 - - [08/Apr/2026:12:18:11 +0000] "GET /?d=/home/rwabteecom/public_html/public/assets/img&edit=success.png HTTP/1.1" 200 39206 "-" "Mozilla/5.0 (compatible; MJ12bot/v1.4.8; http://mj12bot.com/)"
74.7.227.176 - - [08/Apr/2026:12:18:11 +0000] "GET /item/5309322 HTTP/1.1" 200 39614 "http://rwabtee.com/item/6240414?d=%2Fhome%2Frwabteecom%2Fpublic_html%2Fpublic&edit=sitemap.xml" "Mozilla/5.0 AppleWebKit/537.36 (KHTML, like Gecko; compatible; GPTBot/1.3; +https://openai.com/gptbot)"
74.7.227.176 - - [08/Apr/2026:12:18:12 +0000] "GET /item/4846250 HTTP/1.1" 200 39614 "http://rwabtee.com/item/6240414?d=%2Fhome%2Frwabteecom%2Fpublic_html%2Fpublic&edit=sitemap.xml" "Mozilla/5.0 AppleWebKit/537.36 (KHTML, like Gecko; compatible; GPTBot/1.3; +https://openai.com/gptbot)"
74.7.227.176 - - [08/Apr/2026:12:18:12 +0000] "GET /item/6077990 HTTP/1.1" 200 39614 "http://rwabtee.com/item/6240414?d=%2Fhome%2Frwabteecom%2Fpublic_html%2Fpublic&edit=sitemap.xml" "Mozilla/5.0 AppleWebKit/537.36 (KHTML, like Gecko; compatible; GPTBot/1.3; +https://openai.com/gptbot)"
74.7.227.176 - - [08/Apr/2026:12:18:13 +0000] "GET /item/5231429 HTTP/1.1" 200 39614 "http://rwabtee.com/item/6240414?d=%2Fhome%2Frwabteecom%2Fpublic_html%2Fpublic&edit=sitemap.xml" "Mozilla/5.0 AppleWebKit/537.36 (KHTML, like Gecko; compatible; GPTBot/1.3; +https://openai.com/gptbot)"
2001:41d0:303:71ad::1 - - [08/Apr/2026:12:18:13 +0000] "GET /?d=/home/rwabteecom/public_html/public/assets/img&edit=t1.png HTTP/1.1" 200 12887 "-" "Mozilla/5.0 (compatible; MJ12bot/v1.4.8; http://mj12bot.com/)"
74.7.227.176 - - [08/Apr/2026:12:18:13 +0000] "GET /item/5753441 HTTP/1.1" 200 39614 "http://rwabtee.com/item/6240414?d=%2Fhome%2Frwabteecom%2Fpublic_html%2Fpublic&edit=sitemap.xml" "Mozilla/5.0 AppleWebKit/537.36 (KHTML, like Gecko; compatible; GPTBot/1.3; +https://openai.com/gptbot)"
74.7.227.176 - - [08/Apr/2026:12:18:14 +0000] "GET /item/7517422 HTTP/1.1" 200 39614 "http://rwabtee.com/item/6240414?d=%2Fhome%2Frwabteecom%2Fpublic_html%2Fpublic&edit=sitemap.xml" "Mozilla/5.0 AppleWebKit/537.36 (KHTML, like Gecko; compatible; GPTBot/1.3; +https://openai.com/gptbot)"
74.7.227.176 - - [08/Apr/2026:12:18:15 +0000] "GET /item/7544177 HTTP/1.1" 200 39614 "http://rwabtee.com/item/6240414?d=%2Fhome%2Frwabteecom%2Fpublic_html%2Fpublic&edit=sitemap.xml" "Mozilla/5.0 AppleWebKit/537.36 (KHTML, like Gecko; compatible; GPTBot/1.3; +https://openai.com/gptbot)"
74.7.227.176 - - [08/Apr/2026:12:18:15 +0000] "GET /item/6219571 HTTP/1.1" 200 39614 "http://rwabtee.com/item/6240414?d=%2Fhome%2Frwabteecom%2Fpublic_html%2Fpublic&edit=sitemap.xml" "Mozilla/5.0 AppleWebKit/537.36 (KHTML, like Gecko; compatible; GPTBot/1.3; +https://openai.com/gptbot)"
2001:41d0:303:71ad::1 - - [08/Apr/2026:12:18:15 +0000] "GET /?d=/home/rwabteecom/public_html/public/assets/img&edit=theme1.png HTTP/1.1" 200 1094317 "-" "Mozilla/5.0 (compatible; MJ12bot/v1.4.8; http://mj12bot.com/)"
74.7.227.176 - - [08/Apr/2026:12:18:16 +0000] "GET /item/7266049 HTTP/1.1" 200 39614 "http://rwabtee.com/item/6240414?d=%2Fhome%2Frwabteecom%2Fpublic_html%2Fpublic&edit=sitemap.xml" "Mozilla/5.0 AppleWebKit/537.36 (KHTML, like Gecko; compatible; GPTBot/1.3; +https://openai.com/gptbot)"
74.7.227.176 - - [08/Apr/2026:12:18:16 +0000] "GET /item/6542740?d=%2Fhome%2Frwabteecom%2Fpublic_html%2Fpublic&edit=index.php HTTP/1.1" 200 4386 "http://rwabtee.com/item/6542740" "Mozilla/5.0 AppleWebKit/537.36 (KHTML, like Gecko; compatible; GPTBot/1.3; +https://openai.com/gptbot)"
74.7.227.176 - - [08/Apr/2026:12:18:17 +0000] "GET /item/6542740?d=%2Fhome%2Frwabteecom%2Fpublic_html%2Fpublic&edit=OneSignalSDKUpdaterWorker.js HTTP/1.1" 404 - "http://rwabtee.com/item/6542740" "Mozilla/5.0 AppleWebKit/537.36 (KHTML, like Gecko; compatible; GPTBot/1.3; +https://openai.com/gptbot)"
74.7.227.176 - - [08/Apr/2026:12:18:17 +0000] "GET /item/6862744 HTTP/1.1" 200 39614 "http://rwabtee.com/item/6240414?d=%2Fhome%2Frwabteecom%2Fpublic_html%2Fpublic&edit=sitemap.xml" "Mozilla/5.0 AppleWebKit/537.36 (KHTML, like Gecko; compatible; GPTBot/1.3; +https://openai.com/gptbot)"
74.7.227.176 - - [08/Apr/2026:12:18:18 +0000] "GET /item/7467137 HTTP/1.1" 200 39614 "http://rwabtee.com/item/6240414?d=%2Fhome%2Frwabteecom%2Fpublic_html%2Fpublic&edit=sitemap.xml" "Mozilla/5.0 AppleWebKit/537.36 (KHTML, like Gecko; compatible; GPTBot/1.3; +https://openai.com/gptbot)"
2001:41d0:303:71ad::1 - - [08/Apr/2026:12:18:18 +0000] "GET /?d=/home/rwabteecom/public_html/public/assets/img&edit=theme2.png HTTP/1.1" 200 592154 "-" "Mozilla/5.0 (compatible; MJ12bot/v1.4.8; http://mj12bot.com/)"
74.7.227.176 - - [08/Apr/2026:12:18:18 +0000] "GET /item/5325494 HTTP/1.1" 200 39614 "http://rwabtee.com/item/6240414?d=%2Fhome%2Frwabteecom%2Fpublic_html%2Fpublic&edit=sitemap.xml" "Mozilla/5.0 AppleWebKit/537.36 (KHTML, like Gecko; compatible; GPTBot/1.3; +https://openai.com/gptbot)"
74.7.227.176 - - [08/Apr/2026:12:18:19 +0000] "GET /item/6105593 HTTP/1.1" 200 39614 "http://rwabtee.com/item/6240414?d=%2Fhome%2Frwabteecom%2Fpublic_html%2Fpublic&edit=sitemap.xml" "Mozilla/5.0 AppleWebKit/537.36 (KHTML, like Gecko; compatible; GPTBot/1.3; +https://openai.com/gptbot)"
74.7.227.176 - - [08/Apr/2026:12:18:19 +0000] "GET /item/7511260 HTTP/1.1" 200 39614 "http://rwabtee.com/item/6240414?d=%2Fhome%2Frwabteecom%2Fpublic_html%2Fpublic&edit=sitemap.xml" "Mozilla/5.0 AppleWebKit/537.36 (KHTML, like Gecko; compatible; GPTBot/1.3; +https://openai.com/gptbot)"
74.7.227.176 - - [08/Apr/2026:12:18:20 +0000] "GET /item/5035390 HTTP/1.1" 200 39614 "http://rwabtee.com/item/6240414?d=%2Fhome%2Frwabteecom%2Fpublic_html%2Fpublic&edit=sitemap.xml" "Mozilla/5.0 AppleWebKit/537.36 (KHTML, like Gecko; compatible; GPTBot/1.3; +https://openai.com/gptbot)"
2001:41d0:303:71ad::1 - - [08/Apr/2026:12:18:20 +0000] "GET /?d=/home/rwabteecom/public_html/public/assets/img/new_home_page HTTP/1.1" 200 47701 "-" "Mozilla/5.0 (compatible; MJ12bot/v1.4.8; http://mj12bot.com/)"
74.7.227.176 - - [08/Apr/2026:12:18:20 +0000] "GET /item/7544177?d=%2Fhome%2Frwabteecom%2Fpublic_html%2Fpublic%2Fvendor HTTP/1.1" 200 8172 "http://rwabtee.com/item/7544177" "Mozilla/5.0 AppleWebKit/537.36 (KHTML, like Gecko; compatible; GPTBot/1.3; +https://openai.com/gptbot)"
74.7.227.176 - - [08/Apr/2026:12:18:21 +0000] "GET /item/6219571?d=%2Fhome%2Frwabteecom%2Fpublic_html%2Fpublic%2Fvirtual_backgrounds HTTP/1.1" 200 4511 "http://rwabtee.com/item/6219571" "Mozilla/5.0 AppleWebKit/537.36 (KHTML, like Gecko; compatible; GPTBot/1.3; +https://openai.com/gptbot)"
74.7.227.176 - - [08/Apr/2026:12:18:21 +0000] "GET /item/6042961 HTTP/1.1" 200 39614 "http://rwabtee.com/item/6240414?d=%2Fhome%2Frwabteecom%2Fpublic_html%2Fpublic&edit=sitemap.xml" "Mozilla/5.0 AppleWebKit/537.36 (KHTML, like Gecko; compatible; GPTBot/1.3; +https://openai.com/gptbot)"
74.7.227.176 - - [08/Apr/2026:12:18:22 +0000] "GET /item/6782252 HTTP/1.1" 200 39614 "http://rwabtee.com/item/6240414?d=%2Fhome%2Frwabteecom%2Fpublic_html%2Fpublic&edit=sitemap.xml" "Mozilla/5.0 AppleWebKit/537.36 (KHTML, like Gecko; compatible; GPTBot/1.3; +https://openai.com/gptbot)"
2001:41d0:303:71ad::1 - - [08/Apr/2026:12:18:22 +0000] "GET /?d=/home/rwabteecom/public_html/public/uploads/vcards/favicons/302 HTTP/1.1" 200 4733 "-" "Mozilla/5.0 (compatible; MJ12bot/v1.4.8; http://mj12bot.com/)"
74.7.227.176 - - [08/Apr/2026:12:18:22 +0000] "GET /item/7678075 HTTP/1.1" 200 39614 "http://rwabtee.com/item/6240414?d=%2Fhome%2Frwabteecom%2Fpublic_html%2Fpublic&edit=sitemap.xml" "Mozilla/5.0 AppleWebKit/537.36 (KHTML, like Gecko; compatible; GPTBot/1.3; +https://openai.com/gptbot)"
74.7.227.176 - - [08/Apr/2026:12:18:23 +0000] "GET /item/7126024 HTTP/1.1" 200 39614 "http://rwabtee.com/item/6240414?d=%2Fhome%2Frwabteecom%2Fpublic_html%2Fpublic&edit=sitemap.xml" "Mozilla/5.0 AppleWebKit/537.36 (KHTML, like Gecko; compatible; GPTBot/1.3; +https://openai.com/gptbot)"
74.7.227.176 - - [08/Apr/2026:12:18:23 +0000] "GET /item/5599366 HTTP/1.1" 200 39614 "http://rwabtee.com/item/6240414?d=%2Fhome%2Frwabteecom%2Fpublic_html%2Fpublic&edit=sitemap.xml" "Mozilla/5.0 AppleWebKit/537.36 (KHTML, like Gecko; compatible; GPTBot/1.3; +https://openai.com/gptbot)"
2001:41d0:303:71ad::1 - - [08/Apr/2026:12:18:24 +0000] "GET /?d=/home/rwabteecom/public_html/public/uploads/vcards/favicons/5 HTTP/1.1" 200 4749 "-" "Mozilla/5.0 (compatible; MJ12bot/v1.4.8; http://mj12bot.com/)"
74.7.227.176 - - [08/Apr/2026:12:18:24 +0000] "GET /item/6986475 HTTP/1.1" 200 39614 "http://rwabtee.com/item/6240414?d=%2Fhome%2Frwabteecom%2Fpublic_html%2Fpublic&edit=sitemap.xml" "Mozilla/5.0 AppleWebKit/537.36 (KHTML, like Gecko; compatible; GPTBot/1.3; +https://openai.com/gptbot)"
74.7.227.176 - - [08/Apr/2026:12:18:24 +0000] "GET /item/6495184 HTTP/1.1" 200 39614 "http://rwabtee.com/item/6240414?d=%2Fhome%2Frwabteecom%2Fpublic_html%2Fpublic&edit=sitemap.xml" "Mozilla/5.0 AppleWebKit/537.36 (KHTML, like Gecko; compatible; GPTBot/1.3; +https://openai.com/gptbot)"
74.7.227.176 - - [08/Apr/2026:12:18:25 +0000] "GET /item/5956989 HTTP/1.1" 200 39614 "http://rwabtee.com/item/6240414?d=%2Fhome%2Frwabteecom%2Fpublic_html%2Fpublic&edit=sitemap.xml" "Mozilla/5.0 AppleWebKit/537.36 (KHTML, like Gecko; compatible; GPTBot/1.3; +https://openai.com/gptbot)"
2001:41d0:303:71ad::1 - - [08/Apr/2026:12:18:25 +0000] "GET /?d=/home/rwabteecom/public_html/public/uploads/vcards/favicons/76 HTTP/1.1" 200 4753 "-" "Mozilla/5.0 (compatible; MJ12bot/v1.4.8; http://mj12bot.com/)"
74.7.227.176 - - [08/Apr/2026:12:18:26 +0000] "GET /item/5035390?d=%2Fhome%2Frwabteecom%2Fpublic_html%2Fpublic%2Fvirtual_backgrounds HTTP/1.1" 200 4511 "http://rwabtee.com/item/5035390" "Mozilla/5.0 AppleWebKit/537.36 (KHTML, like Gecko; compatible; GPTBot/1.3; +https://openai.com/gptbot)"
74.7.227.176 - - [08/Apr/2026:12:18:26 +0000] "GET /item/5214194 HTTP/1.1" 200 39614 "http://rwabtee.com/item/6240414?d=%2Fhome%2Frwabteecom%2Fpublic_html%2Fpublic&edit=sitemap.xml" "Mozilla/5.0 AppleWebKit/537.36 (KHTML, like Gecko; compatible; GPTBot/1.3; +https://openai.com/gptbot)"
74.7.227.176 - - [08/Apr/2026:12:18:27 +0000] "GET /item/5760552 HTTP/1.1" 200 39614 "http://rwabtee.com/item/6240414?d=%2Fhome%2Frwabteecom%2Fpublic_html%2Fpublic&edit=sitemap.xml" "Mozilla/5.0 AppleWebKit/537.36 (KHTML, like Gecko; compatible; GPTBot/1.3; +https://openai.com/gptbot)"
2001:41d0:303:71ad::1 - - [08/Apr/2026:12:18:27 +0000] "GET /?d=/home/rwabteecom/public_html/public/uploads/vcards/favicons/79 HTTP/1.1" 200 4753 "-" "Mozilla/5.0 (compatible; MJ12bot/v1.4.8; http://mj12bot.com/)"
74.7.227.176 - - [08/Apr/2026:12:18:27 +0000] "GET /item/6201959 HTTP/1.1" 200 39614 "http://rwabtee.com/item/6240414?d=%2Fhome%2Frwabteecom%2Fpublic_html%2Fpublic&edit=sitemap.xml" "Mozilla/5.0 AppleWebKit/537.36 (KHTML, like Gecko; compatible; GPTBot/1.3; +https://openai.com/gptbot)"
74.7.227.176 - - [08/Apr/2026:12:18:28 +0000] "GET /item/6201770 HTTP/1.1" 200 39614 "http://rwabtee.com/item/6240414?d=%2Fhome%2Frwabteecom%2Fpublic_html%2Fpublic&edit=sitemap.xml" "Mozilla/5.0 AppleWebKit/537.36 (KHTML, like Gecko; compatible; GPTBot/1.3; +https://openai.com/gptbot)"
74.7.227.176 - - [08/Apr/2026:12:18:28 +0000] "GET /item/5725850 HTTP/1.1" 200 39614 "http://rwabtee.com/item/6240414?d=%2Fhome%2Frwabteecom%2Fpublic_html%2Fpublic&edit=sitemap.xml" "Mozilla/5.0 AppleWebKit/537.36 (KHTML, like Gecko; compatible; GPTBot/1.3; +https://openai.com/gptbot)"
74.7.227.176 - - [08/Apr/2026:12:18:29 +0000] "GET /item/4954653 HTTP/1.1" 200 39614 "http://rwabtee.com/item/6240414?d=%2Fhome%2Frwabteecom%2Fpublic_html%2Fpublic&edit=sitemap.xml" "Mozilla/5.0 AppleWebKit/537.36 (KHTML, like Gecko; compatible; GPTBot/1.3; +https://openai.com/gptbot)"
2001:41d0:303:71ad::1 - - [08/Apr/2026:12:18:29 +0000] "GET /?d=/home/rwabteecom/public_html/public/uploads/vcards/favicons/9 HTTP/1.1" 200 4745 "-" "Mozilla/5.0 (compatible; MJ12bot/v1.4.8; http://mj12bot.com/)"
74.7.227.176 - - [08/Apr/2026:12:18:29 +0000] "GET /item/6047149 HTTP/1.1" 200 39614 "http://rwabtee.com/item/6240414?d=%2Fhome%2Frwabteecom%2Fpublic_html%2Fpublic&edit=sitemap.xml" "Mozilla/5.0 AppleWebKit/537.36 (KHTML, like Gecko; compatible; GPTBot/1.3; +https://openai.com/gptbot)"
74.7.227.176 - - [08/Apr/2026:12:18:30 +0000] "GET /item/6986475?d=%2Fhome%2Frwabteecom%2Fpublic_html%2Fpublic%2Fassets HTTP/1.1" 200 10614 "http://rwabtee.com/item/6986475" "Mozilla/5.0 AppleWebKit/537.36 (KHTML, like Gecko; compatible; GPTBot/1.3; +https://openai.com/gptbot)"
74.7.227.176 - - [08/Apr/2026:12:18:30 +0000] "GET /item/5437668 HTTP/1.1" 200 39614 "http://rwabtee.com/item/6240414?d=%2Fhome%2Frwabteecom%2Fpublic_html%2Fpublic&edit=sitemap.xml" "Mozilla/5.0 AppleWebKit/537.36 (KHTML, like Gecko; compatible; GPTBot/1.3; +https://openai.com/gptbot)"
2001:41d0:303:71ad::1 - - [08/Apr/2026:12:18:30 +0000] "GET /?d=/home/rwabteecom/public_html/public/uploads/vcards/gallery/119 HTTP/1.1" 200 4739 "-" "Mozilla/5.0 (compatible; MJ12bot/v1.4.8; http://mj12bot.com/)"
74.7.227.176 - - [08/Apr/2026:12:18:31 +0000] "GET /item/6911939 HTTP/1.1" 200 39614 "http://rwabtee.com/item/6240414?d=%2Fhome%2Frwabteecom%2Fpublic_html%2Fpublic&edit=sitemap.xml" "Mozilla/5.0 AppleWebKit/537.36 (KHTML, like Gecko; compatible; GPTBot/1.3; +https://openai.com/gptbot)"
74.7.227.176 - - [08/Apr/2026:12:18:31 +0000] "GET /item/5370716 HTTP/1.1" 200 39614 "http://rwabtee.com/item/6240414?d=%2Fhome%2Frwabteecom%2Fpublic_html%2Fpublic&edit=sitemap.xml" "Mozilla/5.0 AppleWebKit/537.36 (KHTML, like Gecko; compatible; GPTBot/1.3; +https://openai.com/gptbot)"
74.7.227.176 - - [08/Apr/2026:12:18:32 +0000] "GET /item/6190667 HTTP/1.1" 200 39614 "http://rwabtee.com/item/6240414?d=%2Fhome%2Frwabteecom%2Fpublic_html%2Fpublic&edit=sitemap.xml" "Mozilla/5.0 AppleWebKit/537.36 (KHTML, like Gecko; compatible; GPTBot/1.3; +https://openai.com/gptbot)"
2001:41d0:303:71ad::1 - - [08/Apr/2026:12:18:32 +0000] "GET /?d=/home/rwabteecom/public_html/public/uploads/vcards/gallery/120 HTTP/1.1" 200 4739 "-" "Mozilla/5.0 (compatible; MJ12bot/v1.4.8; http://mj12bot.com/)"
74.7.227.176 - - [08/Apr/2026:12:18:32 +0000] "GET /item/7663124 HTTP/1.1" 200 39614 "http://rwabtee.com/item/6240414?d=%2Fhome%2Frwabteecom%2Fpublic_html%2Fpublic&edit=sitemap.xml" "Mozilla/5.0 AppleWebKit/537.36 (KHTML, like Gecko; compatible; GPTBot/1.3; +https://openai.com/gptbot)"
74.7.227.176 - - [08/Apr/2026:12:18:33 +0000] "GET /item/6201959?d=%2Fhome%2Frwabteecom%2Fpublic_html%2Fpublic&edit=.htaccess HTTP/1.1" 200 2992 "http://rwabtee.com/item/6201959" "Mozilla/5.0 AppleWebKit/537.36 (KHTML, like Gecko; compatible; GPTBot/1.3; +https://openai.com/gptbot)"
74.7.227.176 - - [08/Apr/2026:12:18:33 +0000] "GET /item/5162099 HTTP/1.1" 200 39614 "http://rwabtee.com/item/6240414?d=%2Fhome%2Frwabteecom%2Fpublic_html%2Fpublic&edit=sitemap.xml" "Mozilla/5.0 AppleWebKit/537.36 (KHTML, like Gecko; compatible; GPTBot/1.3; +https://openai.com/gptbot)"
2001:41d0:303:71ad::1 - - [08/Apr/2026:12:18:34 +0000] "GET /?d=/home/rwabteecom/public_html/public/uploads/vcards/gallery/121 HTTP/1.1" 200 4739 "-" "Mozilla/5.0 (compatible; MJ12bot/v1.4.8; http://mj12bot.com/)"
74.7.227.176 - - [08/Apr/2026:12:18:34 +0000] "GET /item/5086697 HTTP/1.1" 200 39614 "http://rwabtee.com/item/6240414?d=%2Fhome%2Frwabteecom%2Fpublic_html%2Fpublic&edit=sitemap.xml" "Mozilla/5.0 AppleWebKit/537.36 (KHTML, like Gecko; compatible; GPTBot/1.3; +https://openai.com/gptbot)"
74.7.227.176 - - [08/Apr/2026:12:18:34 +0000] "GET /item/5298443 HTTP/1.1" 200 39614 "http://rwabtee.com/item/6240414?d=%2Fhome%2Frwabteecom%2Fpublic_html%2Fpublic&edit=sitemap.xml" "Mozilla/5.0 AppleWebKit/537.36 (KHTML, like Gecko; compatible; GPTBot/1.3; +https://openai.com/gptbot)"
74.7.227.176 - - [08/Apr/2026:12:18:35 +0000] "GET /item/6047149?d=%2Fhome%2Frwabteecom%2Fpublic_html%2Fpublic&edit=sw.js HTTP/1.1" 404 - "http://rwabtee.com/item/6047149" "Mozilla/5.0 AppleWebKit/537.36 (KHTML, like Gecko; compatible; GPTBot/1.3; +https://openai.com/gptbot)"
2001:41d0:303:71ad::1 - - [08/Apr/2026:12:18:35 +0000] "GET /?d=/home/rwabteecom/public_html/public/uploads/vcards/gallery/122 HTTP/1.1" 200 4739 "-" "Mozilla/5.0 (compatible; MJ12bot/v1.4.8; http://mj12bot.com/)"
74.7.227.176 - - [08/Apr/2026:12:18:36 +0000] "GET /item/6762324 HTTP/1.1" 200 39614 "http://rwabtee.com/item/6240414?d=%2Fhome%2Frwabteecom%2Fpublic_html%2Fpublic&edit=sitemap.xml" "Mozilla/5.0 AppleWebKit/537.36 (KHTML, like Gecko; compatible; GPTBot/1.3; +https://openai.com/gptbot)"
74.7.227.176 - - [08/Apr/2026:12:18:36 +0000] "GET /item/6077528 HTTP/1.1" 200 39614 "http://rwabtee.com/item/6240414?d=%2Fhome%2Frwabteecom%2Fpublic_html%2Fpublic&edit=sitemap.xml" "Mozilla/5.0 AppleWebKit/537.36 (KHTML, like Gecko; compatible; GPTBot/1.3; +https://openai.com/gptbot)"
74.7.227.176 - - [08/Apr/2026:12:18:37 +0000] "GET /item/6911939?d=%2Fhome%2Frwabteecom%2Fpublic_html%2Fpublic%2Fimages HTTP/1.1" 200 145721 "http://rwabtee.com/item/6911939" "Mozilla/5.0 AppleWebKit/537.36 (KHTML, like Gecko; compatible; GPTBot/1.3; +https://openai.com/gptbot)"
2001:41d0:303:71ad::1 - - [08/Apr/2026:12:18:37 +0000] "GET /?d=/home/rwabteecom/public_html/public/uploads/vcards/gallery/123 HTTP/1.1" 200 4739 "-" "Mozilla/5.0 (compatible; MJ12bot/v1.4.8; http://mj12bot.com/)"
74.7.227.176 - - [08/Apr/2026:12:18:37 +0000] "GET /item/5705282 HTTP/1.1" 200 39614 "http://rwabtee.com/item/6240414?d=%2Fhome%2Frwabteecom%2Fpublic_html%2Fpublic&edit=sitemap.xml" "Mozilla/5.0 AppleWebKit/537.36 (KHTML, like Gecko; compatible; GPTBot/1.3; +https://openai.com/gptbot)"
74.7.227.176 - - [08/Apr/2026:12:18:38 +0000] "GET /item/4806150 HTTP/1.1" 200 39614 "http://rwabtee.com/item/6240414?d=%2Fhome%2Frwabteecom%2Fpublic_html%2Fpublic&edit=sitemap.xml" "Mozilla/5.0 AppleWebKit/537.36 (KHTML, like Gecko; compatible; GPTBot/1.3; +https://openai.com/gptbot)"
74.7.227.176 - - [08/Apr/2026:12:18:38 +0000] "GET /item/7663124?d=%2Fhome%2Frwabteecom%2Fpublic_html%2Fpublic%2Fvendor HTTP/1.1" 200 8172 "http://rwabtee.com/item/7663124" "Mozilla/5.0 AppleWebKit/537.36 (KHTML, like Gecko; compatible; GPTBot/1.3; +https://openai.com/gptbot)"
74.7.227.176 - - [08/Apr/2026:12:18:39 +0000] "GET /item/7663124?d=%2Fhome%2Frwabteecom%2Fpublic_html%2Fpublic&edit=robots.txt HTTP/1.1" 404 - "http://rwabtee.com/item/7663124" "Mozilla/5.0 AppleWebKit/537.36 (KHTML, like Gecko; compatible; GPTBot/1.3; +https://openai.com/gptbot)"
2001:41d0:303:71ad::1 - - [08/Apr/2026:12:18:39 +0000] "GET /?d=/home/rwabteecom/public_html/public/uploads/vcards/gallery/132 HTTP/1.1" 200 4719 "-" "Mozilla/5.0 (compatible; MJ12bot/v1.4.8; http://mj12bot.com/)"
74.7.227.176 - - [08/Apr/2026:12:18:39 +0000] "GET /item/7382255 HTTP/1.1" 200 39614 "http://rwabtee.com/item/6240414?d=%2Fhome%2Frwabteecom%2Fpublic_html%2Fpublic&edit=sitemap.xml" "Mozilla/5.0 AppleWebKit/537.36 (KHTML, like Gecko; compatible; GPTBot/1.3; +https://openai.com/gptbot)"
74.7.227.176 - - [08/Apr/2026:12:18:40 +0000] "GET /item/6151712 HTTP/1.1" 200 39614 "http://rwabtee.com/item/6240414?d=%2Fhome%2Frwabteecom%2Fpublic_html%2Fpublic&edit=sitemap.xml" "Mozilla/5.0 AppleWebKit/537.36 (KHTML, like Gecko; compatible; GPTBot/1.3; +https://openai.com/gptbot)"
74.7.227.176 - - [08/Apr/2026:12:18:40 +0000] "GET /item/4772868 HTTP/1.1" 200 39614 "http://rwabtee.com/item/6240414?d=%2Fhome%2Frwabteecom%2Fpublic_html%2Fpublic&edit=sitemap.xml" "Mozilla/5.0 AppleWebKit/537.36 (KHTML, like Gecko; compatible; GPTBot/1.3; +https://openai.com/gptbot)"
2001:41d0:303:71ad::1 - - [08/Apr/2026:12:18:41 +0000] "GET /?d=/home/rwabteecom/public_html/public/uploads/vcards/gallery/133 HTTP/1.1" 200 4722 "-" "Mozilla/5.0 (compatible; MJ12bot/v1.4.8; http://mj12bot.com/)"
74.7.227.176 - - [08/Apr/2026:12:18:41 +0000] "GET /item/6082094 HTTP/1.1" 200 39614 "http://rwabtee.com/item/6240414?d=%2Fhome%2Frwabteecom%2Fpublic_html%2Fpublic&edit=sitemap.xml" "Mozilla/5.0 AppleWebKit/537.36 (KHTML, like Gecko; compatible; GPTBot/1.3; +https://openai.com/gptbot)"
74.7.227.176 - - [08/Apr/2026:12:18:41 +0000] "GET /item/5218270 HTTP/1.1" 200 39614 "http://rwabtee.com/item/6240414?d=%2Fhome%2Frwabteecom%2Fpublic_html%2Fpublic&edit=sitemap.xml" "Mozilla/5.0 AppleWebKit/537.36 (KHTML, like Gecko; compatible; GPTBot/1.3; +https://openai.com/gptbot)"
74.7.227.176 - - [08/Apr/2026:12:18:42 +0000] "GET /item/7704032 HTTP/1.1" 200 39614 "http://rwabtee.com/item/6240414?d=%2Fhome%2Frwabteecom%2Fpublic_html%2Fpublic&edit=sitemap.xml" "Mozilla/5.0 AppleWebKit/537.36 (KHTML, like Gecko; compatible; GPTBot/1.3; +https://openai.com/gptbot)"
2001:41d0:303:71ad::1 - - [08/Apr/2026:12:18:42 +0000] "GET /?d=/home/rwabteecom/public_html/public/uploads/vcards/gallery/134 HTTP/1.1" 200 4707 "-" "Mozilla/5.0 (compatible; MJ12bot/v1.4.8; http://mj12bot.com/)"
74.7.227.176 - - [08/Apr/2026:12:18:42 +0000] "GET /item/6890388 HTTP/1.1" 200 39614 "http://rwabtee.com/item/6240414?d=%2Fhome%2Frwabteecom%2Fpublic_html%2Fpublic&edit=sitemap.xml" "Mozilla/5.0 AppleWebKit/537.36 (KHTML, like Gecko; compatible; GPTBot/1.3; +https://openai.com/gptbot)"
74.7.227.176 - - [08/Apr/2026:12:18:43 +0000] "GET /item/6285326 HTTP/1.1" 200 39614 "http://rwabtee.com/item/6240414?d=%2Fhome%2Frwabteecom%2Fpublic_html%2Fpublic&edit=sitemap.xml" "Mozilla/5.0 AppleWebKit/537.36 (KHTML, like Gecko; compatible; GPTBot/1.3; +https://openai.com/gptbot)"
74.7.227.176 - - [08/Apr/2026:12:18:43 +0000] "GET /item/7443657 HTTP/1.1" 200 39614 "http://rwabtee.com/item/6240414?d=%2Fhome%2Frwabteecom%2Fpublic_html%2Fpublic&edit=sitemap.xml" "Mozilla/5.0 AppleWebKit/537.36 (KHTML, like Gecko; compatible; GPTBot/1.3; +https://openai.com/gptbot)"
2001:41d0:303:71ad::1 - - [08/Apr/2026:12:18:44 +0000] "GET /?d=/home/rwabteecom/public_html/public/uploads/vcards/gallery/135 HTTP/1.1" 200 4707 "-" "Mozilla/5.0 (compatible; MJ12bot/v1.4.8; http://mj12bot.com/)"
74.7.227.176 - - [08/Apr/2026:12:18:44 +0000] "GET /item/7473672 HTTP/1.1" 200 39614 "http://rwabtee.com/item/6240414?d=%2Fhome%2Frwabteecom%2Fpublic_html%2Fpublic&edit=sitemap.xml" "Mozilla/5.0 AppleWebKit/537.36 (KHTML, like Gecko; compatible; GPTBot/1.3; +https://openai.com/gptbot)"
74.7.227.176 - - [08/Apr/2026:12:18:44 +0000] "GET /item/6460290 HTTP/1.1" 200 39614 "http://rwabtee.com/item/6240414?d=%2Fhome%2Frwabteecom%2Fpublic_html%2Fpublic&edit=sitemap.xml" "Mozilla/5.0 AppleWebKit/537.36 (KHTML, like Gecko; compatible; GPTBot/1.3; +https://openai.com/gptbot)"
74.7.227.176 - - [08/Apr/2026:12:18:45 +0000] "GET /item/7338854 HTTP/1.1" 200 39614 "http://rwabtee.com/item/6240414?d=%2Fhome%2Frwabteecom%2Fpublic_html%2Fpublic&edit=sitemap.xml" "Mozilla/5.0 AppleWebKit/537.36 (KHTML, like Gecko; compatible; GPTBot/1.3; +https://openai.com/gptbot)"
2001:41d0:303:71ad::1 - - [08/Apr/2026:12:18:45 +0000] "GET /?d=/home/rwabteecom/public_html/public/uploads/vcards/gallery/15 HTTP/1.1" 200 4807 "-" "Mozilla/5.0 (compatible; MJ12bot/v1.4.8; http://mj12bot.com/)"
74.7.227.176 - - [08/Apr/2026:12:18:45 +0000] "GET /item/5644900 HTTP/1.1" 200 39614 "http://rwabtee.com/item/6240414?d=%2Fhome%2Frwabteecom%2Fpublic_html%2Fpublic&edit=sitemap.xml" "Mozilla/5.0 AppleWebKit/537.36 (KHTML, like Gecko; compatible; GPTBot/1.3; +https://openai.com/gptbot)"
74.7.227.176 - - [08/Apr/2026:12:18:46 +0000] "GET /item/7481358 HTTP/1.1" 200 39614 "http://rwabtee.com/item/6240414?d=%2Fhome%2Frwabteecom%2Fpublic_html%2Fpublic&edit=sitemap.xml" "Mozilla/5.0 AppleWebKit/537.36 (KHTML, like Gecko; compatible; GPTBot/1.3; +https://openai.com/gptbot)"
74.7.227.176 - - [08/Apr/2026:12:18:47 +0000] "GET /item/6228313 HTTP/1.1" 200 39614 "http://rwabtee.com/item/6240414?d=%2Fhome%2Frwabteecom%2Fpublic_html%2Fpublic&edit=sitemap.xml" "Mozilla/5.0 AppleWebKit/537.36 (KHTML, like Gecko; compatible; GPTBot/1.3; +https://openai.com/gptbot)"
74.7.227.176 - - [08/Apr/2026:12:18:47 +0000] "GET /item/6388579 HTTP/1.1" 200 39614 "http://rwabtee.com/item/6240414?d=%2Fhome%2Frwabteecom%2Fpublic_html%2Fpublic&edit=sitemap.xml" "Mozilla/5.0 AppleWebKit/537.36 (KHTML, like Gecko; compatible; GPTBot/1.3; +https://openai.com/gptbot)"
2001:41d0:303:71ad::1 - - [08/Apr/2026:12:18:47 +0000] "GET /?d=/home/rwabteecom/public_html/public/uploads/vcards/gallery/150 HTTP/1.1" 200 4735 "-" "Mozilla/5.0 (compatible; MJ12bot/v1.4.8; http://mj12bot.com/)"
74.7.227.176 - - [08/Apr/2026:12:18:48 +0000] "GET /item/5969107 HTTP/1.1" 200 39614 "http://rwabtee.com/item/6240414?d=%2Fhome%2Frwabteecom%2Fpublic_html%2Fpublic&edit=sitemap.xml" "Mozilla/5.0 AppleWebKit/537.36 (KHTML, like Gecko; compatible; GPTBot/1.3; +https://openai.com/gptbot)"
74.7.227.176 - - [08/Apr/2026:12:18:48 +0000] "GET /item/5654295 HTTP/1.1" 200 39614 "http://rwabtee.com/item/6240414?d=%2Fhome%2Frwabteecom%2Fpublic_html%2Fpublic&edit=sitemap.xml" "Mozilla/5.0 AppleWebKit/537.36 (KHTML, like Gecko; compatible; GPTBot/1.3; +https://openai.com/gptbot)"
2001:41d0:303:71ad::1 - - [08/Apr/2026:12:18:49 +0000] "GET /?d=/home/rwabteecom/public_html/public/uploads/vcards/gallery/151 HTTP/1.1" 200 4735 "-" "Mozilla/5.0 (compatible; MJ12bot/v1.4.8; http://mj12bot.com/)"
74.7.227.176 - - [08/Apr/2026:12:18:49 +0000] "GET /item/5433101 HTTP/1.1" 200 39614 "http://rwabtee.com/item/6240414?d=%2Fhome%2Frwabteecom%2Fpublic_html%2Fpublic&edit=sitemap.xml" "Mozilla/5.0 AppleWebKit/537.36 (KHTML, like Gecko; compatible; GPTBot/1.3; +https://openai.com/gptbot)"
74.7.227.176 - - [08/Apr/2026:12:18:49 +0000] "GET /item/7498415 HTTP/1.1" 200 39614 "http://rwabtee.com/item/6240414?d=%2Fhome%2Frwabteecom%2Fpublic_html%2Fpublic&edit=sitemap.xml" "Mozilla/5.0 AppleWebKit/537.36 (KHTML, like Gecko; compatible; GPTBot/1.3; +https://openai.com/gptbot)"
74.7.227.176 - - [08/Apr/2026:12:18:50 +0000] "GET /item/7473672?d=%2Fhome%2Frwabteecom%2Fpublic_html%2Fpublic&edit=sitemap.txt HTTP/1.1" 404 - "http://rwabtee.com/item/7473672" "Mozilla/5.0 AppleWebKit/537.36 (KHTML, like Gecko; compatible; GPTBot/1.3; +https://openai.com/gptbot)"
74.7.227.176 - - [08/Apr/2026:12:18:50 +0000] "GET /item/6193905 HTTP/1.1" 200 39614 "http://rwabtee.com/item/6240414?d=%2Fhome%2Frwabteecom%2Fpublic_html%2Fpublic&edit=sitemap.xml" "Mozilla/5.0 AppleWebKit/537.36 (KHTML, like Gecko; compatible; GPTBot/1.3; +https://openai.com/gptbot)"
2001:41d0:303:71ad::1 - - [08/Apr/2026:12:18:50 +0000] "GET /?d=/home/rwabteecom/public_html/public/uploads/vcards/gallery/152 HTTP/1.1" 200 4734 "-" "Mozilla/5.0 (compatible; MJ12bot/v1.4.8; http://mj12bot.com/)"
74.7.227.176 - - [08/Apr/2026:12:18:51 +0000] "GET /item/5798329 HTTP/1.1" 200 39614 "http://rwabtee.com/item/6240414?d=%2Fhome%2Frwabteecom%2Fpublic_html%2Fpublic&edit=sitemap.xml" "Mozilla/5.0 AppleWebKit/537.36 (KHTML, like Gecko; compatible; GPTBot/1.3; +https://openai.com/gptbot)"
74.7.227.176 - - [08/Apr/2026:12:18:51 +0000] "GET /item/5644900?d=%2Fhome%2Frwabteecom%2Fpublic_html HTTP/1.1" 200 42014 "http://rwabtee.com/item/5644900" "Mozilla/5.0 AppleWebKit/537.36 (KHTML, like Gecko; compatible; GPTBot/1.3; +https://openai.com/gptbot)"
74.7.227.176 - - [08/Apr/2026:12:18:52 +0000] "GET /item/7076551 HTTP/1.1" 200 39614 "http://rwabtee.com/item/6240414?d=%2Fhome%2Frwabteecom%2Fpublic_html%2Fpublic&edit=sitemap.xml" "Mozilla/5.0 AppleWebKit/537.36 (KHTML, like Gecko; compatible; GPTBot/1.3; +https://openai.com/gptbot)"
2001:41d0:303:71ad::1 - - [08/Apr/2026:12:18:52 +0000] "GET /?d=/home/rwabteecom/public_html/public/uploads/vcards/gallery/167 HTTP/1.1" 200 4743 "-" "Mozilla/5.0 (compatible; MJ12bot/v1.4.8; http://mj12bot.com/)"
74.7.227.176 - - [08/Apr/2026:12:18:53 +0000] "GET /item/6250765 HTTP/1.1" 200 39614 "http://rwabtee.com/item/6240414?d=%2Fhome%2Frwabteecom%2Fpublic_html%2Fpublic&edit=sitemap.xml" "Mozilla/5.0 AppleWebKit/537.36 (KHTML, like Gecko; compatible; GPTBot/1.3; +https://openai.com/gptbot)"
74.7.227.176 - - [08/Apr/2026:12:18:53 +0000] "GET /item/7389158 HTTP/1.1" 200 39614 "http://rwabtee.com/item/6240414?d=%2Fhome%2Frwabteecom%2Fpublic_html%2Fpublic&edit=sitemap.xml" "Mozilla/5.0 AppleWebKit/537.36 (KHTML, like Gecko; compatible; GPTBot/1.3; +https://openai.com/gptbot)"
74.7.227.176 - - [08/Apr/2026:12:18:53 +0000] "GET /item/6033549 HTTP/1.1" 200 39614 "http://rwabtee.com/item/6240414?d=%2Fhome%2Frwabteecom%2Fpublic_html%2Fpublic&edit=sitemap.xml" "Mozilla/5.0 AppleWebKit/537.36 (KHTML, like Gecko; compatible; GPTBot/1.3; +https://openai.com/gptbot)"
2001:41d0:303:71ad::1 - - [08/Apr/2026:12:18:54 +0000] "GET /?d=/home/rwabteecom/public_html/public/uploads/vcards/gallery/17 HTTP/1.1" 200 4806 "-" "Mozilla/5.0 (compatible; MJ12bot/v1.4.8; http://mj12bot.com/)"
74.7.227.176 - - [08/Apr/2026:12:18:54 +0000] "GET /item/5654295?d=%2Fhome%2Frwabteecom%2Fpublic_html%2Fpublic%2Fvendor HTTP/1.1" 200 8172 "http://rwabtee.com/item/5654295" "Mozilla/5.0 AppleWebKit/537.36 (KHTML, like Gecko; compatible; GPTBot/1.3; +https://openai.com/gptbot)"
74.7.227.176 - - [08/Apr/2026:12:18:54 +0000] "GET /item/5426460 HTTP/1.1" 200 39614 "http://rwabtee.com/item/6240414?d=%2Fhome%2Frwabteecom%2Fpublic_html%2Fpublic&edit=sitemap.xml" "Mozilla/5.0 AppleWebKit/537.36 (KHTML, like Gecko; compatible; GPTBot/1.3; +https://openai.com/gptbot)"
74.7.227.176 - - [08/Apr/2026:12:18:55 +0000] "GET /item/5172400 HTTP/1.1" 200 39614 "http://rwabtee.com/item/6240414?d=%2Fhome%2Frwabteecom%2Fpublic_html%2Fpublic&edit=sitemap.xml" "Mozilla/5.0 AppleWebKit/537.36 (KHTML, like Gecko; compatible; GPTBot/1.3; +https://openai.com/gptbot)"
74.7.227.176 - - [08/Apr/2026:12:18:55 +0000] "GET /item/5512327 HTTP/1.1" 200 39614 "http://rwabtee.com/item/6240414?d=%2Fhome%2Frwabteecom%2Fpublic_html%2Fpublic&edit=sitemap.xml" "Mozilla/5.0 AppleWebKit/537.36 (KHTML, like Gecko; compatible; GPTBot/1.3; +https://openai.com/gptbot)"
2001:41d0:303:71ad::1 - - [08/Apr/2026:12:18:56 +0000] "GET /?d=/home/rwabteecom/public_html/public/uploads/vcards/gallery/18 HTTP/1.1" 200 4807 "-" "Mozilla/5.0 (compatible; MJ12bot/v1.4.8; http://mj12bot.com/)"
74.7.227.176 - - [08/Apr/2026:12:18:56 +0000] "GET /item/6209732 HTTP/1.1" 200 39614 "http://rwabtee.com/item/6240414?d=%2Fhome%2Frwabteecom%2Fpublic_html%2Fpublic&edit=sitemap.xml" "Mozilla/5.0 AppleWebKit/537.36 (KHTML, like Gecko; compatible; GPTBot/1.3; +https://openai.com/gptbot)"
74.7.227.176 - - [08/Apr/2026:12:18:56 +0000] "GET /item/6583556 HTTP/1.1" 200 39614 "http://rwabtee.com/item/6240414?d=%2Fhome%2Frwabteecom%2Fpublic_html%2Fpublic&edit=sitemap.xml" "Mozilla/5.0 AppleWebKit/537.36 (KHTML, like Gecko; compatible; GPTBot/1.3; +https://openai.com/gptbot)"
74.7.227.176 - - [08/Apr/2026:12:18:57 +0000] "GET /item/5644900?d=%2Fhome%2Frwabteecom%2Fpublic_html&edit=.gitattributes HTTP/1.1" 200 2412 "http://rwabtee.com/item/5644900?d=%2Fhome%2Frwabteecom%2Fpublic_html" "Mozilla/5.0 AppleWebKit/537.36 (KHTML, like Gecko; compatible; GPTBot/1.3; +https://openai.com/gptbot)"
2001:41d0:303:71ad::1 - - [08/Apr/2026:12:18:57 +0000] "GET /?d=/home/rwabteecom/public_html/public/uploads/vcards/gallery/183 HTTP/1.1" 200 4706 "-" "Mozilla/5.0 (compatible; MJ12bot/v1.4.8; http://mj12bot.com/)"
74.7.227.176 - - [08/Apr/2026:12:18:58 +0000] "GET /item/6837862 HTTP/1.1" 200 39614 "http://rwabtee.com/item/6240414?d=%2Fhome%2Frwabteecom%2Fpublic_html%2Fpublic&edit=sitemap.xml" "Mozilla/5.0 AppleWebKit/537.36 (KHTML, like Gecko; compatible; GPTBot/1.3; +https://openai.com/gptbot)"
74.7.227.176 - - [08/Apr/2026:12:18:58 +0000] "GET /item/6872698 HTTP/1.1" 200 39614 "http://rwabtee.com/item/6240414?d=%2Fhome%2Frwabteecom%2Fpublic_html%2Fpublic&edit=sitemap.xml" "Mozilla/5.0 AppleWebKit/537.36 (KHTML, like Gecko; compatible; GPTBot/1.3; +https://openai.com/gptbot)"
74.7.227.176 - - [08/Apr/2026:12:18:59 +0000] "GET /item/5781625 HTTP/1.1" 200 39614 "http://rwabtee.com/item/6240414?d=%2Fhome%2Frwabteecom%2Fpublic_html%2Fpublic&edit=sitemap.xml" "Mozilla/5.0 AppleWebKit/537.36 (KHTML, like Gecko; compatible; GPTBot/1.3; +https://openai.com/gptbot)"
2001:41d0:303:71ad::1 - - [08/Apr/2026:12:18:59 +0000] "GET /?d=/home/rwabteecom/public_html/public/uploads/vcards/gallery/184 HTTP/1.1" 200 4706 "-" "Mozilla/5.0 (compatible; MJ12bot/v1.4.8; http://mj12bot.com/)"
74.7.227.176 - - [08/Apr/2026:12:18:59 +0000] "GET /item/6755897 HTTP/1.1" 200 39614 "http://rwabtee.com/item/6240414?d=%2Fhome%2Frwabteecom%2Fpublic_html%2Fpublic&edit=sitemap.xml" "Mozilla/5.0 AppleWebKit/537.36 (KHTML, like Gecko; compatible; GPTBot/1.3; +https://openai.com/gptbot)"
74.7.227.176 - - [08/Apr/2026:12:19:00 +0000] "GET /item/7695451 HTTP/1.1" 200 39614 "http://rwabtee.com/item/6240414?d=%2Fhome%2Frwabteecom%2Fpublic_html%2Fpublic&edit=sitemap.xml" "Mozilla/5.0 AppleWebKit/537.36 (KHTML, like Gecko; compatible; GPTBot/1.3; +https://openai.com/gptbot)"
74.7.227.176 - - [08/Apr/2026:12:19:00 +0000] "GET /item/6855354 HTTP/1.1" 200 39614 "http://rwabtee.com/item/6240414?d=%2Fhome%2Frwabteecom%2Fpublic_html%2Fpublic&edit=sitemap.xml" "Mozilla/5.0 AppleWebKit/537.36 (KHTML, like Gecko; compatible; GPTBot/1.3; +https://openai.com/gptbot)"
2001:41d0:303:71ad::1 - - [08/Apr/2026:12:19:01 +0000] "GET /?d=/home/rwabteecom/public_html/public/uploads/vcards/gallery/185 HTTP/1.1" 200 4705 "-" "Mozilla/5.0 (compatible; MJ12bot/v1.4.8; http://mj12bot.com/)"
74.7.227.176 - - [08/Apr/2026:12:19:01 +0000] "GET /item/5824995 HTTP/1.1" 200 39614 "http://rwabtee.com/item/6240414?d=%2Fhome%2Frwabteecom%2Fpublic_html%2Fpublic&edit=sitemap.xml" "Mozilla/5.0 AppleWebKit/537.36 (KHTML, like Gecko; compatible; GPTBot/1.3; +https://openai.com/gptbot)"
74.7.227.176 - - [08/Apr/2026:12:19:01 +0000] "GET /item/7437588 HTTP/1.1" 200 39614 "http://rwabtee.com/item/6240414?d=%2Fhome%2Frwabteecom%2Fpublic_html%2Fpublic&edit=sitemap.xml" "Mozilla/5.0 AppleWebKit/537.36 (KHTML, like Gecko; compatible; GPTBot/1.3; +https://openai.com/gptbot)"
74.7.227.176 - - [08/Apr/2026:12:19:02 +0000] "GET /item/7320612 HTTP/1.1" 200 39614 "http://rwabtee.com/item/6240414?d=%2Fhome%2Frwabteecom%2Fpublic_html%2Fpublic&edit=sitemap.xml" "Mozilla/5.0 AppleWebKit/537.36 (KHTML, like Gecko; compatible; GPTBot/1.3; +https://openai.com/gptbot)"
2001:41d0:303:71ad::1 - - [08/Apr/2026:12:19:02 +0000] "GET /?d=/home/rwabteecom/public_html/public/uploads/vcards/gallery/19 HTTP/1.1" 200 4807 "-" "Mozilla/5.0 (compatible; MJ12bot/v1.4.8; http://mj12bot.com/)"
74.7.227.176 - - [08/Apr/2026:12:19:02 +0000] "GET /item/6583556?d=%2Fhome%2Frwabteecom%2Fpublic_html%2Fpublic&edit=robots.txt HTTP/1.1" 404 - "http://rwabtee.com/item/6583556" "Mozilla/5.0 AppleWebKit/537.36 (KHTML, like Gecko; compatible; GPTBot/1.3; +https://openai.com/gptbot)"
74.7.227.176 - - [08/Apr/2026:12:19:03 +0000] "GET /item/5170605 HTTP/1.1" 200 39614 "http://rwabtee.com/item/6240414?d=%2Fhome%2Frwabteecom%2Fpublic_html%2Fpublic&edit=sitemap.xml" "Mozilla/5.0 AppleWebKit/537.36 (KHTML, like Gecko; compatible; GPTBot/1.3; +https://openai.com/gptbot)"
74.7.227.176 - - [08/Apr/2026:12:19:03 +0000] "GET /item/5979526 HTTP/1.1" 200 39614 "http://rwabtee.com/item/6240414?d=%2Fhome%2Frwabteecom%2Fpublic_html%2Fpublic&edit=sitemap.xml" "Mozilla/5.0 AppleWebKit/537.36 (KHTML, like Gecko; compatible; GPTBot/1.3; +https://openai.com/gptbot)"
2001:41d0:303:71ad::1 - - [08/Apr/2026:12:19:04 +0000] "GET /?d=/home/rwabteecom/public_html/public/uploads/vcards/gallery/20 HTTP/1.1" 200 4807 "-" "Mozilla/5.0 (compatible; MJ12bot/v1.4.8; http://mj12bot.com/)"
74.7.227.176 - - [08/Apr/2026:12:19:04 +0000] "GET /item/6588543 HTTP/1.1" 200 39614 "http://rwabtee.com/item/6240414?d=%2Fhome%2Frwabteecom%2Fpublic_html%2Fpublic&edit=sitemap.xml" "Mozilla/5.0 AppleWebKit/537.36 (KHTML, like Gecko; compatible; GPTBot/1.3; +https://openai.com/gptbot)"
74.7.227.176 - - [08/Apr/2026:12:19:04 +0000] "GET /item/6279597 HTTP/1.1" 200 39614 "http://rwabtee.com/item/6240414?d=%2Fhome%2Frwabteecom%2Fpublic_html%2Fpublic&edit=sitemap.xml" "Mozilla/5.0 AppleWebKit/537.36 (KHTML, like Gecko; compatible; GPTBot/1.3; +https://openai.com/gptbot)"
74.7.227.176 - - [08/Apr/2026:12:19:05 +0000] "GET /item/6755897?d=%2Fhome%2Frwabteecom%2Fpublic_html%2Fpublic%2Fuploads HTTP/1.1" 200 16021 "http://rwabtee.com/item/6755897" "Mozilla/5.0 AppleWebKit/537.36 (KHTML, like Gecko; compatible; GPTBot/1.3; +https://openai.com/gptbot)"
