74.7.227.176 - - [08/Apr/2026:12:19:05 +0000] "GET /item/7695451?d=%2Fhome%2Frwabteecom%2Fpublic_html%2Fpublic%2Fjs HTTP/1.1" 200 5800 "http://rwabtee.com/item/7695451" "Mozilla/5.0 AppleWebKit/537.36 (KHTML, like Gecko; compatible; GPTBot/1.3; +https://openai.com/gptbot)"
2001:41d0:303:71ad::1 - - [08/Apr/2026:12:19:05 +0000] "GET /?d=/home/rwabteecom/public_html/public/uploads/vcards/gallery/200 HTTP/1.1" 200 4743 "-" "Mozilla/5.0 (compatible; MJ12bot/v1.4.8; http://mj12bot.com/)"
74.7.227.176 - - [08/Apr/2026:12:19:06 +0000] "GET /item/5198461 HTTP/1.1" 200 39614 "http://rwabtee.com/item/6240414?d=%2Fhome%2Frwabteecom%2Fpublic_html%2Fpublic&edit=sitemap.xml" "Mozilla/5.0 AppleWebKit/537.36 (KHTML, like Gecko; compatible; GPTBot/1.3; +https://openai.com/gptbot)"
74.7.227.176 - - [08/Apr/2026:12:19:06 +0000] "GET /item/5204614 HTTP/1.1" 200 39614 "http://rwabtee.com/item/6240414?d=%2Fhome%2Frwabteecom%2Fpublic_html%2Fpublic&edit=sitemap.xml" "Mozilla/5.0 AppleWebKit/537.36 (KHTML, like Gecko; compatible; GPTBot/1.3; +https://openai.com/gptbot)"
74.7.227.176 - - [08/Apr/2026:12:19:07 +0000] "GET /item/7256939 HTTP/1.1" 200 39614 "http://rwabtee.com/item/6240414?d=%2Fhome%2Frwabteecom%2Fpublic_html%2Fpublic&edit=sitemap.xml" "Mozilla/5.0 AppleWebKit/537.36 (KHTML, like Gecko; compatible; GPTBot/1.3; +https://openai.com/gptbot)"
2001:41d0:303:71ad::1 - - [08/Apr/2026:12:19:07 +0000] "GET /?d=/home/rwabteecom/public_html/public/uploads/vcards/gallery/201 HTTP/1.1" 200 4743 "-" "Mozilla/5.0 (compatible; MJ12bot/v1.4.8; http://mj12bot.com/)"
74.7.227.176 - - [08/Apr/2026:12:19:07 +0000] "GET /item/6334582 HTTP/1.1" 200 39614 "http://rwabtee.com/item/6240414?d=%2Fhome%2Frwabteecom%2Fpublic_html%2Fpublic&edit=sitemap.xml" "Mozilla/5.0 AppleWebKit/537.36 (KHTML, like Gecko; compatible; GPTBot/1.3; +https://openai.com/gptbot)"
74.7.227.176 - - [08/Apr/2026:12:19:08 +0000] "GET /item/6284772 HTTP/1.1" 200 39614 "http://rwabtee.com/item/6240414?d=%2Fhome%2Frwabteecom%2Fpublic_html%2Fpublic&edit=sitemap.xml" "Mozilla/5.0 AppleWebKit/537.36 (KHTML, like Gecko; compatible; GPTBot/1.3; +https://openai.com/gptbot)"
74.7.227.176 - - [08/Apr/2026:12:19:08 +0000] "GET /item/5890964 HTTP/1.1" 200 39614 "http://rwabtee.com/item/6240414?d=%2Fhome%2Frwabteecom%2Fpublic_html%2Fpublic&edit=sitemap.xml" "Mozilla/5.0 AppleWebKit/537.36 (KHTML, like Gecko; compatible; GPTBot/1.3; +https://openai.com/gptbot)"
2001:41d0:303:71ad::1 - - [08/Apr/2026:12:19:09 +0000] "GET /?d=/home/rwabteecom/public_html/public/uploads/vcards/gallery/202 HTTP/1.1" 200 4743 "-" "Mozilla/5.0 (compatible; MJ12bot/v1.4.8; http://mj12bot.com/)"
74.7.227.176 - - [08/Apr/2026:12:19:09 +0000] "GET /item/4722091 HTTP/1.1" 200 39614 "http://rwabtee.com/item/6240414?d=%2Fhome%2Frwabteecom%2Fpublic_html%2Fpublic&edit=sitemap.xml" "Mozilla/5.0 AppleWebKit/537.36 (KHTML, like Gecko; compatible; GPTBot/1.3; +https://openai.com/gptbot)"
74.7.227.176 - - [08/Apr/2026:12:19:10 +0000] "GET /item/6711346 HTTP/1.1" 200 39614 "http://rwabtee.com/item/6240414?d=%2Fhome%2Frwabteecom%2Fpublic_html%2Fpublic&edit=sitemap.xml" "Mozilla/5.0 AppleWebKit/537.36 (KHTML, like Gecko; compatible; GPTBot/1.3; +https://openai.com/gptbot)"
74.7.227.176 - - [08/Apr/2026:12:19:10 +0000] "GET /item/6574204 HTTP/1.1" 200 39614 "http://rwabtee.com/item/6240414?d=%2Fhome%2Frwabteecom%2Fpublic_html%2Fpublic&edit=sitemap.xml" "Mozilla/5.0 AppleWebKit/537.36 (KHTML, like Gecko; compatible; GPTBot/1.3; +https://openai.com/gptbot)"
2001:41d0:303:71ad::1 - - [08/Apr/2026:12:19:10 +0000] "GET /?d=/home/rwabteecom/public_html/public/uploads/vcards/gallery/21 HTTP/1.1" 200 4807 "-" "Mozilla/5.0 (compatible; MJ12bot/v1.4.8; http://mj12bot.com/)"
74.7.227.176 - - [08/Apr/2026:12:19:11 +0000] "GET /item/5455026 HTTP/1.1" 200 39614 "http://rwabtee.com/item/6240414?d=%2Fhome%2Frwabteecom%2Fpublic_html%2Fpublic&edit=sitemap.xml" "Mozilla/5.0 AppleWebKit/537.36 (KHTML, like Gecko; compatible; GPTBot/1.3; +https://openai.com/gptbot)"
74.7.227.176 - - [08/Apr/2026:12:19:11 +0000] "GET /item/5150962 HTTP/1.1" 200 39614 "http://rwabtee.com/item/6240414?d=%2Fhome%2Frwabteecom%2Fpublic_html%2Fpublic&edit=sitemap.xml" "Mozilla/5.0 AppleWebKit/537.36 (KHTML, like Gecko; compatible; GPTBot/1.3; +https://openai.com/gptbot)"
74.7.227.176 - - [08/Apr/2026:12:19:12 +0000] "GET /item/5198461?d=%2Fhome%2Frwabteecom%2Fpublic_html%2Fpublic&edit=OneSignalSDKWorker.js HTTP/1.1" 404 - "http://rwabtee.com/item/5198461" "Mozilla/5.0 AppleWebKit/537.36 (KHTML, like Gecko; compatible; GPTBot/1.3; +https://openai.com/gptbot)"
2001:41d0:303:71ad::1 - - [08/Apr/2026:12:19:12 +0000] "GET /?d=/home/rwabteecom/public_html/public/uploads/vcards/gallery/214 HTTP/1.1" 200 4743 "-" "Mozilla/5.0 (compatible; MJ12bot/v1.4.8; http://mj12bot.com/)"
74.7.227.176 - - [08/Apr/2026:12:19:12 +0000] "GET /item/6762515 HTTP/1.1" 200 39614 "http://rwabtee.com/item/6240414?d=%2Fhome%2Frwabteecom%2Fpublic_html%2Fpublic&edit=sitemap.xml" "Mozilla/5.0 AppleWebKit/537.36 (KHTML, like Gecko; compatible; GPTBot/1.3; +https://openai.com/gptbot)"
74.7.227.176 - - [08/Apr/2026:12:19:13 +0000] "GET /item/6424393 HTTP/1.1" 200 39614 "http://rwabtee.com/item/6240414?d=%2Fhome%2Frwabteecom%2Fpublic_html%2Fpublic&edit=sitemap.xml" "Mozilla/5.0 AppleWebKit/537.36 (KHTML, like Gecko; compatible; GPTBot/1.3; +https://openai.com/gptbot)"
74.7.227.176 - - [08/Apr/2026:12:19:13 +0000] "GET /item/5231502 HTTP/1.1" 200 39614 "http://rwabtee.com/item/6240414?d=%2Fhome%2Frwabteecom%2Fpublic_html%2Fpublic&edit=sitemap.xml" "Mozilla/5.0 AppleWebKit/537.36 (KHTML, like Gecko; compatible; GPTBot/1.3; +https://openai.com/gptbot)"
74.7.227.176 - - [08/Apr/2026:12:19:14 +0000] "GET /item/4813785 HTTP/1.1" 200 39614 "http://rwabtee.com/item/6240414?d=%2Fhome%2Frwabteecom%2Fpublic_html%2Fpublic&edit=sitemap.xml" "Mozilla/5.0 AppleWebKit/537.36 (KHTML, like Gecko; compatible; GPTBot/1.3; +https://openai.com/gptbot)"
2001:41d0:303:71ad::1 - - [08/Apr/2026:12:19:14 +0000] "GET /?d=/home/rwabteecom/public_html/public/uploads/vcards/gallery/215 HTTP/1.1" 200 4743 "-" "Mozilla/5.0 (compatible; MJ12bot/v1.4.8; http://mj12bot.com/)"
74.7.227.176 - - [08/Apr/2026:12:19:14 +0000] "GET /item/5774929 HTTP/1.1" 200 39614 "http://rwabtee.com/item/6240414?d=%2Fhome%2Frwabteecom%2Fpublic_html%2Fpublic&edit=sitemap.xml" "Mozilla/5.0 AppleWebKit/537.36 (KHTML, like Gecko; compatible; GPTBot/1.3; +https://openai.com/gptbot)"
74.7.227.176 - - [08/Apr/2026:12:19:15 +0000] "GET /item/5064677 HTTP/1.1" 200 39614 "http://rwabtee.com/item/6240414?d=%2Fhome%2Frwabteecom%2Fpublic_html%2Fpublic&edit=sitemap.xml" "Mozilla/5.0 AppleWebKit/537.36 (KHTML, like Gecko; compatible; GPTBot/1.3; +https://openai.com/gptbot)"
74.7.227.176 - - [08/Apr/2026:12:19:15 +0000] "GET /item/5178376 HTTP/1.1" 200 39614 "http://rwabtee.com/item/6240414?d=%2Fhome%2Frwabteecom%2Fpublic_html%2Fpublic&edit=sitemap.xml" "Mozilla/5.0 AppleWebKit/537.36 (KHTML, like Gecko; compatible; GPTBot/1.3; +https://openai.com/gptbot)"
2001:41d0:303:71ad::1 - - [08/Apr/2026:12:19:15 +0000] "GET /?d=/home/rwabteecom/public_html/public/uploads/vcards/gallery/216 HTTP/1.1" 200 4743 "-" "Mozilla/5.0 (compatible; MJ12bot/v1.4.8; http://mj12bot.com/)"
74.7.227.176 - - [08/Apr/2026:12:19:16 +0000] "GET /item/7390413 HTTP/1.1" 200 39614 "http://rwabtee.com/item/6240414?d=%2Fhome%2Frwabteecom%2Fpublic_html%2Fpublic&edit=sitemap.xml" "Mozilla/5.0 AppleWebKit/537.36 (KHTML, like Gecko; compatible; GPTBot/1.3; +https://openai.com/gptbot)"
74.7.227.176 - - [08/Apr/2026:12:19:16 +0000] "GET /item/6432199 HTTP/1.1" 200 39614 "http://rwabtee.com/item/6240414?d=%2Fhome%2Frwabteecom%2Fpublic_html%2Fpublic&edit=sitemap.xml" "Mozilla/5.0 AppleWebKit/537.36 (KHTML, like Gecko; compatible; GPTBot/1.3; +https://openai.com/gptbot)"
74.7.227.176 - - [08/Apr/2026:12:19:17 +0000] "GET /item/5150962?d=%2Fhome%2Frwabteecom%2Fpublic_html%2Fpublic%2Fuploads HTTP/1.1" 200 16021 "http://rwabtee.com/item/5150962" "Mozilla/5.0 AppleWebKit/537.36 (KHTML, like Gecko; compatible; GPTBot/1.3; +https://openai.com/gptbot)"
2001:41d0:303:71ad::1 - - [08/Apr/2026:12:19:17 +0000] "GET /?d=/home/rwabteecom/public_html/public/uploads/vcards/gallery/22 HTTP/1.1" 200 4807 "-" "Mozilla/5.0 (compatible; MJ12bot/v1.4.8; http://mj12bot.com/)"
74.7.227.176 - - [08/Apr/2026:12:19:17 +0000] "GET /item/7599621 HTTP/1.1" 200 39614 "http://rwabtee.com/item/6240414?d=%2Fhome%2Frwabteecom%2Fpublic_html%2Fpublic&edit=sitemap.xml" "Mozilla/5.0 AppleWebKit/537.36 (KHTML, like Gecko; compatible; GPTBot/1.3; +https://openai.com/gptbot)"
74.7.227.176 - - [08/Apr/2026:12:19:18 +0000] "GET /item/5991932 HTTP/1.1" 200 39614 "http://rwabtee.com/item/6240414?d=%2Fhome%2Frwabteecom%2Fpublic_html%2Fpublic&edit=sitemap.xml" "Mozilla/5.0 AppleWebKit/537.36 (KHTML, like Gecko; compatible; GPTBot/1.3; +https://openai.com/gptbot)"
74.7.227.176 - - [08/Apr/2026:12:19:18 +0000] "GET /item/6254501 HTTP/1.1" 200 39614 "http://rwabtee.com/item/6240414?d=%2Fhome%2Frwabteecom%2Fpublic_html%2Fpublic&edit=sitemap.xml" "Mozilla/5.0 AppleWebKit/537.36 (KHTML, like Gecko; compatible; GPTBot/1.3; +https://openai.com/gptbot)"
2001:41d0:303:71ad::1 - - [08/Apr/2026:12:19:19 +0000] "GET /?d=/home/rwabteecom/public_html/public/uploads/vcards/gallery/229 HTTP/1.1" 200 4763 "-" "Mozilla/5.0 (compatible; MJ12bot/v1.4.8; http://mj12bot.com/)"
74.7.227.176 - - [08/Apr/2026:12:19:19 +0000] "GET /item/7658525 HTTP/1.1" 200 39614 "http://rwabtee.com/item/6240414?d=%2Fhome%2Frwabteecom%2Fpublic_html%2Fpublic&edit=sitemap.xml" "Mozilla/5.0 AppleWebKit/537.36 (KHTML, like Gecko; compatible; GPTBot/1.3; +https://openai.com/gptbot)"
74.7.227.176 - - [08/Apr/2026:12:19:20 +0000] "GET /item/5813954 HTTP/1.1" 200 39614 "http://rwabtee.com/item/6240414?d=%2Fhome%2Frwabteecom%2Fpublic_html%2Fpublic&edit=sitemap.xml" "Mozilla/5.0 AppleWebKit/537.36 (KHTML, like Gecko; compatible; GPTBot/1.3; +https://openai.com/gptbot)"
74.7.227.176 - - [08/Apr/2026:12:19:20 +0000] "GET /item/5774929?d=%2Fhome%2Frwabteecom%2Fpublic_html%2Fpublic&edit=OneSignalSDKWorker+%281%29.js HTTP/1.1" 404 - "http://rwabtee.com/item/5774929" "Mozilla/5.0 AppleWebKit/537.36 (KHTML, like Gecko; compatible; GPTBot/1.3; +https://openai.com/gptbot)"
2001:41d0:303:71ad::1 - - [08/Apr/2026:12:19:21 +0000] "GET /?d=/home/rwabteecom/public_html/public/uploads/vcards/gallery/230 HTTP/1.1" 200 4762 "-" "Mozilla/5.0 (compatible; MJ12bot/v1.4.8; http://mj12bot.com/)"
74.7.227.176 - - [08/Apr/2026:12:19:21 +0000] "GET /item/5181122 HTTP/1.1" 200 39614 "http://rwabtee.com/item/6240414?d=%2Fhome%2Frwabteecom%2Fpublic_html%2Fpublic&edit=sitemap.xml" "Mozilla/5.0 AppleWebKit/537.36 (KHTML, like Gecko; compatible; GPTBot/1.3; +https://openai.com/gptbot)"
74.7.227.176 - - [08/Apr/2026:12:19:21 +0000] "GET /item/6382130 HTTP/1.1" 200 39614 "http://rwabtee.com/item/6240414?d=%2Fhome%2Frwabteecom%2Fpublic_html%2Fpublic&edit=sitemap.xml" "Mozilla/5.0 AppleWebKit/537.36 (KHTML, like Gecko; compatible; GPTBot/1.3; +https://openai.com/gptbot)"
74.7.227.176 - - [08/Apr/2026:12:19:22 +0000] "GET /item/5978846 HTTP/1.1" 200 39614 "http://rwabtee.com/item/6240414?d=%2Fhome%2Frwabteecom%2Fpublic_html%2Fpublic&edit=sitemap.xml" "Mozilla/5.0 AppleWebKit/537.36 (KHTML, like Gecko; compatible; GPTBot/1.3; +https://openai.com/gptbot)"
74.7.227.176 - - [08/Apr/2026:12:19:22 +0000] "GET /item/5799661 HTTP/1.1" 200 39614 "http://rwabtee.com/item/6240414?d=%2Fhome%2Frwabteecom%2Fpublic_html%2Fpublic&edit=sitemap.xml" "Mozilla/5.0 AppleWebKit/537.36 (KHTML, like Gecko; compatible; GPTBot/1.3; +https://openai.com/gptbot)"
2001:41d0:303:71ad::1 - - [08/Apr/2026:12:19:22 +0000] "GET /?d=/home/rwabteecom/public_html/public/uploads/vcards/gallery/231 HTTP/1.1" 200 4762 "-" "Mozilla/5.0 (compatible; MJ12bot/v1.4.8; http://mj12bot.com/)"
74.7.227.176 - - [08/Apr/2026:12:19:23 +0000] "GET /item/6300334 HTTP/1.1" 200 39614 "http://rwabtee.com/item/6240414?d=%2Fhome%2Frwabteecom%2Fpublic_html%2Fpublic&edit=sitemap.xml" "Mozilla/5.0 AppleWebKit/537.36 (KHTML, like Gecko; compatible; GPTBot/1.3; +https://openai.com/gptbot)"
74.7.227.176 - - [08/Apr/2026:12:19:23 +0000] "GET /item/7599621?d=%2Fhome%2Frwabteecom%2Fpublic_html%2Fpublic%2Fvendor HTTP/1.1" 200 8172 "http://rwabtee.com/item/7599621" "Mozilla/5.0 AppleWebKit/537.36 (KHTML, like Gecko; compatible; GPTBot/1.3; +https://openai.com/gptbot)"
74.7.227.176 - - [08/Apr/2026:12:19:24 +0000] "GET /item/5991932?d=%2Fhome%2Frwabteecom%2Fpublic_html%2Fpublic&edit=sw.js HTTP/1.1" 404 - "http://rwabtee.com/item/5991932" "Mozilla/5.0 AppleWebKit/537.36 (KHTML, like Gecko; compatible; GPTBot/1.3; +https://openai.com/gptbot)"
2001:41d0:303:71ad::1 - - [08/Apr/2026:12:19:24 +0000] "GET /?d=/home/rwabteecom/public_html/public/uploads/vcards/gallery/248 HTTP/1.1" 200 4815 "-" "Mozilla/5.0 (compatible; MJ12bot/v1.4.8; http://mj12bot.com/)"
74.7.227.176 - - [08/Apr/2026:12:19:24 +0000] "GET /item/7599621?d=%2Fhome%2Frwabteecom%2Fpublic_html%2Fpublic%2Finstall HTTP/1.1" 200 9824 "http://rwabtee.com/item/7599621" "Mozilla/5.0 AppleWebKit/537.36 (KHTML, like Gecko; compatible; GPTBot/1.3; +https://openai.com/gptbot)"
74.7.227.176 - - [08/Apr/2026:12:19:25 +0000] "GET /item/5520721 HTTP/1.1" 200 39614 "http://rwabtee.com/item/6240414?d=%2Fhome%2Frwabteecom%2Fpublic_html%2Fpublic&edit=sitemap.xml" "Mozilla/5.0 AppleWebKit/537.36 (KHTML, like Gecko; compatible; GPTBot/1.3; +https://openai.com/gptbot)"
74.7.227.176 - - [08/Apr/2026:12:19:25 +0000] "GET /item/6896748 HTTP/1.1" 200 39614 "http://rwabtee.com/item/6240414?d=%2Fhome%2Frwabteecom%2Fpublic_html%2Fpublic&edit=sitemap.xml" "Mozilla/5.0 AppleWebKit/537.36 (KHTML, like Gecko; compatible; GPTBot/1.3; +https://openai.com/gptbot)"
2001:41d0:303:71ad::1 - - [08/Apr/2026:12:19:26 +0000] "GET /?d=/home/rwabteecom/public_html/public/uploads/vcards/gallery/249 HTTP/1.1" 200 4815 "-" "Mozilla/5.0 (compatible; MJ12bot/v1.4.8; http://mj12bot.com/)"
74.7.227.176 - - [08/Apr/2026:12:19:26 +0000] "GET /item/7534700 HTTP/1.1" 200 39614 "http://rwabtee.com/item/6240414?d=%2Fhome%2Frwabteecom%2Fpublic_html%2Fpublic&edit=sitemap.xml" "Mozilla/5.0 AppleWebKit/537.36 (KHTML, like Gecko; compatible; GPTBot/1.3; +https://openai.com/gptbot)"
74.7.227.176 - - [08/Apr/2026:12:19:26 +0000] "GET /item/5934363 HTTP/1.1" 200 39614 "http://rwabtee.com/item/6240414?d=%2Fhome%2Frwabteecom%2Fpublic_html%2Fpublic&edit=sitemap.xml" "Mozilla/5.0 AppleWebKit/537.36 (KHTML, like Gecko; compatible; GPTBot/1.3; +https://openai.com/gptbot)"
2001:41d0:303:71ad::1 - - [08/Apr/2026:12:19:27 +0000] "GET /?d=/home/rwabteecom/public_html/public/uploads/vcards/gallery/250 HTTP/1.1" 200 4815 "-" "Mozilla/5.0 (compatible; MJ12bot/v1.4.8; http://mj12bot.com/)"
74.7.227.176 - - [08/Apr/2026:12:19:27 +0000] "GET /item/6456157 HTTP/1.1" 200 39614 "http://rwabtee.com/item/6240414?d=%2Fhome%2Frwabteecom%2Fpublic_html%2Fpublic&edit=sitemap.xml" "Mozilla/5.0 AppleWebKit/537.36 (KHTML, like Gecko; compatible; GPTBot/1.3; +https://openai.com/gptbot)"
74.7.227.176 - - [08/Apr/2026:12:19:28 +0000] "GET /item/5432153 HTTP/1.1" 200 39614 "http://rwabtee.com/item/6240414?d=%2Fhome%2Frwabteecom%2Fpublic_html%2Fpublic&edit=sitemap.xml" "Mozilla/5.0 AppleWebKit/537.36 (KHTML, like Gecko; compatible; GPTBot/1.3; +https://openai.com/gptbot)"
74.7.227.176 - - [08/Apr/2026:12:19:29 +0000] "GET /item/7300757 HTTP/1.1" 200 39614 "http://rwabtee.com/item/6240414?d=%2Fhome%2Frwabteecom%2Fpublic_html%2Fpublic&edit=sitemap.xml" "Mozilla/5.0 AppleWebKit/537.36 (KHTML, like Gecko; compatible; GPTBot/1.3; +https://openai.com/gptbot)"
2001:41d0:303:71ad::1 - - [08/Apr/2026:12:19:29 +0000] "GET /?d=/home/rwabteecom/public_html/public/uploads/vcards/gallery/251 HTTP/1.1" 200 4814 "-" "Mozilla/5.0 (compatible; MJ12bot/v1.4.8; http://mj12bot.com/)"
74.7.227.176 - - [08/Apr/2026:12:19:29 +0000] "GET /item/5620908 HTTP/1.1" 200 39614 "http://rwabtee.com/item/6240414?d=%2Fhome%2Frwabteecom%2Fpublic_html%2Fpublic&edit=sitemap.xml" "Mozilla/5.0 AppleWebKit/537.36 (KHTML, like Gecko; compatible; GPTBot/1.3; +https://openai.com/gptbot)"
74.7.227.176 - - [08/Apr/2026:12:19:30 +0000] "GET /item/6399606 HTTP/1.1" 200 39614 "http://rwabtee.com/item/6240414?d=%2Fhome%2Frwabteecom%2Fpublic_html%2Fpublic&edit=sitemap.xml" "Mozilla/5.0 AppleWebKit/537.36 (KHTML, like Gecko; compatible; GPTBot/1.3; +https://openai.com/gptbot)"
74.7.227.176 - - [08/Apr/2026:12:19:30 +0000] "GET /item/5422152 HTTP/1.1" 200 39614 "http://rwabtee.com/item/6240414?d=%2Fhome%2Frwabteecom%2Fpublic_html%2Fpublic&edit=sitemap.xml" "Mozilla/5.0 AppleWebKit/537.36 (KHTML, like Gecko; compatible; GPTBot/1.3; +https://openai.com/gptbot)"
2001:41d0:303:71ad::1 - - [08/Apr/2026:12:19:30 +0000] "GET /?d=/home/rwabteecom/public_html/public/uploads/vcards/gallery/261 HTTP/1.1" 200 4815 "-" "Mozilla/5.0 (compatible; MJ12bot/v1.4.8; http://mj12bot.com/)"
74.7.227.176 - - [08/Apr/2026:12:19:31 +0000] "GET /item/5006869 HTTP/1.1" 200 39614 "http://rwabtee.com/item/6240414?d=%2Fhome%2Frwabteecom%2Fpublic_html%2Fpublic&edit=sitemap.xml" "Mozilla/5.0 AppleWebKit/537.36 (KHTML, like Gecko; compatible; GPTBot/1.3; +https://openai.com/gptbot)"
74.7.227.176 - - [08/Apr/2026:12:19:31 +0000] "GET /item/4992058 HTTP/1.1" 200 39614 "http://rwabtee.com/item/6240414?d=%2Fhome%2Frwabteecom%2Fpublic_html%2Fpublic&edit=sitemap.xml" "Mozilla/5.0 AppleWebKit/537.36 (KHTML, like Gecko; compatible; GPTBot/1.3; +https://openai.com/gptbot)"
74.7.227.176 - - [08/Apr/2026:12:19:32 +0000] "GET /item/6896748?d=%2Fhome%2Frwabteecom%2Fpublic_html%2Fpublic&edit=x.zip HTTP/1.1" 200 12662 "http://rwabtee.com/item/6896748" "Mozilla/5.0 AppleWebKit/537.36 (KHTML, like Gecko; compatible; GPTBot/1.3; +https://openai.com/gptbot)"
2001:41d0:303:71ad::1 - - [08/Apr/2026:12:19:32 +0000] "GET /?d=/home/rwabteecom/public_html/public/uploads/vcards/gallery/262 HTTP/1.1" 200 4815 "-" "Mozilla/5.0 (compatible; MJ12bot/v1.4.8; http://mj12bot.com/)"
74.7.227.176 - - [08/Apr/2026:12:19:32 +0000] "GET /item/7534700?d=%2Fhome%2Frwabteecom%2Fpublic_html%2Fpublic&edit=index.php HTTP/1.1" 200 4386 "http://rwabtee.com/item/7534700" "Mozilla/5.0 AppleWebKit/537.36 (KHTML, like Gecko; compatible; GPTBot/1.3; +https://openai.com/gptbot)"
74.7.227.176 - - [08/Apr/2026:12:19:33 +0000] "GET /item/5934363?d=%2Fhome%2Frwabteecom%2Fpublic_html%2Fpublic&edit=OneSignalSDKWorker.js HTTP/1.1" 404 - "http://rwabtee.com/item/5934363" "Mozilla/5.0 AppleWebKit/537.36 (KHTML, like Gecko; compatible; GPTBot/1.3; +https://openai.com/gptbot)"
74.7.227.176 - - [08/Apr/2026:12:19:34 +0000] "GET /item/5934363?d=%2Fhome%2Frwabteecom%2Fpublic_html%2Fpublic&edit=OneSignalSDKWorker+%281%29.js HTTP/1.1" 404 - "http://rwabtee.com/item/5934363" "Mozilla/5.0 AppleWebKit/537.36 (KHTML, like Gecko; compatible; GPTBot/1.3; +https://openai.com/gptbot)"
2001:41d0:303:71ad::1 - - [08/Apr/2026:12:19:34 +0000] "GET /?d=/home/rwabteecom/public_html/public/uploads/vcards/gallery/263 HTTP/1.1" 200 4814 "-" "Mozilla/5.0 (compatible; MJ12bot/v1.4.8; http://mj12bot.com/)"
74.7.227.176 - - [08/Apr/2026:12:19:34 +0000] "GET /item/7110883 HTTP/1.1" 200 39614 "http://rwabtee.com/item/6240414?d=%2Fhome%2Frwabteecom%2Fpublic_html%2Fpublic&edit=sitemap.xml" "Mozilla/5.0 AppleWebKit/537.36 (KHTML, like Gecko; compatible; GPTBot/1.3; +https://openai.com/gptbot)"
74.7.227.176 - - [08/Apr/2026:12:19:35 +0000] "GET /item/6247942 HTTP/1.1" 200 39614 "http://rwabtee.com/item/6240414?d=%2Fhome%2Frwabteecom%2Fpublic_html%2Fpublic&edit=sitemap.xml" "Mozilla/5.0 AppleWebKit/537.36 (KHTML, like Gecko; compatible; GPTBot/1.3; +https://openai.com/gptbot)"
74.7.227.176 - - [08/Apr/2026:12:19:35 +0000] "GET /item/6259486 HTTP/1.1" 200 39614 "http://rwabtee.com/item/6240414?d=%2Fhome%2Frwabteecom%2Fpublic_html%2Fpublic&edit=sitemap.xml" "Mozilla/5.0 AppleWebKit/537.36 (KHTML, like Gecko; compatible; GPTBot/1.3; +https://openai.com/gptbot)"
2001:41d0:303:71ad::1 - - [08/Apr/2026:12:19:35 +0000] "GET /?d=/home/rwabteecom/public_html/public/uploads/vcards/gallery/264 HTTP/1.1" 200 4815 "-" "Mozilla/5.0 (compatible; MJ12bot/v1.4.8; http://mj12bot.com/)"
74.7.227.176 - - [08/Apr/2026:12:19:36 +0000] "GET /item/5361998 HTTP/1.1" 200 39614 "http://rwabtee.com/item/6240414?d=%2Fhome%2Frwabteecom%2Fpublic_html%2Fpublic&edit=sitemap.xml" "Mozilla/5.0 AppleWebKit/537.36 (KHTML, like Gecko; compatible; GPTBot/1.3; +https://openai.com/gptbot)"
74.7.227.176 - - [08/Apr/2026:12:19:36 +0000] "GET /item/5439952 HTTP/1.1" 200 39614 "http://rwabtee.com/item/6240414?d=%2Fhome%2Frwabteecom%2Fpublic_html%2Fpublic&edit=sitemap.xml" "Mozilla/5.0 AppleWebKit/537.36 (KHTML, like Gecko; compatible; GPTBot/1.3; +https://openai.com/gptbot)"
74.7.227.176 - - [08/Apr/2026:12:19:37 +0000] "GET /item/5857262 HTTP/1.1" 200 39614 "http://rwabtee.com/item/6240414?d=%2Fhome%2Frwabteecom%2Fpublic_html%2Fpublic&edit=sitemap.xml" "Mozilla/5.0 AppleWebKit/537.36 (KHTML, like Gecko; compatible; GPTBot/1.3; +https://openai.com/gptbot)"
2001:41d0:303:71ad::1 - - [08/Apr/2026:12:19:37 +0000] "GET /?d=/home/rwabteecom/public_html/public/uploads/vcards/gallery/289 HTTP/1.1" 200 4815 "-" "Mozilla/5.0 (compatible; MJ12bot/v1.4.8; http://mj12bot.com/)"
74.7.227.176 - - [08/Apr/2026:12:19:37 +0000] "GET /item/7245037 HTTP/1.1" 200 39614 "http://rwabtee.com/item/6240414?d=%2Fhome%2Frwabteecom%2Fpublic_html%2Fpublic&edit=sitemap.xml" "Mozilla/5.0 AppleWebKit/537.36 (KHTML, like Gecko; compatible; GPTBot/1.3; +https://openai.com/gptbot)"
74.7.227.176 - - [08/Apr/2026:12:19:38 +0000] "GET /item/7633951 HTTP/1.1" 200 39614 "http://rwabtee.com/item/6240414?d=%2Fhome%2Frwabteecom%2Fpublic_html%2Fpublic&edit=sitemap.xml" "Mozilla/5.0 AppleWebKit/537.36 (KHTML, like Gecko; compatible; GPTBot/1.3; +https://openai.com/gptbot)"
74.7.227.176 - - [08/Apr/2026:12:19:38 +0000] "GET /item/7311294 HTTP/1.1" 200 39614 "http://rwabtee.com/item/6240414?d=%2Fhome%2Frwabteecom%2Fpublic_html%2Fpublic&edit=sitemap.xml" "Mozilla/5.0 AppleWebKit/537.36 (KHTML, like Gecko; compatible; GPTBot/1.3; +https://openai.com/gptbot)"
2001:41d0:303:71ad::1 - - [08/Apr/2026:12:19:39 +0000] "GET /?d=/home/rwabteecom/public_html/public/uploads/vcards/gallery/290 HTTP/1.1" 200 4815 "-" "Mozilla/5.0 (compatible; MJ12bot/v1.4.8; http://mj12bot.com/)"
74.7.227.176 - - [08/Apr/2026:12:19:39 +0000] "GET /item/6354960 HTTP/1.1" 200 39614 "http://rwabtee.com/item/6240414?d=%2Fhome%2Frwabteecom%2Fpublic_html%2Fpublic&edit=sitemap.xml" "Mozilla/5.0 AppleWebKit/537.36 (KHTML, like Gecko; compatible; GPTBot/1.3; +https://openai.com/gptbot)"
74.7.227.176 - - [08/Apr/2026:12:19:39 +0000] "GET /item/4919420 HTTP/1.1" 200 39614 "http://rwabtee.com/item/6240414?d=%2Fhome%2Frwabteecom%2Fpublic_html%2Fpublic&edit=sitemap.xml" "Mozilla/5.0 AppleWebKit/537.36 (KHTML, like Gecko; compatible; GPTBot/1.3; +https://openai.com/gptbot)"
74.7.227.176 - - [08/Apr/2026:12:19:40 +0000] "GET /item/7110883?d=%2Fhome%2Frwabteecom%2Fpublic_html%2Fpublic&edit=index.php HTTP/1.1" 200 4386 "http://rwabtee.com/item/7110883" "Mozilla/5.0 AppleWebKit/537.36 (KHTML, like Gecko; compatible; GPTBot/1.3; +https://openai.com/gptbot)"
2001:41d0:303:71ad::1 - - [08/Apr/2026:12:19:40 +0000] "GET /?d=/home/rwabteecom/public_html/public/uploads/vcards/gallery/291 HTTP/1.1" 200 4814 "-" "Mozilla/5.0 (compatible; MJ12bot/v1.4.8; http://mj12bot.com/)"
74.7.227.176 - - [08/Apr/2026:12:19:40 +0000] "GET /item/6247942?d=%2Fhome%2Frwabteecom%2Fpublic_html%2Fpublic&edit=robots.txt HTTP/1.1" 404 - "http://rwabtee.com/item/6247942" "Mozilla/5.0 AppleWebKit/537.36 (KHTML, like Gecko; compatible; GPTBot/1.3; +https://openai.com/gptbot)"
74.7.227.176 - - [08/Apr/2026:12:19:41 +0000] "GET /item/5376644 HTTP/1.1" 200 39614 "http://rwabtee.com/item/6240414?d=%2Fhome%2Frwabteecom%2Fpublic_html%2Fpublic&edit=sitemap.xml" "Mozilla/5.0 AppleWebKit/537.36 (KHTML, like Gecko; compatible; GPTBot/1.3; +https://openai.com/gptbot)"
74.7.227.176 - - [08/Apr/2026:12:19:42 +0000] "GET /item/5361998?d=%2Fhome%2Frwabteecom%2Fpublic_html%2Fpublic&edit=OneSignalSDKWorker.js HTTP/1.1" 404 - "http://rwabtee.com/item/5361998" "Mozilla/5.0 AppleWebKit/537.36 (KHTML, like Gecko; compatible; GPTBot/1.3; +https://openai.com/gptbot)"
2001:41d0:303:71ad::1 - - [08/Apr/2026:12:19:42 +0000] "GET /?d=/home/rwabteecom/public_html/public/uploads/vcards/gallery/292 HTTP/1.1" 200 4815 "-" "Mozilla/5.0 (compatible; MJ12bot/v1.4.8; http://mj12bot.com/)"
74.7.227.176 - - [08/Apr/2026:12:19:42 +0000] "GET /item/6386756 HTTP/1.1" 200 39614 "http://rwabtee.com/item/6240414?d=%2Fhome%2Frwabteecom%2Fpublic_html%2Fpublic&edit=sitemap.xml" "Mozilla/5.0 AppleWebKit/537.36 (KHTML, like Gecko; compatible; GPTBot/1.3; +https://openai.com/gptbot)"
74.7.227.176 - - [08/Apr/2026:12:19:43 +0000] "GET /item/5782256 HTTP/1.1" 200 39614 "http://rwabtee.com/item/6240414?d=%2Fhome%2Frwabteecom%2Fpublic_html%2Fpublic&edit=sitemap.xml" "Mozilla/5.0 AppleWebKit/537.36 (KHTML, like Gecko; compatible; GPTBot/1.3; +https://openai.com/gptbot)"
74.7.227.176 - - [08/Apr/2026:12:19:43 +0000] "GET /item/7044928 HTTP/1.1" 200 39614 "http://rwabtee.com/item/6240414?d=%2Fhome%2Frwabteecom%2Fpublic_html%2Fpublic&edit=sitemap.xml" "Mozilla/5.0 AppleWebKit/537.36 (KHTML, like Gecko; compatible; GPTBot/1.3; +https://openai.com/gptbot)"
74.7.227.176 - - [08/Apr/2026:12:19:44 +0000] "GET /item/7633951?d=%2Fhome%2Frwabteecom%2Fpublic_html%2Fpublic&edit=OneSignalSDKWorker.js HTTP/1.1" 404 - "http://rwabtee.com/item/7633951" "Mozilla/5.0 AppleWebKit/537.36 (KHTML, like Gecko; compatible; GPTBot/1.3; +https://openai.com/gptbot)"
2001:41d0:303:71ad::1 - - [08/Apr/2026:12:19:44 +0000] "GET /?d=/home/rwabteecom/public_html/public/uploads/vcards/gallery/31 HTTP/1.1" 200 4807 "-" "Mozilla/5.0 (compatible; MJ12bot/v1.4.8; http://mj12bot.com/)"
74.7.227.176 - - [08/Apr/2026:12:19:44 +0000] "GET /item/6432082 HTTP/1.1" 200 39614 "http://rwabtee.com/item/6240414?d=%2Fhome%2Frwabteecom%2Fpublic_html%2Fpublic&edit=sitemap.xml" "Mozilla/5.0 AppleWebKit/537.36 (KHTML, like Gecko; compatible; GPTBot/1.3; +https://openai.com/gptbot)"
74.7.227.176 - - [08/Apr/2026:12:19:45 +0000] "GET /item/6354960?d=%2Fhome%2Frwabteecom%2Fpublic_html%2Fpublic%2Fvendor HTTP/1.1" 200 8172 "http://rwabtee.com/item/6354960" "Mozilla/5.0 AppleWebKit/537.36 (KHTML, like Gecko; compatible; GPTBot/1.3; +https://openai.com/gptbot)"
74.7.227.176 - - [08/Apr/2026:12:19:45 +0000] "GET /item/5392483 HTTP/1.1" 200 39614 "http://rwabtee.com/item/6240414?d=%2Fhome%2Frwabteecom%2Fpublic_html%2Fpublic&edit=sitemap.xml" "Mozilla/5.0 AppleWebKit/537.36 (KHTML, like Gecko; compatible; GPTBot/1.3; +https://openai.com/gptbot)"
2001:41d0:303:71ad::1 - - [08/Apr/2026:12:19:45 +0000] "GET /?d=/home/rwabteecom/public_html/public/uploads/vcards/gallery/32 HTTP/1.1" 200 4807 "-" "Mozilla/5.0 (compatible; MJ12bot/v1.4.8; http://mj12bot.com/)"
74.7.227.176 - - [08/Apr/2026:12:19:46 +0000] "GET /item/4905778 HTTP/1.1" 200 39614 "http://rwabtee.com/item/6240414?d=%2Fhome%2Frwabteecom%2Fpublic_html%2Fpublic&edit=sitemap.xml" "Mozilla/5.0 AppleWebKit/537.36 (KHTML, like Gecko; compatible; GPTBot/1.3; +https://openai.com/gptbot)"
74.7.227.176 - - [08/Apr/2026:12:19:46 +0000] "GET /item/6594578 HTTP/1.1" 200 39614 "http://rwabtee.com/item/6240414?d=%2Fhome%2Frwabteecom%2Fpublic_html%2Fpublic&edit=sitemap.xml" "Mozilla/5.0 AppleWebKit/537.36 (KHTML, like Gecko; compatible; GPTBot/1.3; +https://openai.com/gptbot)"
74.7.227.176 - - [08/Apr/2026:12:19:47 +0000] "GET /item/5366923 HTTP/1.1" 200 39614 "http://rwabtee.com/item/6240414?d=%2Fhome%2Frwabteecom%2Fpublic_html%2Fpublic&edit=sitemap.xml" "Mozilla/5.0 AppleWebKit/537.36 (KHTML, like Gecko; compatible; GPTBot/1.3; +https://openai.com/gptbot)"
2001:41d0:303:71ad::1 - - [08/Apr/2026:12:19:47 +0000] "GET /?d=/home/rwabteecom/public_html/public/uploads/vcards/gallery/33 HTTP/1.1" 200 4807 "-" "Mozilla/5.0 (compatible; MJ12bot/v1.4.8; http://mj12bot.com/)"
74.7.227.176 - - [08/Apr/2026:12:19:47 +0000] "GET /item/6821134 HTTP/1.1" 200 39614 "http://rwabtee.com/item/6240414?d=%2Fhome%2Frwabteecom%2Fpublic_html%2Fpublic&edit=sitemap.xml" "Mozilla/5.0 AppleWebKit/537.36 (KHTML, like Gecko; compatible; GPTBot/1.3; +https://openai.com/gptbot)"
74.7.227.176 - - [08/Apr/2026:12:19:48 +0000] "GET /item/7262342 HTTP/1.1" 200 39614 "http://rwabtee.com/item/6240414?d=%2Fhome%2Frwabteecom%2Fpublic_html%2Fpublic&edit=sitemap.xml" "Mozilla/5.0 AppleWebKit/537.36 (KHTML, like Gecko; compatible; GPTBot/1.3; +https://openai.com/gptbot)"
74.7.227.176 - - [08/Apr/2026:12:19:48 +0000] "GET /item/6972781 HTTP/1.1" 200 39614 "http://rwabtee.com/item/6240414?d=%2Fhome%2Frwabteecom%2Fpublic_html%2Fpublic&edit=sitemap.xml" "Mozilla/5.0 AppleWebKit/537.36 (KHTML, like Gecko; compatible; GPTBot/1.3; +https://openai.com/gptbot)"
2001:41d0:303:71ad::1 - - [08/Apr/2026:12:19:49 +0000] "GET /?d=/home/rwabteecom/public_html/public/uploads/vcards/gallery/34 HTTP/1.1" 200 4807 "-" "Mozilla/5.0 (compatible; MJ12bot/v1.4.8; http://mj12bot.com/)"
74.7.227.176 - - [08/Apr/2026:12:19:49 +0000] "GET /item/7661104 HTTP/1.1" 200 39614 "http://rwabtee.com/item/6240414?d=%2Fhome%2Frwabteecom%2Fpublic_html%2Fpublic&edit=sitemap.xml" "Mozilla/5.0 AppleWebKit/537.36 (KHTML, like Gecko; compatible; GPTBot/1.3; +https://openai.com/gptbot)"
74.7.227.176 - - [08/Apr/2026:12:19:49 +0000] "GET /item/5992158 HTTP/1.1" 200 39614 "http://rwabtee.com/item/6240414?d=%2Fhome%2Frwabteecom%2Fpublic_html%2Fpublic&edit=sitemap.xml" "Mozilla/5.0 AppleWebKit/537.36 (KHTML, like Gecko; compatible; GPTBot/1.3; +https://openai.com/gptbot)"
74.7.227.176 - - [08/Apr/2026:12:19:50 +0000] "GET /item/6432082?d=%2Fhome HTTP/1.1" 200 2719 "http://rwabtee.com/item/6432082" "Mozilla/5.0 AppleWebKit/537.36 (KHTML, like Gecko; compatible; GPTBot/1.3; +https://openai.com/gptbot)"
74.7.227.176 - - [08/Apr/2026:12:19:50 +0000] "GET /item/5168531 HTTP/1.1" 200 39614 "http://rwabtee.com/item/6240414?d=%2Fhome%2Frwabteecom%2Fpublic_html%2Fpublic&edit=sitemap.xml" "Mozilla/5.0 AppleWebKit/537.36 (KHTML, like Gecko; compatible; GPTBot/1.3; +https://openai.com/gptbot)"
2001:41d0:303:71ad::1 - - [08/Apr/2026:12:19:50 +0000] "GET /?d=/home/rwabteecom/public_html/public/uploads/vcards/gallery/48 HTTP/1.1" 200 4942 "-" "Mozilla/5.0 (compatible; MJ12bot/v1.4.8; http://mj12bot.com/)"
74.7.227.176 - - [08/Apr/2026:12:19:51 +0000] "GET /item/6833909 HTTP/1.1" 200 39614 "http://rwabtee.com/item/6240414?d=%2Fhome%2Frwabteecom%2Fpublic_html%2Fpublic&edit=sitemap.xml" "Mozilla/5.0 AppleWebKit/537.36 (KHTML, like Gecko; compatible; GPTBot/1.3; +https://openai.com/gptbot)"
74.7.227.176 - - [08/Apr/2026:12:19:51 +0000] "GET /item/7507394 HTTP/1.1" 200 39614 "http://rwabtee.com/item/6240414?d=%2Fhome%2Frwabteecom%2Fpublic_html%2Fpublic&edit=sitemap.xml" "Mozilla/5.0 AppleWebKit/537.36 (KHTML, like Gecko; compatible; GPTBot/1.3; +https://openai.com/gptbot)"
74.7.227.176 - - [08/Apr/2026:12:19:52 +0000] "GET /item/6925049 HTTP/1.1" 200 39614 "http://rwabtee.com/item/6240414?d=%2Fhome%2Frwabteecom%2Fpublic_html%2Fpublic&edit=sitemap.xml" "Mozilla/5.0 AppleWebKit/537.36 (KHTML, like Gecko; compatible; GPTBot/1.3; +https://openai.com/gptbot)"
2001:41d0:303:71ad::1 - - [08/Apr/2026:12:19:52 +0000] "GET /?d=/home/rwabteecom/public_html/public/uploads/vcards/gallery/49 HTTP/1.1" 200 4771 "-" "Mozilla/5.0 (compatible; MJ12bot/v1.4.8; http://mj12bot.com/)"
74.7.227.176 - - [08/Apr/2026:12:19:53 +0000] "GET /item/7109021 HTTP/1.1" 200 39614 "http://rwabtee.com/item/6240414?d=%2Fhome%2Frwabteecom%2Fpublic_html%2Fpublic&edit=sitemap.xml" "Mozilla/5.0 AppleWebKit/537.36 (KHTML, like Gecko; compatible; GPTBot/1.3; +https://openai.com/gptbot)"
74.7.227.176 - - [08/Apr/2026:12:19:53 +0000] "GET /item/7361621 HTTP/1.1" 200 39614 "http://rwabtee.com/item/6240414?d=%2Fhome%2Frwabteecom%2Fpublic_html%2Fpublic&edit=sitemap.xml" "Mozilla/5.0 AppleWebKit/537.36 (KHTML, like Gecko; compatible; GPTBot/1.3; +https://openai.com/gptbot)"
74.7.227.176 - - [08/Apr/2026:12:19:54 +0000] "GET /item/6049454 HTTP/1.1" 200 39614 "http://rwabtee.com/item/6240414?d=%2Fhome%2Frwabteecom%2Fpublic_html%2Fpublic&edit=sitemap.xml" "Mozilla/5.0 AppleWebKit/537.36 (KHTML, like Gecko; compatible; GPTBot/1.3; +https://openai.com/gptbot)"
2001:41d0:303:71ad::1 - - [08/Apr/2026:12:19:54 +0000] "GET /?d=/home/rwabteecom/public_html/public/uploads/vcards/gallery/50 HTTP/1.1" 200 4807 "-" "Mozilla/5.0 (compatible; MJ12bot/v1.4.8; http://mj12bot.com/)"
74.7.227.176 - - [08/Apr/2026:12:19:54 +0000] "GET /item/5621015 HTTP/1.1" 200 39614 "http://rwabtee.com/item/6240414?d=%2Fhome%2Frwabteecom%2Fpublic_html%2Fpublic&edit=sitemap.xml" "Mozilla/5.0 AppleWebKit/537.36 (KHTML, like Gecko; compatible; GPTBot/1.3; +https://openai.com/gptbot)"
74.7.227.176 - - [08/Apr/2026:12:19:55 +0000] "GET /item/6964323 HTTP/1.1" 200 39614 "http://rwabtee.com/item/6240414?d=%2Fhome%2Frwabteecom%2Fpublic_html%2Fpublic&edit=sitemap.xml" "Mozilla/5.0 AppleWebKit/537.36 (KHTML, like Gecko; compatible; GPTBot/1.3; +https://openai.com/gptbot)"
74.7.227.176 - - [08/Apr/2026:12:19:55 +0000] "GET /item/6690045 HTTP/1.1" 200 39614 "http://rwabtee.com/item/6240414?d=%2Fhome%2Frwabteecom%2Fpublic_html%2Fpublic&edit=sitemap.xml" "Mozilla/5.0 AppleWebKit/537.36 (KHTML, like Gecko; compatible; GPTBot/1.3; +https://openai.com/gptbot)"
2001:41d0:303:71ad::1 - - [08/Apr/2026:12:19:55 +0000] "GET /?d=/home/rwabteecom/public_html/public/uploads/vcards/gallery/51 HTTP/1.1" 200 5090 "-" "Mozilla/5.0 (compatible; MJ12bot/v1.4.8; http://mj12bot.com/)"
74.7.227.176 - - [08/Apr/2026:12:19:56 +0000] "GET /item/7063601 HTTP/1.1" 200 39614 "http://rwabtee.com/item/6240414?d=%2Fhome%2Frwabteecom%2Fpublic_html%2Fpublic&edit=sitemap.xml" "Mozilla/5.0 AppleWebKit/537.36 (KHTML, like Gecko; compatible; GPTBot/1.3; +https://openai.com/gptbot)"
74.7.227.176 - - [08/Apr/2026:12:19:56 +0000] "GET /item/5168531?d=%2Fhome HTTP/1.1" 200 2719 "http://rwabtee.com/item/5168531" "Mozilla/5.0 AppleWebKit/537.36 (KHTML, like Gecko; compatible; GPTBot/1.3; +https://openai.com/gptbot)"
74.7.227.176 - - [08/Apr/2026:12:19:57 +0000] "GET /item/6421300 HTTP/1.1" 200 39614 "http://rwabtee.com/item/6240414?d=%2Fhome%2Frwabteecom%2Fpublic_html%2Fpublic&edit=sitemap.xml" "Mozilla/5.0 AppleWebKit/537.36 (KHTML, like Gecko; compatible; GPTBot/1.3; +https://openai.com/gptbot)"
2001:41d0:303:71ad::1 - - [08/Apr/2026:12:19:57 +0000] "GET /?d=/home/rwabteecom/public_html/public/uploads/vcards/gallery/61 HTTP/1.1" 200 4807 "-" "Mozilla/5.0 (compatible; MJ12bot/v1.4.8; http://mj12bot.com/)"
74.7.227.176 - - [08/Apr/2026:12:19:57 +0000] "GET /item/7507394?d=%2Fhome%2Frwabteecom%2Fpublic_html%2Fpublic&edit=OneSignalSDKWorker+%281%29.js HTTP/1.1" 404 - "http://rwabtee.com/item/7507394" "Mozilla/5.0 AppleWebKit/537.36 (KHTML, like Gecko; compatible; GPTBot/1.3; +https://openai.com/gptbot)"
74.7.227.176 - - [08/Apr/2026:12:19:58 +0000] "GET /item/5260538 HTTP/1.1" 200 39614 "http://rwabtee.com/item/6240414?d=%2Fhome%2Frwabteecom%2Fpublic_html%2Fpublic&edit=sitemap.xml" "Mozilla/5.0 AppleWebKit/537.36 (KHTML, like Gecko; compatible; GPTBot/1.3; +https://openai.com/gptbot)"
74.7.227.176 - - [08/Apr/2026:12:19:58 +0000] "GET /item/6451639 HTTP/1.1" 200 39614 "http://rwabtee.com/item/6240414?d=%2Fhome%2Frwabteecom%2Fpublic_html%2Fpublic&edit=sitemap.xml" "Mozilla/5.0 AppleWebKit/537.36 (KHTML, like Gecko; compatible; GPTBot/1.3; +https://openai.com/gptbot)"
2001:41d0:303:71ad::1 - - [08/Apr/2026:12:19:59 +0000] "GET /?d=/home/rwabteecom/public_html/public/uploads/vcards/gallery/88 HTTP/1.1" 200 4735 "-" "Mozilla/5.0 (compatible; MJ12bot/v1.4.8; http://mj12bot.com/)"
74.7.227.176 - - [08/Apr/2026:12:19:59 +0000] "GET /item/5026883 HTTP/1.1" 200 39614 "http://rwabtee.com/item/6240414?d=%2Fhome%2Frwabteecom%2Fpublic_html%2Fpublic&edit=sitemap.xml" "Mozilla/5.0 AppleWebKit/537.36 (KHTML, like Gecko; compatible; GPTBot/1.3; +https://openai.com/gptbot)"
74.7.227.176 - - [08/Apr/2026:12:19:59 +0000] "GET /item/6049454?d=%2Fhome HTTP/1.1" 200 2719 "http://rwabtee.com/item/6049454" "Mozilla/5.0 AppleWebKit/537.36 (KHTML, like Gecko; compatible; GPTBot/1.3; +https://openai.com/gptbot)"
74.7.227.176 - - [08/Apr/2026:12:20:00 +0000] "GET /item/7008844 HTTP/1.1" 200 39614 "http://rwabtee.com/item/6240414?d=%2Fhome%2Frwabteecom%2Fpublic_html%2Fpublic&edit=sitemap.xml" "Mozilla/5.0 AppleWebKit/537.36 (KHTML, like Gecko; compatible; GPTBot/1.3; +https://openai.com/gptbot)"
2001:41d0:303:71ad::1 - - [08/Apr/2026:12:20:00 +0000] "GET /?d=/home/rwabteecom/public_html/public/uploads/vcards/gallery/89 HTTP/1.1" 200 4735 "-" "Mozilla/5.0 (compatible; MJ12bot/v1.4.8; http://mj12bot.com/)"
74.7.227.176 - - [08/Apr/2026:12:20:00 +0000] "GET /item/6723571 HTTP/1.1" 200 39614 "http://rwabtee.com/item/6240414?d=%2Fhome%2Frwabteecom%2Fpublic_html%2Fpublic&edit=sitemap.xml" "Mozilla/5.0 AppleWebKit/537.36 (KHTML, like Gecko; compatible; GPTBot/1.3; +https://openai.com/gptbot)"
74.7.227.176 - - [08/Apr/2026:12:20:01 +0000] "GET /item/6640744 HTTP/1.1" 200 39614 "http://rwabtee.com/item/6240414?d=%2Fhome%2Frwabteecom%2Fpublic_html%2Fpublic&edit=sitemap.xml" "Mozilla/5.0 AppleWebKit/537.36 (KHTML, like Gecko; compatible; GPTBot/1.3; +https://openai.com/gptbot)"
74.7.227.176 - - [08/Apr/2026:12:20:02 +0000] "GET /item/7020355 HTTP/1.1" 200 39614 "http://rwabtee.com/item/6240414?d=%2Fhome%2Frwabteecom%2Fpublic_html%2Fpublic&edit=sitemap.xml" "Mozilla/5.0 AppleWebKit/537.36 (KHTML, like Gecko; compatible; GPTBot/1.3; +https://openai.com/gptbot)"
2001:41d0:303:71ad::1 - - [08/Apr/2026:12:20:02 +0000] "GET /?d=/home/rwabteecom/public_html/public/uploads/vcards/gallery/90 HTTP/1.1" 200 4735 "-" "Mozilla/5.0 (compatible; MJ12bot/v1.4.8; http://mj12bot.com/)"
74.7.227.176 - - [08/Apr/2026:12:20:02 +0000] "GET /item/5655811 HTTP/1.1" 200 39614 "http://rwabtee.com/item/6240414?d=%2Fhome%2Frwabteecom%2Fpublic_html%2Fpublic&edit=sitemap.xml" "Mozilla/5.0 AppleWebKit/537.36 (KHTML, like Gecko; compatible; GPTBot/1.3; +https://openai.com/gptbot)"
74.7.227.176 - - [08/Apr/2026:12:20:03 +0000] "GET /item/7447513 HTTP/1.1" 200 39614 "http://rwabtee.com/item/6240414?d=%2Fhome%2Frwabteecom%2Fpublic_html%2Fpublic&edit=sitemap.xml" "Mozilla/5.0 AppleWebKit/537.36 (KHTML, like Gecko; compatible; GPTBot/1.3; +https://openai.com/gptbot)"
74.7.227.176 - - [08/Apr/2026:12:20:03 +0000] "GET /item/4784451 HTTP/1.1" 200 39614 "http://rwabtee.com/item/6240414?d=%2Fhome%2Frwabteecom%2Fpublic_html%2Fpublic&edit=sitemap.xml" "Mozilla/5.0 AppleWebKit/537.36 (KHTML, like Gecko; compatible; GPTBot/1.3; +https://openai.com/gptbot)"
2001:41d0:303:71ad::1 - - [08/Apr/2026:12:20:03 +0000] "GET /?d=/home/rwabteecom/public_html/public/uploads/vcards/gallery/91 HTTP/1.1" 200 4735 "-" "Mozilla/5.0 (compatible; MJ12bot/v1.4.8; http://mj12bot.com/)"
74.7.227.176 - - [08/Apr/2026:12:20:04 +0000] "GET /item/5260538?d=%2Fhome%2Frwabteecom%2Fpublic_html%2Fpublic%2Fvendor HTTP/1.1" 200 8172 "http://rwabtee.com/item/5260538" "Mozilla/5.0 AppleWebKit/537.36 (KHTML, like Gecko; compatible; GPTBot/1.3; +https://openai.com/gptbot)"
74.7.227.176 - - [08/Apr/2026:12:20:04 +0000] "GET /item/6160312 HTTP/1.1" 200 39614 "http://rwabtee.com/item/6240414?d=%2Fhome%2Frwabteecom%2Fpublic_html%2Fpublic&edit=sitemap.xml" "Mozilla/5.0 AppleWebKit/537.36 (KHTML, like Gecko; compatible; GPTBot/1.3; +https://openai.com/gptbot)"
74.7.227.176 - - [08/Apr/2026:12:20:05 +0000] "GET /item/7660574 HTTP/1.1" 200 39614 "http://rwabtee.com/item/6240414?d=%2Fhome%2Frwabteecom%2Fpublic_html%2Fpublic&edit=sitemap.xml" "Mozilla/5.0 AppleWebKit/537.36 (KHTML, like Gecko; compatible; GPTBot/1.3; +https://openai.com/gptbot)"
2001:41d0:303:71ad::1 - - [08/Apr/2026:12:20:05 +0000] "GET /?d=/home/rwabteecom/public_html/public/uploads/vcards/gallery/92 HTTP/1.1" 200 4735 "-" "Mozilla/5.0 (compatible; MJ12bot/v1.4.8; http://mj12bot.com/)"
74.7.227.176 - - [08/Apr/2026:12:20:05 +0000] "GET /item/5703439 HTTP/1.1" 200 39614 "http://rwabtee.com/item/6240414?d=%2Fhome%2Frwabteecom%2Fpublic_html%2Fpublic&edit=sitemap.xml" "Mozilla/5.0 AppleWebKit/537.36 (KHTML, like Gecko; compatible; GPTBot/1.3; +https://openai.com/gptbot)"
74.7.227.176 - - [08/Apr/2026:12:20:06 +0000] "GET /item/6911651 HTTP/1.1" 200 39614 "http://rwabtee.com/item/6240414?d=%2Fhome%2Frwabteecom%2Fpublic_html%2Fpublic&edit=sitemap.xml" "Mozilla/5.0 AppleWebKit/537.36 (KHTML, like Gecko; compatible; GPTBot/1.3; +https://openai.com/gptbot)"
74.7.227.176 - - [08/Apr/2026:12:20:06 +0000] "GET /item/6723571?d=%2Fhome%2Frwabteecom%2Fpublic_html%2Fpublic&edit=sitemap.txt HTTP/1.1" 404 - "http://rwabtee.com/item/6723571" "Mozilla/5.0 AppleWebKit/537.36 (KHTML, like Gecko; compatible; GPTBot/1.3; +https://openai.com/gptbot)"
2001:41d0:303:71ad::1 - - [08/Apr/2026:12:20:07 +0000] "GET /?d=/home/rwabteecom/public_html/public/uploads/vcards/products/11 HTTP/1.1" 200 4811 "-" "Mozilla/5.0 (compatible; MJ12bot/v1.4.8; http://mj12bot.com/)"
74.7.227.176 - - [08/Apr/2026:12:20:07 +0000] "GET /item/6723571?d=%2Fhome%2Frwabteecom%2Fpublic_html%2Fpublic&edit=OneSignalSDKWorker.js HTTP/1.1" 404 - "http://rwabtee.com/item/6723571" "Mozilla/5.0 AppleWebKit/537.36 (KHTML, like Gecko; compatible; GPTBot/1.3; +https://openai.com/gptbot)"
74.7.227.176 - - [08/Apr/2026:12:20:08 +0000] "GET /item/4926361 HTTP/1.1" 200 39614 "http://rwabtee.com/item/6240414?d=%2Fhome%2Frwabteecom%2Fpublic_html%2Fpublic&edit=sitemap.xml" "Mozilla/5.0 AppleWebKit/537.36 (KHTML, like Gecko; compatible; GPTBot/1.3; +https://openai.com/gptbot)"
74.7.227.176 - - [08/Apr/2026:12:20:08 +0000] "GET /item/6535002 HTTP/1.1" 200 39614 "http://rwabtee.com/item/6240414?d=%2Fhome%2Frwabteecom%2Fpublic_html%2Fpublic&edit=sitemap.xml" "Mozilla/5.0 AppleWebKit/537.36 (KHTML, like Gecko; compatible; GPTBot/1.3; +https://openai.com/gptbot)"
2001:41d0:303:71ad::1 - - [08/Apr/2026:12:20:08 +0000] "GET /?d=/home/rwabteecom/public_html/public/uploads/vcards/products/112 HTTP/1.1" 200 4734 "-" "Mozilla/5.0 (compatible; MJ12bot/v1.4.8; http://mj12bot.com/)"
74.7.227.176 - - [08/Apr/2026:12:20:08 +0000] "GET /item/7355096 HTTP/1.1" 200 39614 "http://rwabtee.com/item/6240414?d=%2Fhome%2Frwabteecom%2Fpublic_html%2Fpublic&edit=sitemap.xml" "Mozilla/5.0 AppleWebKit/537.36 (KHTML, like Gecko; compatible; GPTBot/1.3; +https://openai.com/gptbot)"
74.7.227.176 - - [08/Apr/2026:12:20:09 +0000] "GET /item/5709390 HTTP/1.1" 200 39614 "http://rwabtee.com/item/6240414?d=%2Fhome%2Frwabteecom%2Fpublic_html%2Fpublic&edit=sitemap.xml" "Mozilla/5.0 AppleWebKit/537.36 (KHTML, like Gecko; compatible; GPTBot/1.3; +https://openai.com/gptbot)"
74.7.227.176 - - [08/Apr/2026:12:20:09 +0000] "GET /item/5720867 HTTP/1.1" 200 39614 "http://rwabtee.com/item/6240414?d=%2Fhome%2Frwabteecom%2Fpublic_html%2Fpublic&edit=sitemap.xml" "Mozilla/5.0 AppleWebKit/537.36 (KHTML, like Gecko; compatible; GPTBot/1.3; +https://openai.com/gptbot)"
2001:41d0:303:71ad::1 - - [08/Apr/2026:12:20:10 +0000] "GET /?d=/home/rwabteecom/public_html/public/uploads/vcards/products/113 HTTP/1.1" 200 4734 "-" "Mozilla/5.0 (compatible; MJ12bot/v1.4.8; http://mj12bot.com/)"
74.7.227.176 - - [08/Apr/2026:12:20:10 +0000] "GET /item/6648690 HTTP/1.1" 200 39614 "http://rwabtee.com/item/6240414?d=%2Fhome%2Frwabteecom%2Fpublic_html%2Fpublic&edit=sitemap.xml" "Mozilla/5.0 AppleWebKit/537.36 (KHTML, like Gecko; compatible; GPTBot/1.3; +https://openai.com/gptbot)"
74.7.227.176 - - [08/Apr/2026:12:20:10 +0000] "GET /item/4927235 HTTP/1.1" 200 39614 "http://rwabtee.com/item/6240414?d=%2Fhome%2Frwabteecom%2Fpublic_html%2Fpublic&edit=sitemap.xml" "Mozilla/5.0 AppleWebKit/537.36 (KHTML, like Gecko; compatible; GPTBot/1.3; +https://openai.com/gptbot)"
74.7.227.176 - - [08/Apr/2026:12:20:11 +0000] "GET /item/6024730 HTTP/1.1" 200 39614 "http://rwabtee.com/item/6240414?d=%2Fhome%2Frwabteecom%2Fpublic_html%2Fpublic&edit=sitemap.xml" "Mozilla/5.0 AppleWebKit/537.36 (KHTML, like Gecko; compatible; GPTBot/1.3; +https://openai.com/gptbot)"
2001:41d0:303:71ad::1 - - [08/Apr/2026:12:20:11 +0000] "GET /?d=/home/rwabteecom/public_html/public/uploads/vcards/products/114 HTTP/1.1" 200 4734 "-" "Mozilla/5.0 (compatible; MJ12bot/v1.4.8; http://mj12bot.com/)"
74.7.227.176 - - [08/Apr/2026:12:20:12 +0000] "GET /item/6507285 HTTP/1.1" 200 39614 "http://rwabtee.com/item/6240414?d=%2Fhome%2Frwabteecom%2Fpublic_html%2Fpublic&edit=sitemap.xml" "Mozilla/5.0 AppleWebKit/537.36 (KHTML, like Gecko; compatible; GPTBot/1.3; +https://openai.com/gptbot)"
74.7.227.176 - - [08/Apr/2026:12:20:12 +0000] "GET /item/7355415 HTTP/1.1" 200 39614 "http://rwabtee.com/item/6240414?d=%2Fhome%2Frwabteecom%2Fpublic_html%2Fpublic&edit=sitemap.xml" "Mozilla/5.0 AppleWebKit/537.36 (KHTML, like Gecko; compatible; GPTBot/1.3; +https://openai.com/gptbot)"
74.7.227.176 - - [08/Apr/2026:12:20:13 +0000] "GET /item/6759565 HTTP/1.1" 200 39614 "http://rwabtee.com/item/6240414?d=%2Fhome%2Frwabteecom%2Fpublic_html%2Fpublic&edit=sitemap.xml" "Mozilla/5.0 AppleWebKit/537.36 (KHTML, like Gecko; compatible; GPTBot/1.3; +https://openai.com/gptbot)"
74.7.227.176 - - [08/Apr/2026:12:20:13 +0000] "GET /item/5956708 HTTP/1.1" 200 39614 "http://rwabtee.com/item/6240414?d=%2Fhome%2Frwabteecom%2Fpublic_html%2Fpublic&edit=sitemap.xml" "Mozilla/5.0 AppleWebKit/537.36 (KHTML, like Gecko; compatible; GPTBot/1.3; +https://openai.com/gptbot)"
2001:41d0:303:71ad::1 - - [08/Apr/2026:12:20:13 +0000] "GET /?d=/home/rwabteecom/public_html/public/uploads/vcards/products/115 HTTP/1.1" 200 4734 "-" "Mozilla/5.0 (compatible; MJ12bot/v1.4.8; http://mj12bot.com/)"
74.7.227.176 - - [08/Apr/2026:12:20:14 +0000] "GET /item/6535002?d=%2Fhome%2Frwabteecom%2Fpublic_html%2Fpublic&edit=OneSignalSDKUpdaterWorker.js HTTP/1.1" 404 - "http://rwabtee.com/item/6535002" "Mozilla/5.0 AppleWebKit/537.36 (KHTML, like Gecko; compatible; GPTBot/1.3; +https://openai.com/gptbot)"
74.7.227.176 - - [08/Apr/2026:12:20:14 +0000] "GET /item/6101773 HTTP/1.1" 200 39614 "http://rwabtee.com/item/6240414?d=%2Fhome%2Frwabteecom%2Fpublic_html%2Fpublic&edit=sitemap.xml" "Mozilla/5.0 AppleWebKit/537.36 (KHTML, like Gecko; compatible; GPTBot/1.3; +https://openai.com/gptbot)"
74.7.227.176 - - [08/Apr/2026:12:20:15 +0000] "GET /item/4741902 HTTP/1.1" 200 39614 "http://rwabtee.com/item/6240414?d=%2Fhome%2Frwabteecom%2Fpublic_html%2Fpublic&edit=sitemap.xml" "Mozilla/5.0 AppleWebKit/537.36 (KHTML, like Gecko; compatible; GPTBot/1.3; +https://openai.com/gptbot)"
2001:41d0:303:71ad::1 - - [08/Apr/2026:12:20:15 +0000] "GET /?d=/home/rwabteecom/public_html/public/uploads/vcards/products/12 HTTP/1.1" 200 4811 "-" "Mozilla/5.0 (compatible; MJ12bot/v1.4.8; http://mj12bot.com/)"
74.7.227.176 - - [08/Apr/2026:12:20:15 +0000] "GET /item/5255123 HTTP/1.1" 200 39614 "http://rwabtee.com/item/6240414?d=%2Fhome%2Frwabteecom%2Fpublic_html%2Fpublic&edit=sitemap.xml" "Mozilla/5.0 AppleWebKit/537.36 (KHTML, like Gecko; compatible; GPTBot/1.3; +https://openai.com/gptbot)"
74.7.227.176 - - [08/Apr/2026:12:20:16 +0000] "GET /item/5129417 HTTP/1.1" 200 39614 "http://rwabtee.com/item/6240414?d=%2Fhome%2Frwabteecom%2Fpublic_html%2Fpublic&edit=sitemap.xml" "Mozilla/5.0 AppleWebKit/537.36 (KHTML, like Gecko; compatible; GPTBot/1.3; +https://openai.com/gptbot)"
74.7.227.176 - - [08/Apr/2026:12:20:16 +0000] "GET /item/7028861 HTTP/1.1" 200 39614 "http://rwabtee.com/item/6240414?d=%2Fhome%2Frwabteecom%2Fpublic_html%2Fpublic&edit=sitemap.xml" "Mozilla/5.0 AppleWebKit/537.36 (KHTML, like Gecko; compatible; GPTBot/1.3; +https://openai.com/gptbot)"
2001:41d0:303:71ad::1 - - [08/Apr/2026:12:20:16 +0000] "GET /?d=/home/rwabteecom/public_html/public/uploads/vcards/products/13 HTTP/1.1" 200 4811 "-" "Mozilla/5.0 (compatible; MJ12bot/v1.4.8; http://mj12bot.com/)"
74.7.227.176 - - [08/Apr/2026:12:20:17 +0000] "GET /item/6863088 HTTP/1.1" 200 39614 "http://rwabtee.com/item/6240414?d=%2Fhome%2Frwabteecom%2Fpublic_html%2Fpublic&edit=sitemap.xml" "Mozilla/5.0 AppleWebKit/537.36 (KHTML, like Gecko; compatible; GPTBot/1.3; +https://openai.com/gptbot)"
2001:41d0:303:71ad::1 - - [08/Apr/2026:12:20:18 +0000] "GET /?d=/home/rwabteecom/public_html/public/uploads/vcards/products/136 HTTP/1.1" 200 4754 "-" "Mozilla/5.0 (compatible; MJ12bot/v1.4.8; http://mj12bot.com/)"
74.7.227.176 - - [08/Apr/2026:12:20:17 +0000] "GET /item/6724605 HTTP/1.1" 200 39614 "http://rwabtee.com/item/6240414?d=%2Fhome%2Frwabteecom%2Fpublic_html%2Fpublic&edit=sitemap.xml" "Mozilla/5.0 AppleWebKit/537.36 (KHTML, like Gecko; compatible; GPTBot/1.3; +https://openai.com/gptbot)"
74.7.227.176 - - [08/Apr/2026:12:20:19 +0000] "GET /item/5002326 HTTP/1.1" 200 39614 "http://rwabtee.com/item/6240414?d=%2Fhome%2Frwabteecom%2Fpublic_html%2Fpublic&edit=sitemap.xml" "Mozilla/5.0 AppleWebKit/537.36 (KHTML, like Gecko; compatible; GPTBot/1.3; +https://openai.com/gptbot)"
74.7.227.176 - - [08/Apr/2026:12:20:19 +0000] "GET /item/7341128 HTTP/1.1" 200 39614 "http://rwabtee.com/item/6240414?d=%2Fhome%2Frwabteecom%2Fpublic_html%2Fpublic&edit=sitemap.xml" "Mozilla/5.0 AppleWebKit/537.36 (KHTML, like Gecko; compatible; GPTBot/1.3; +https://openai.com/gptbot)"
74.7.227.176 - - [08/Apr/2026:12:20:20 +0000] "GET /item/5956708?d=%2Fhome%2Frwabteecom%2Fpublic_html%2Fpublic&edit=x.zip HTTP/1.1" 200 12662 "http://rwabtee.com/item/5956708" "Mozilla/5.0 AppleWebKit/537.36 (KHTML, like Gecko; compatible; GPTBot/1.3; +https://openai.com/gptbot)"
2001:41d0:303:71ad::1 - - [08/Apr/2026:12:20:20 +0000] "GET /?d=/home/rwabteecom/public_html/public/uploads/vcards/products/137 HTTP/1.1" 200 4808 "-" "Mozilla/5.0 (compatible; MJ12bot/v1.4.8; http://mj12bot.com/)"
74.7.227.176 - - [08/Apr/2026:12:20:20 +0000] "GET /item/6719233 HTTP/1.1" 200 39614 "http://rwabtee.com/item/6240414?d=%2Fhome%2Frwabteecom%2Fpublic_html%2Fpublic&edit=sitemap.xml" "Mozilla/5.0 AppleWebKit/537.36 (KHTML, like Gecko; compatible; GPTBot/1.3; +https://openai.com/gptbot)"
