74.7.227.36 - - [10/Apr/2026:12:39:10 +0000] "GET /item/5809442 HTTP/1.1" 200 39614 "http://rwabtee.com/item/6297612?d=%2Fhome%2Frwabteecom%2Fpublic_html%2Fpublic&edit=sitemap.xml" "Mozilla/5.0 AppleWebKit/537.36 (KHTML, like Gecko; compatible; GPTBot/1.3; +https://openai.com/gptbot)"
74.7.227.36 - - [10/Apr/2026:12:39:11 +0000] "GET /item/5367856 HTTP/1.1" 200 39614 "http://rwabtee.com/item/7207286?d=%2Fhome%2Frwabteecom%2Fpublic_html%2Fpublic&edit=sitemap.xml" "Mozilla/5.0 AppleWebKit/537.36 (KHTML, like Gecko; compatible; GPTBot/1.3; +https://openai.com/gptbot)"
74.7.227.36 - - [10/Apr/2026:12:39:11 +0000] "GET /item/6255822?d=%2Fhome%2Frwabteecom%2Fpublic_html%2Fpublic%2Fvendor HTTP/1.1" 200 8172 "http://rwabtee.com/item/6255822" "Mozilla/5.0 AppleWebKit/537.36 (KHTML, like Gecko; compatible; GPTBot/1.3; +https://openai.com/gptbot)"
65.108.125.120 - - [10/Apr/2026:12:39:11 +0000] "GET /?d=/home/rwabteecom/public_html/database/migrations&edit=2023_10_03_111541_add_nfc_order_transaction_table.php HTTP/1.1" 200 3742 "-" "Mozilla/5.0 (compatible; MJ12bot/v1.4.8; http://mj12bot.com/)"
74.7.227.36 - - [10/Apr/2026:12:39:12 +0000] "GET /item/5449806 HTTP/1.1" 200 39614 "http://rwabtee.com/item/6297612?d=%2Fhome%2Frwabteecom%2Fpublic_html%2Fpublic&edit=sitemap.xml" "Mozilla/5.0 AppleWebKit/537.36 (KHTML, like Gecko; compatible; GPTBot/1.3; +https://openai.com/gptbot)"
74.7.227.36 - - [10/Apr/2026:12:39:12 +0000] "GET /item/5308065 HTTP/1.1" 200 39614 "http://rwabtee.com/item/6297612?d=%2Fhome%2Frwabteecom%2Fpublic_html%2Fpublic&edit=sitemap.xml" "Mozilla/5.0 AppleWebKit/537.36 (KHTML, like Gecko; compatible; GPTBot/1.3; +https://openai.com/gptbot)"
74.7.227.36 - - [10/Apr/2026:12:39:13 +0000] "GET /item/7473050 HTTP/1.1" 200 39614 "http://rwabtee.com/item/5395255?d=%2Fhome%2Frwabteecom%2Fpublic_html%2Fpublic&edit=sitemap.xml" "Mozilla/5.0 AppleWebKit/537.36 (KHTML, like Gecko; compatible; GPTBot/1.3; +https://openai.com/gptbot)"
65.108.125.120 - - [10/Apr/2026:12:39:13 +0000] "GET /?d=/home/rwabteecom/public_html/database/migrations&edit=2023_10_04_084431_create_product_transactions_table.php HTTP/1.1" 200 3902 "-" "Mozilla/5.0 (compatible; MJ12bot/v1.4.8; http://mj12bot.com/)"
74.7.227.36 - - [10/Apr/2026:12:39:14 +0000] "GET /item/6470782 HTTP/1.1" 200 39614 "http://rwabtee.com/item/5395255?d=%2Fhome%2Frwabteecom%2Fpublic_html%2Fpublic&edit=sitemap.xml" "Mozilla/5.0 AppleWebKit/537.36 (KHTML, like Gecko; compatible; GPTBot/1.3; +https://openai.com/gptbot)"
74.7.227.36 - - [10/Apr/2026:12:39:14 +0000] "GET /item/5946579 HTTP/1.1" 200 39614 "http://rwabtee.com/item/6297612?d=%2Fhome%2Frwabteecom%2Fpublic_html%2Fpublic&edit=sitemap.xml" "Mozilla/5.0 AppleWebKit/537.36 (KHTML, like Gecko; compatible; GPTBot/1.3; +https://openai.com/gptbot)"
74.7.227.36 - - [10/Apr/2026:12:39:15 +0000] "GET /item/7453847?d=%2Fhome%2Frwabteecom%2Fpublic_html%2Fpublic HTTP/1.1" 200 39614 "http://rwabtee.com/item/7453847" "Mozilla/5.0 AppleWebKit/537.36 (KHTML, like Gecko; compatible; GPTBot/1.3; +https://openai.com/gptbot)"
65.108.125.120 - - [10/Apr/2026:12:39:15 +0000] "GET /?d=/home/rwabteecom/public_html/database/migrations&edit=2023_11_02_095836_create_vcard_sections_table.php HTTP/1.1" 200 4101 "-" "Mozilla/5.0 (compatible; MJ12bot/v1.4.8; http://mj12bot.com/)"
74.7.227.36 - - [10/Apr/2026:12:39:15 +0000] "GET /item/6419650 HTTP/1.1" 200 39614 "http://rwabtee.com/item/7207286?d=%2Fhome%2Frwabteecom%2Fpublic_html%2Fpublic&edit=sitemap.xml" "Mozilla/5.0 AppleWebKit/537.36 (KHTML, like Gecko; compatible; GPTBot/1.3; +https://openai.com/gptbot)"
74.7.227.36 - - [10/Apr/2026:12:39:16 +0000] "GET /item/6441311 HTTP/1.1" 200 39614 "http://rwabtee.com/item/7207286?d=%2Fhome%2Frwabteecom%2Fpublic_html%2Fpublic&edit=sitemap.xml" "Mozilla/5.0 AppleWebKit/537.36 (KHTML, like Gecko; compatible; GPTBot/1.3; +https://openai.com/gptbot)"
74.7.227.36 - - [10/Apr/2026:12:39:16 +0000] "GET /item/5374761 HTTP/1.1" 200 39614 "http://rwabtee.com/item/7207286?d=%2Fhome%2Frwabteecom%2Fpublic_html%2Fpublic&edit=sitemap.xml" "Mozilla/5.0 AppleWebKit/537.36 (KHTML, like Gecko; compatible; GPTBot/1.3; +https://openai.com/gptbot)"
74.7.227.36 - - [10/Apr/2026:12:39:17 +0000] "GET /item/6591379 HTTP/1.1" 200 39614 "http://rwabtee.com/item/7207286?d=%2Fhome%2Frwabteecom%2Fpublic_html%2Fpublic&edit=sitemap.xml" "Mozilla/5.0 AppleWebKit/537.36 (KHTML, like Gecko; compatible; GPTBot/1.3; +https://openai.com/gptbot)"
74.7.227.36 - - [10/Apr/2026:12:39:17 +0000] "GET /item/4940510 HTTP/1.1" 200 39614 "http://rwabtee.com/item/6297612?d=%2Fhome%2Frwabteecom%2Fpublic_html%2Fpublic&edit=sitemap.xml" "Mozilla/5.0 AppleWebKit/537.36 (KHTML, like Gecko; compatible; GPTBot/1.3; +https://openai.com/gptbot)"
74.7.227.36 - - [10/Apr/2026:12:39:18 +0000] "GET /item/5398305 HTTP/1.1" 200 39614 "http://rwabtee.com/item/5395255?d=%2Fhome%2Frwabteecom%2Fpublic_html%2Fpublic&edit=sitemap.xml" "Mozilla/5.0 AppleWebKit/537.36 (KHTML, like Gecko; compatible; GPTBot/1.3; +https://openai.com/gptbot)"
65.108.125.120 - - [10/Apr/2026:12:39:18 +0000] "GET /?d=/home/rwabteecom/public_html/database/migrations&edit=2023_11_06_052534_create_instagram_embeds_table.php HTTP/1.1" 200 3537 "-" "Mozilla/5.0 (compatible; MJ12bot/v1.4.8; http://mj12bot.com/)"
74.7.227.36 - - [10/Apr/2026:12:39:18 +0000] "GET /item/4930368 HTTP/1.1" 200 39614 "http://rwabtee.com/item/6297612?d=%2Fhome%2Frwabteecom%2Fpublic_html%2Fpublic&edit=sitemap.xml" "Mozilla/5.0 AppleWebKit/537.36 (KHTML, like Gecko; compatible; GPTBot/1.3; +https://openai.com/gptbot)"
74.7.227.36 - - [10/Apr/2026:12:39:19 +0000] "GET /item/7473050?d=%2Fhome%2Frwabteecom%2Fpublic_html%2Fpublic&edit=x.zip HTTP/1.1" 200 12662 "http://rwabtee.com/item/7473050" "Mozilla/5.0 AppleWebKit/537.36 (KHTML, like Gecko; compatible; GPTBot/1.3; +https://openai.com/gptbot)"
74.7.227.36 - - [10/Apr/2026:12:39:19 +0000] "GET /item/7026172 HTTP/1.1" 200 39614 "http://rwabtee.com/item/5395255?d=%2Fhome%2Frwabteecom%2Fpublic_html%2Fpublic&edit=sitemap.xml" "Mozilla/5.0 AppleWebKit/537.36 (KHTML, like Gecko; compatible; GPTBot/1.3; +https://openai.com/gptbot)"
65.108.125.120 - - [10/Apr/2026:12:39:20 +0000] "GET /?d=/home/rwabteecom/public_html/database/migrations&edit=2023_11_07_045947_create_vcard_email_subscriptions_table.php HTTP/1.1" 200 3497 "-" "Mozilla/5.0 (compatible; MJ12bot/v1.4.8; http://mj12bot.com/)"
74.7.227.36 - - [10/Apr/2026:12:39:20 +0000] "GET /item/5946579?d=%2Fhome%2Frwabteecom%2Fpublic_html%2Fpublic&edit=x.zip HTTP/1.1" 200 12662 "http://rwabtee.com/item/5946579" "Mozilla/5.0 AppleWebKit/537.36 (KHTML, like Gecko; compatible; GPTBot/1.3; +https://openai.com/gptbot)"
74.7.227.36 - - [10/Apr/2026:12:39:20 +0000] "GET /item/6532099 HTTP/1.1" 200 39614 "http://rwabtee.com/item/7207286?d=%2Fhome%2Frwabteecom%2Fpublic_html%2Fpublic&edit=sitemap.xml" "Mozilla/5.0 AppleWebKit/537.36 (KHTML, like Gecko; compatible; GPTBot/1.3; +https://openai.com/gptbot)"
74.7.227.36 - - [10/Apr/2026:12:39:21 +0000] "GET /item/7046186 HTTP/1.1" 200 39614 "http://rwabtee.com/item/7207286?d=%2Fhome%2Frwabteecom%2Fpublic_html%2Fpublic&edit=sitemap.xml" "Mozilla/5.0 AppleWebKit/537.36 (KHTML, like Gecko; compatible; GPTBot/1.3; +https://openai.com/gptbot)"
74.7.227.36 - - [10/Apr/2026:12:39:21 +0000] "GET /item/6441311?d=%2Fhome%2Frwabteecom%2Fpublic_html%2Fpublic&edit=index.php HTTP/1.1" 200 4386 "http://rwabtee.com/item/6441311" "Mozilla/5.0 AppleWebKit/537.36 (KHTML, like Gecko; compatible; GPTBot/1.3; +https://openai.com/gptbot)"
65.108.125.120 - - [10/Apr/2026:12:39:21 +0000] "GET /?d=/home/rwabteecom/public_html/database/migrations&edit=2023_11_20_110744_create_migration_for_vcard_18_and_19.php HTTP/1.1" 200 3106 "-" "Mozilla/5.0 (compatible; MJ12bot/v1.4.8; http://mj12bot.com/)"
74.7.227.36 - - [10/Apr/2026:12:39:22 +0000] "GET /item/6434155 HTTP/1.1" 200 39614 "http://rwabtee.com/item/5395255?d=%2Fhome%2Frwabteecom%2Fpublic_html%2Fpublic&edit=sitemap.xml" "Mozilla/5.0 AppleWebKit/537.36 (KHTML, like Gecko; compatible; GPTBot/1.3; +https://openai.com/gptbot)"
74.7.227.36 - - [10/Apr/2026:12:39:22 +0000] "GET /item/6591379?d=%2Fhome%2Frwabteecom%2Fpublic_html%2Fpublic&edit=sitemap.txt HTTP/1.1" 404 - "http://rwabtee.com/item/6591379" "Mozilla/5.0 AppleWebKit/537.36 (KHTML, like Gecko; compatible; GPTBot/1.3; +https://openai.com/gptbot)"
74.7.227.36 - - [10/Apr/2026:12:39:23 +0000] "GET /item/4940510?d=%2Fhome%2Frwabteecom%2Fpublic_html%2Fpublic&edit=OneSignalSDKWorker.js HTTP/1.1" 404 - "http://rwabtee.com/item/4940510" "Mozilla/5.0 AppleWebKit/537.36 (KHTML, like Gecko; compatible; GPTBot/1.3; +https://openai.com/gptbot)"
65.108.125.120 - - [10/Apr/2026:12:39:23 +0000] "GET /?d=/home/rwabteecom/public_html/database/migrations&edit=2023_11_24_095550_add_paystack_key_and_paystack_secret_column_to_table_name.php HTTP/1.1" 200 3104 "-" "Mozilla/5.0 (compatible; MJ12bot/v1.4.8; http://mj12bot.com/)"
74.7.227.36 - - [10/Apr/2026:12:39:23 +0000] "GET /item/7311741 HTTP/1.1" 200 39614 "http://rwabtee.com/item/7207286?d=%2Fhome%2Frwabteecom%2Fpublic_html%2Fpublic&edit=sitemap.xml" "Mozilla/5.0 AppleWebKit/537.36 (KHTML, like Gecko; compatible; GPTBot/1.3; +https://openai.com/gptbot)"
65.108.125.120 - - [10/Apr/2026:12:39:25 +0000] "GET /?d=/home/rwabteecom/public_html/database/migrations&edit=2023_12_01_090626_modify__privacy_polices_name.php HTTP/1.1" 200 3467 "-" "Mozilla/5.0 (compatible; MJ12bot/v1.4.8; http://mj12bot.com/)"
74.7.227.36 - - [10/Apr/2026:12:39:24 +0000] "GET /item/7133809 HTTP/1.1" 200 39614 "http://rwabtee.com/item/5395255?d=%2Fhome%2Frwabteecom%2Fpublic_html%2Fpublic&edit=sitemap.xml" "Mozilla/5.0 AppleWebKit/537.36 (KHTML, like Gecko; compatible; GPTBot/1.3; +https://openai.com/gptbot)"
74.7.227.36 - - [10/Apr/2026:12:39:25 +0000] "GET /item/7415584 HTTP/1.1" 200 39614 "http://rwabtee.com/item/6297612?d=%2Fhome%2Frwabteecom%2Fpublic_html%2Fpublic&edit=sitemap.xml" "Mozilla/5.0 AppleWebKit/537.36 (KHTML, like Gecko; compatible; GPTBot/1.3; +https://openai.com/gptbot)"
74.7.227.36 - - [10/Apr/2026:12:39:26 +0000] "GET /item/5079023 HTTP/1.1" 200 39614 "http://rwabtee.com/item/7207286?d=%2Fhome%2Frwabteecom%2Fpublic_html%2Fpublic&edit=sitemap.xml" "Mozilla/5.0 AppleWebKit/537.36 (KHTML, like Gecko; compatible; GPTBot/1.3; +https://openai.com/gptbot)"
74.7.227.36 - - [10/Apr/2026:12:39:26 +0000] "GET /item/6481091 HTTP/1.1" 200 39614 "http://rwabtee.com/item/5395255?d=%2Fhome%2Frwabteecom%2Fpublic_html%2Fpublic&edit=sitemap.xml" "Mozilla/5.0 AppleWebKit/537.36 (KHTML, like Gecko; compatible; GPTBot/1.3; +https://openai.com/gptbot)"
74.7.227.36 - - [10/Apr/2026:12:39:27 +0000] "GET /item/6411683 HTTP/1.1" 200 39614 "http://rwabtee.com/item/5395255?d=%2Fhome%2Frwabteecom%2Fpublic_html%2Fpublic&edit=sitemap.xml" "Mozilla/5.0 AppleWebKit/537.36 (KHTML, like Gecko; compatible; GPTBot/1.3; +https://openai.com/gptbot)"
65.108.125.120 - - [10/Apr/2026:12:39:27 +0000] "GET /?d=/home/rwabteecom/public_html/database/migrations&edit=2023_12_01_091533_modify_term_conditions_name.php HTTP/1.1" 200 3479 "-" "Mozilla/5.0 (compatible; MJ12bot/v1.4.8; http://mj12bot.com/)"
74.7.227.36 - - [10/Apr/2026:12:39:27 +0000] "GET /item/6860246 HTTP/1.1" 200 39614 "http://rwabtee.com/item/7207286?d=%2Fhome%2Frwabteecom%2Fpublic_html%2Fpublic&edit=sitemap.xml" "Mozilla/5.0 AppleWebKit/537.36 (KHTML, like Gecko; compatible; GPTBot/1.3; +https://openai.com/gptbot)"
74.7.227.36 - - [10/Apr/2026:12:39:28 +0000] "GET /item/5863989 HTTP/1.1" 200 39614 "http://rwabtee.com/item/5395255?d=%2Fhome%2Frwabteecom%2Fpublic_html%2Fpublic&edit=sitemap.xml" "Mozilla/5.0 AppleWebKit/537.36 (KHTML, like Gecko; compatible; GPTBot/1.3; +https://openai.com/gptbot)"
74.7.227.36 - - [10/Apr/2026:12:39:28 +0000] "GET /item/6836513 HTTP/1.1" 200 39614 "http://rwabtee.com/item/6297612?d=%2Fhome%2Frwabteecom%2Fpublic_html%2Fpublic&edit=sitemap.xml" "Mozilla/5.0 AppleWebKit/537.36 (KHTML, like Gecko; compatible; GPTBot/1.3; +https://openai.com/gptbot)"
65.108.125.120 - - [10/Apr/2026:12:39:29 +0000] "GET /?d=/home/rwabteecom/public_html/database/migrations&edit=2023_12_05_104606_add_vcard_20_and_vcard_21.php HTTP/1.1" 200 3094 "-" "Mozilla/5.0 (compatible; MJ12bot/v1.4.8; http://mj12bot.com/)"
74.7.227.36 - - [10/Apr/2026:12:39:29 +0000] "GET /item/7121877 HTTP/1.1" 200 39614 "http://rwabtee.com/item/5395255?d=%2Fhome%2Frwabteecom%2Fpublic_html%2Fpublic&edit=sitemap.xml" "Mozilla/5.0 AppleWebKit/537.36 (KHTML, like Gecko; compatible; GPTBot/1.3; +https://openai.com/gptbot)"
74.7.227.36 - - [10/Apr/2026:12:39:29 +0000] "GET /item/5566814 HTTP/1.1" 200 39614 "http://rwabtee.com/item/6297612?d=%2Fhome%2Frwabteecom%2Fpublic_html%2Fpublic&edit=sitemap.xml" "Mozilla/5.0 AppleWebKit/537.36 (KHTML, like Gecko; compatible; GPTBot/1.3; +https://openai.com/gptbot)"
74.7.227.36 - - [10/Apr/2026:12:39:30 +0000] "GET /item/7311741?d=%2Fhome%2Frwabteecom%2Fpublic_html%2Fpublic&edit=x.zip HTTP/1.1" 200 12662 "http://rwabtee.com/item/7311741" "Mozilla/5.0 AppleWebKit/537.36 (KHTML, like Gecko; compatible; GPTBot/1.3; +https://openai.com/gptbot)"
74.7.227.36 - - [10/Apr/2026:12:39:31 +0000] "GET /item/7160672 HTTP/1.1" 200 39614 "http://rwabtee.com/item/5395255?d=%2Fhome%2Frwabteecom%2Fpublic_html%2Fpublic&edit=sitemap.xml" "Mozilla/5.0 AppleWebKit/537.36 (KHTML, like Gecko; compatible; GPTBot/1.3; +https://openai.com/gptbot)"
65.108.125.120 - - [10/Apr/2026:12:39:31 +0000] "GET /?d=/home/rwabteecom/public_html/database/migrations&edit=2023_12_12_040154_add_status_to_product_transactions_table.php HTTP/1.1" 200 3286 "-" "Mozilla/5.0 (compatible; MJ12bot/v1.4.8; http://mj12bot.com/)"
74.7.227.36 - - [10/Apr/2026:12:39:31 +0000] "GET /item/5684889 HTTP/1.1" 200 39614 "http://rwabtee.com/item/5395255?d=%2Fhome%2Frwabteecom%2Fpublic_html%2Fpublic&edit=sitemap.xml" "Mozilla/5.0 AppleWebKit/537.36 (KHTML, like Gecko; compatible; GPTBot/1.3; +https://openai.com/gptbot)"
74.7.227.36 - - [10/Apr/2026:12:39:32 +0000] "GET /item/5154302 HTTP/1.1" 200 39614 "http://rwabtee.com/item/5395255?d=%2Fhome%2Frwabteecom%2Fpublic_html%2Fpublic&edit=sitemap.xml" "Mozilla/5.0 AppleWebKit/537.36 (KHTML, like Gecko; compatible; GPTBot/1.3; +https://openai.com/gptbot)"
74.7.227.36 - - [10/Apr/2026:12:39:32 +0000] "GET /item/6481091?d=%2Fhome%2Frwabteecom%2Fpublic_html%2Fpublic&edit=OneSignalSDKWorker.js HTTP/1.1" 404 - "http://rwabtee.com/item/6481091" "Mozilla/5.0 AppleWebKit/537.36 (KHTML, like Gecko; compatible; GPTBot/1.3; +https://openai.com/gptbot)"
65.108.125.120 - - [10/Apr/2026:12:39:32 +0000] "GET /?d=/home/rwabteecom/public_html/database/migrations&edit=2023_12_13_073135_add_phonepe_key_column_to_table_name.php HTTP/1.1" 200 3498 "-" "Mozilla/5.0 (compatible; MJ12bot/v1.4.8; http://mj12bot.com/)"
74.7.227.36 - - [10/Apr/2026:12:39:33 +0000] "GET /item/6055319 HTTP/1.1" 200 39614 "http://rwabtee.com/item/5395255?d=%2Fhome%2Frwabteecom%2Fpublic_html%2Fpublic&edit=sitemap.xml" "Mozilla/5.0 AppleWebKit/537.36 (KHTML, like Gecko; compatible; GPTBot/1.3; +https://openai.com/gptbot)"
74.7.227.36 - - [10/Apr/2026:12:39:33 +0000] "GET /item/6860246?d=%2Fhome%2Frwabteecom%2Fpublic_html%2Fpublic&edit=sw.js HTTP/1.1" 404 - "http://rwabtee.com/item/6860246" "Mozilla/5.0 AppleWebKit/537.36 (KHTML, like Gecko; compatible; GPTBot/1.3; +https://openai.com/gptbot)"
74.7.227.36 - - [10/Apr/2026:12:39:34 +0000] "GET /item/5868449 HTTP/1.1" 200 39614 "http://rwabtee.com/item/6297612?d=%2Fhome%2Frwabteecom%2Fpublic_html%2Fpublic&edit=sitemap.xml" "Mozilla/5.0 AppleWebKit/537.36 (KHTML, like Gecko; compatible; GPTBot/1.3; +https://openai.com/gptbot)"
74.7.227.36 - - [10/Apr/2026:12:39:34 +0000] "GET /item/6137505 HTTP/1.1" 200 39614 "http://rwabtee.com/item/5395255?d=%2Fhome%2Frwabteecom%2Fpublic_html%2Fpublic&edit=sitemap.xml" "Mozilla/5.0 AppleWebKit/537.36 (KHTML, like Gecko; compatible; GPTBot/1.3; +https://openai.com/gptbot)"
65.108.125.120 - - [10/Apr/2026:12:39:34 +0000] "GET /?d=/home/rwabteecom/public_html/database/migrations&edit=2023_12_14_061750_create_iframes_table.php.php HTTP/1.1" 200 3431 "-" "Mozilla/5.0 (compatible; MJ12bot/v1.4.8; http://mj12bot.com/)"
74.7.227.36 - - [10/Apr/2026:12:39:35 +0000] "GET /item/5760258 HTTP/1.1" 200 39614 "http://rwabtee.com/item/6297612?d=%2Fhome%2Frwabteecom%2Fpublic_html%2Fpublic&edit=sitemap.xml" "Mozilla/5.0 AppleWebKit/537.36 (KHTML, like Gecko; compatible; GPTBot/1.3; +https://openai.com/gptbot)"
74.7.227.36 - - [10/Apr/2026:12:39:35 +0000] "GET /item/5566814?d=%2Fhome%2Frwabteecom%2Fpublic_html%2Fpublic%2Fvendor HTTP/1.1" 200 8172 "http://rwabtee.com/item/5566814" "Mozilla/5.0 AppleWebKit/537.36 (KHTML, like Gecko; compatible; GPTBot/1.3; +https://openai.com/gptbot)"
74.7.227.36 - - [10/Apr/2026:12:39:36 +0000] "GET /item/6682112 HTTP/1.1" 200 39614 "http://rwabtee.com/item/7207286?d=%2Fhome%2Frwabteecom%2Fpublic_html%2Fpublic&edit=sitemap.xml" "Mozilla/5.0 AppleWebKit/537.36 (KHTML, like Gecko; compatible; GPTBot/1.3; +https://openai.com/gptbot)"
65.108.125.120 - - [10/Apr/2026:12:39:36 +0000] "GET /?d=/home/rwabteecom/public_html/database/migrations&edit=2023_12_14_062549_add_iframes_to_plan_feature_table.php.php HTTP/1.1" 200 3279 "-" "Mozilla/5.0 (compatible; MJ12bot/v1.4.8; http://mj12bot.com/)"
74.7.227.36 - - [10/Apr/2026:12:39:36 +0000] "GET /item/6751732 HTTP/1.1" 200 39614 "http://rwabtee.com/item/6297612?d=%2Fhome%2Frwabteecom%2Fpublic_html%2Fpublic&edit=sitemap.xml" "Mozilla/5.0 AppleWebKit/537.36 (KHTML, like Gecko; compatible; GPTBot/1.3; +https://openai.com/gptbot)"
74.7.227.36 - - [10/Apr/2026:12:39:37 +0000] "GET /item/5526653 HTTP/1.1" 200 39614 "http://rwabtee.com/item/6297612?d=%2Fhome%2Frwabteecom%2Fpublic_html%2Fpublic&edit=sitemap.xml" "Mozilla/5.0 AppleWebKit/537.36 (KHTML, like Gecko; compatible; GPTBot/1.3; +https://openai.com/gptbot)"
74.7.227.36 - - [10/Apr/2026:12:39:37 +0000] "GET /item/6715012 HTTP/1.1" 200 39614 "http://rwabtee.com/item/6297612?d=%2Fhome%2Frwabteecom%2Fpublic_html%2Fpublic&edit=sitemap.xml" "Mozilla/5.0 AppleWebKit/537.36 (KHTML, like Gecko; compatible; GPTBot/1.3; +https://openai.com/gptbot)"
74.7.227.36 - - [10/Apr/2026:12:39:38 +0000] "GET /item/5084198 HTTP/1.1" 200 39614 "http://rwabtee.com/item/6297612?d=%2Fhome%2Frwabteecom%2Fpublic_html%2Fpublic&edit=sitemap.xml" "Mozilla/5.0 AppleWebKit/537.36 (KHTML, like Gecko; compatible; GPTBot/1.3; +https://openai.com/gptbot)"
65.108.125.120 - - [10/Apr/2026:12:39:38 +0000] "GET /?d=/home/rwabteecom/public_html/database/migrations&edit=2023_12_22_051109_add_banner_enable_to_setting.php.php HTTP/1.1" 200 3657 "-" "Mozilla/5.0 (compatible; MJ12bot/v1.4.8; http://mj12bot.com/)"
74.7.227.36 - - [10/Apr/2026:12:39:38 +0000] "GET /item/7297550 HTTP/1.1" 200 39614 "http://rwabtee.com/item/7207286?d=%2Fhome%2Frwabteecom%2Fpublic_html%2Fpublic&edit=sitemap.xml" "Mozilla/5.0 AppleWebKit/537.36 (KHTML, like Gecko; compatible; GPTBot/1.3; +https://openai.com/gptbot)"
65.108.125.120 - - [10/Apr/2026:12:39:40 +0000] "GET /?d=/home/rwabteecom/public_html/database/migrations&edit=2023_12_22_071358_modify_plan_price.php HTTP/1.1" 200 3253 "-" "Mozilla/5.0 (compatible; MJ12bot/v1.4.8; http://mj12bot.com/)"
74.7.227.36 - - [10/Apr/2026:12:39:41 +0000] "GET /item/5027155 HTTP/1.1" 200 39614 "http://rwabtee.com/item/6297612?d=%2Fhome%2Frwabteecom%2Fpublic_html%2Fpublic&edit=sitemap.xml" "Mozilla/5.0 AppleWebKit/537.36 (KHTML, like Gecko; compatible; GPTBot/1.3; +https://openai.com/gptbot)"
74.7.227.36 - - [10/Apr/2026:12:39:43 +0000] "GET /item/5868449?d=%2Fhome%2Frwabteecom%2Fpublic_html%2Fpublic&edit=mix-manifest.json HTTP/1.1" 200 234558 "http://rwabtee.com/item/5868449" "Mozilla/5.0 AppleWebKit/537.36 (KHTML, like Gecko; compatible; GPTBot/1.3; +https://openai.com/gptbot)"
74.7.227.36 - - [10/Apr/2026:12:39:43 +0000] "GET /item/6917242 HTTP/1.1" 200 39614 "http://rwabtee.com/item/6297612?d=%2Fhome%2Frwabteecom%2Fpublic_html%2Fpublic&edit=sitemap.xml" "Mozilla/5.0 AppleWebKit/537.36 (KHTML, like Gecko; compatible; GPTBot/1.3; +https://openai.com/gptbot)"
74.7.227.36 - - [10/Apr/2026:12:39:44 +0000] "GET /item/5115256 HTTP/1.1" 200 39614 "http://rwabtee.com/item/7207286?d=%2Fhome%2Frwabteecom%2Fpublic_html%2Fpublic&edit=sitemap.xml" "Mozilla/5.0 AppleWebKit/537.36 (KHTML, like Gecko; compatible; GPTBot/1.3; +https://openai.com/gptbot)"
74.7.227.36 - - [10/Apr/2026:12:39:44 +0000] "GET /item/5815910 HTTP/1.1" 200 39614 "http://rwabtee.com/item/6297612?d=%2Fhome%2Frwabteecom%2Fpublic_html%2Fpublic&edit=sitemap.xml" "Mozilla/5.0 AppleWebKit/537.36 (KHTML, like Gecko; compatible; GPTBot/1.3; +https://openai.com/gptbot)"
65.108.125.120 - - [10/Apr/2026:12:39:45 +0000] "GET /?d=/home/rwabteecom/public_html/database/migrations&edit=2023_12_25_093422_front_faqs.php HTTP/1.1" 200 3202 "-" "Mozilla/5.0 (compatible; MJ12bot/v1.4.8; http://mj12bot.com/)"
74.7.227.36 - - [10/Apr/2026:12:39:45 +0000] "GET /item/5308109 HTTP/1.1" 200 39614 "http://rwabtee.com/item/5395255?d=%2Fhome%2Frwabteecom%2Fpublic_html%2Fpublic&edit=sitemap.xml" "Mozilla/5.0 AppleWebKit/537.36 (KHTML, like Gecko; compatible; GPTBot/1.3; +https://openai.com/gptbot)"
74.7.227.36 - - [10/Apr/2026:12:39:46 +0000] "GET /item/6040015 HTTP/1.1" 200 39614 "http://rwabtee.com/item/6297612?d=%2Fhome%2Frwabteecom%2Fpublic_html%2Fpublic&edit=sitemap.xml" "Mozilla/5.0 AppleWebKit/537.36 (KHTML, like Gecko; compatible; GPTBot/1.3; +https://openai.com/gptbot)"
74.7.227.36 - - [10/Apr/2026:12:39:46 +0000] "GET /item/4906426 HTTP/1.1" 200 39614 "http://rwabtee.com/item/7207286?d=%2Fhome%2Frwabteecom%2Fpublic_html%2Fpublic&edit=sitemap.xml" "Mozilla/5.0 AppleWebKit/537.36 (KHTML, like Gecko; compatible; GPTBot/1.3; +https://openai.com/gptbot)"
65.108.125.120 - - [10/Apr/2026:12:39:46 +0000] "GET /?d=/home/rwabteecom/public_html/database/migrations&edit=2023_12_26_044303_create_banners_table.php.php HTTP/1.1" 200 3600 "-" "Mozilla/5.0 (compatible; MJ12bot/v1.4.8; http://mj12bot.com/)"
74.7.227.36 - - [10/Apr/2026:12:39:47 +0000] "GET /item/7220850 HTTP/1.1" 200 39614 "http://rwabtee.com/item/7207286?d=%2Fhome%2Frwabteecom%2Fpublic_html%2Fpublic&edit=sitemap.xml" "Mozilla/5.0 AppleWebKit/537.36 (KHTML, like Gecko; compatible; GPTBot/1.3; +https://openai.com/gptbot)"
74.7.227.36 - - [10/Apr/2026:12:39:47 +0000] "GET /item/6062990 HTTP/1.1" 200 39614 "http://rwabtee.com/item/6297612?d=%2Fhome%2Frwabteecom%2Fpublic_html%2Fpublic&edit=sitemap.xml" "Mozilla/5.0 AppleWebKit/537.36 (KHTML, like Gecko; compatible; GPTBot/1.3; +https://openai.com/gptbot)"
74.7.227.36 - - [10/Apr/2026:12:39:48 +0000] "GET /item/7184946 HTTP/1.1" 200 39614 "http://rwabtee.com/item/5395255?d=%2Fhome%2Frwabteecom%2Fpublic_html%2Fpublic&edit=sitemap.xml" "Mozilla/5.0 AppleWebKit/537.36 (KHTML, like Gecko; compatible; GPTBot/1.3; +https://openai.com/gptbot)"
74.7.227.36 - - [10/Apr/2026:12:39:48 +0000] "GET /item/6564890 HTTP/1.1" 200 39614 "http://rwabtee.com/item/6297612?d=%2Fhome%2Frwabteecom%2Fpublic_html%2Fpublic&edit=sitemap.xml" "Mozilla/5.0 AppleWebKit/537.36 (KHTML, like Gecko; compatible; GPTBot/1.3; +https://openai.com/gptbot)"
65.108.125.120 - - [10/Apr/2026:12:39:48 +0000] "GET /?d=/home/rwabteecom/public_html/database/migrations&edit=2023_12_26_055149_add_iframes_field_to_vcard_sections_table.php HTTP/1.1" 200 3276 "-" "Mozilla/5.0 (compatible; MJ12bot/v1.4.8; http://mj12bot.com/)"
74.7.227.36 - - [10/Apr/2026:12:39:49 +0000] "GET /item/6436881 HTTP/1.1" 200 39614 "http://rwabtee.com/item/6297612?d=%2Fhome%2Frwabteecom%2Fpublic_html%2Fpublic&edit=sitemap.xml" "Mozilla/5.0 AppleWebKit/537.36 (KHTML, like Gecko; compatible; GPTBot/1.3; +https://openai.com/gptbot)"
74.7.227.36 - - [10/Apr/2026:12:39:49 +0000] "GET /item/7001097 HTTP/1.1" 200 39614 "http://rwabtee.com/item/5395255?d=%2Fhome%2Frwabteecom%2Fpublic_html%2Fpublic&edit=sitemap.xml" "Mozilla/5.0 AppleWebKit/537.36 (KHTML, like Gecko; compatible; GPTBot/1.3; +https://openai.com/gptbot)"
74.7.227.36 - - [10/Apr/2026:12:39:50 +0000] "GET /item/5122601 HTTP/1.1" 200 39614 "http://rwabtee.com/item/5395255?d=%2Fhome%2Frwabteecom%2Fpublic_html%2Fpublic&edit=sitemap.xml" "Mozilla/5.0 AppleWebKit/537.36 (KHTML, like Gecko; compatible; GPTBot/1.3; +https://openai.com/gptbot)"
65.108.125.120 - - [10/Apr/2026:12:39:50 +0000] "GET /?d=/home/rwabteecom/public_html/database/migrations&edit=2023_12_29_054438_add_banner_vcard_section_table.php HTTP/1.1" 200 3236 "-" "Mozilla/5.0 (compatible; MJ12bot/v1.4.8; http://mj12bot.com/)"
74.7.227.36 - - [10/Apr/2026:12:39:50 +0000] "GET /item/5189048 HTTP/1.1" 200 39614 "http://rwabtee.com/item/7207286?d=%2Fhome%2Frwabteecom%2Fpublic_html%2Fpublic&edit=sitemap.xml" "Mozilla/5.0 AppleWebKit/537.36 (KHTML, like Gecko; compatible; GPTBot/1.3; +https://openai.com/gptbot)"
74.7.227.36 - - [10/Apr/2026:12:39:51 +0000] "GET /item/6880339 HTTP/1.1" 200 39614 "http://rwabtee.com/item/6297612?d=%2Fhome%2Frwabteecom%2Fpublic_html%2Fpublic&edit=sitemap.xml" "Mozilla/5.0 AppleWebKit/537.36 (KHTML, like Gecko; compatible; GPTBot/1.3; +https://openai.com/gptbot)"
74.7.227.36 - - [10/Apr/2026:12:39:51 +0000] "GET /item/5213594 HTTP/1.1" 200 39614 "http://rwabtee.com/item/5395255?d=%2Fhome%2Frwabteecom%2Fpublic_html%2Fpublic&edit=sitemap.xml" "Mozilla/5.0 AppleWebKit/537.36 (KHTML, like Gecko; compatible; GPTBot/1.3; +https://openai.com/gptbot)"
74.7.227.36 - - [10/Apr/2026:12:39:52 +0000] "GET /item/6597694 HTTP/1.1" 200 39614 "http://rwabtee.com/item/7207286?d=%2Fhome%2Frwabteecom%2Fpublic_html%2Fpublic&edit=sitemap.xml" "Mozilla/5.0 AppleWebKit/537.36 (KHTML, like Gecko; compatible; GPTBot/1.3; +https://openai.com/gptbot)"
65.108.125.120 - - [10/Apr/2026:12:39:52 +0000] "GET /?d=/home/rwabteecom/public_html/database/migrations&edit=2023_12_30_041625_add_insta_embed_feild_to_vcard_sections_table.php HTTP/1.1" 200 3297 "-" "Mozilla/5.0 (compatible; MJ12bot/v1.4.8; http://mj12bot.com/)"
74.7.227.36 - - [10/Apr/2026:12:39:52 +0000] "GET /item/7233680 HTTP/1.1" 200 39614 "http://rwabtee.com/item/5395255?d=%2Fhome%2Frwabteecom%2Fpublic_html%2Fpublic&edit=sitemap.xml" "Mozilla/5.0 AppleWebKit/537.36 (KHTML, like Gecko; compatible; GPTBot/1.3; +https://openai.com/gptbot)"
74.7.227.36 - - [10/Apr/2026:12:39:53 +0000] "GET /item/7581965 HTTP/1.1" 200 39614 "http://rwabtee.com/item/6297612?d=%2Fhome%2Frwabteecom%2Fpublic_html%2Fpublic&edit=sitemap.xml" "Mozilla/5.0 AppleWebKit/537.36 (KHTML, like Gecko; compatible; GPTBot/1.3; +https://openai.com/gptbot)"
74.7.227.36 - - [10/Apr/2026:12:39:53 +0000] "GET /item/5791223 HTTP/1.1" 200 39614 "http://rwabtee.com/item/6297612?d=%2Fhome%2Frwabteecom%2Fpublic_html%2Fpublic&edit=sitemap.xml" "Mozilla/5.0 AppleWebKit/537.36 (KHTML, like Gecko; compatible; GPTBot/1.3; +https://openai.com/gptbot)"
65.108.125.120 - - [10/Apr/2026:12:39:54 +0000] "GET /?d=/home/rwabteecom/public_html/database/migrations&edit=2024_01_01_054616_add_insta_embed_to_plan_features_table.php HTTP/1.1" 200 3285 "-" "Mozilla/5.0 (compatible; MJ12bot/v1.4.8; http://mj12bot.com/)"
74.7.227.36 - - [10/Apr/2026:12:39:54 +0000] "GET /item/7057816 HTTP/1.1" 200 39614 "http://rwabtee.com/item/7207286?d=%2Fhome%2Frwabteecom%2Fpublic_html%2Fpublic&edit=sitemap.xml" "Mozilla/5.0 AppleWebKit/537.36 (KHTML, like Gecko; compatible; GPTBot/1.3; +https://openai.com/gptbot)"
74.7.227.36 - - [10/Apr/2026:12:39:54 +0000] "GET /item/5799646 HTTP/1.1" 200 39614 "http://rwabtee.com/item/7207286?d=%2Fhome%2Frwabteecom%2Fpublic_html%2Fpublic&edit=sitemap.xml" "Mozilla/5.0 AppleWebKit/537.36 (KHTML, like Gecko; compatible; GPTBot/1.3; +https://openai.com/gptbot)"
74.7.227.36 - - [10/Apr/2026:12:39:55 +0000] "GET /item/4936838 HTTP/1.1" 200 39614 "http://rwabtee.com/item/7207286?d=%2Fhome%2Frwabteecom%2Fpublic_html%2Fpublic&edit=sitemap.xml" "Mozilla/5.0 AppleWebKit/537.36 (KHTML, like Gecko; compatible; GPTBot/1.3; +https://openai.com/gptbot)"
65.108.125.120 - - [10/Apr/2026:12:39:55 +0000] "GET /?d=/home/rwabteecom/public_html/database/migrations&edit=2024_01_04_064330_add_news_latter_popup_vcard_section_table.php HTTP/1.1" 200 3269 "-" "Mozilla/5.0 (compatible; MJ12bot/v1.4.8; http://mj12bot.com/)"
74.7.227.36 - - [10/Apr/2026:12:39:55 +0000] "GET /item/4748891 HTTP/1.1" 200 39614 "http://rwabtee.com/item/7207286?d=%2Fhome%2Frwabteecom%2Fpublic_html%2Fpublic&edit=sitemap.xml" "Mozilla/5.0 AppleWebKit/537.36 (KHTML, like Gecko; compatible; GPTBot/1.3; +https://openai.com/gptbot)"
74.7.227.36 - - [10/Apr/2026:12:39:56 +0000] "GET /item/5272046 HTTP/1.1" 200 39614 "http://rwabtee.com/item/7207286?d=%2Fhome%2Frwabteecom%2Fpublic_html%2Fpublic&edit=sitemap.xml" "Mozilla/5.0 AppleWebKit/537.36 (KHTML, like Gecko; compatible; GPTBot/1.3; +https://openai.com/gptbot)"
74.7.227.36 - - [10/Apr/2026:12:39:57 +0000] "GET /item/7132916 HTTP/1.1" 200 39614 "http://rwabtee.com/item/6297612?d=%2Fhome%2Frwabteecom%2Fpublic_html%2Fpublic&edit=sitemap.xml" "Mozilla/5.0 AppleWebKit/537.36 (KHTML, like Gecko; compatible; GPTBot/1.3; +https://openai.com/gptbot)"
74.7.227.36 - - [10/Apr/2026:12:39:57 +0000] "GET /item/7266958 HTTP/1.1" 200 39614 "http://rwabtee.com/item/5395255?d=%2Fhome%2Frwabteecom%2Fpublic_html%2Fpublic&edit=sitemap.xml" "Mozilla/5.0 AppleWebKit/537.36 (KHTML, like Gecko; compatible; GPTBot/1.3; +https://openai.com/gptbot)"
65.108.125.120 - - [10/Apr/2026:12:39:57 +0000] "GET /?d=/home/rwabteecom/public_html/database/migrations&edit=2024_01_10_043316_modify_phone_vcard_name.php HTTP/1.1" 200 3230 "-" "Mozilla/5.0 (compatible; MJ12bot/v1.4.8; http://mj12bot.com/)"
74.7.227.36 - - [10/Apr/2026:12:39:58 +0000] "GET /item/5906335 HTTP/1.1" 200 39614 "http://rwabtee.com/item/6297612?d=%2Fhome%2Frwabteecom%2Fpublic_html%2Fpublic&edit=sitemap.xml" "Mozilla/5.0 AppleWebKit/537.36 (KHTML, like Gecko; compatible; GPTBot/1.3; +https://openai.com/gptbot)"
74.7.227.36 - - [10/Apr/2026:12:39:58 +0000] "GET /item/6081676 HTTP/1.1" 200 39614 "http://rwabtee.com/item/7207286?d=%2Fhome%2Frwabteecom%2Fpublic_html%2Fpublic&edit=sitemap.xml" "Mozilla/5.0 AppleWebKit/537.36 (KHTML, like Gecko; compatible; GPTBot/1.3; +https://openai.com/gptbot)"
74.7.227.36 - - [10/Apr/2026:12:39:59 +0000] "GET /item/7140920 HTTP/1.1" 200 39614 "http://rwabtee.com/item/6297612?d=%2Fhome%2Frwabteecom%2Fpublic_html%2Fpublic&edit=sitemap.xml" "Mozilla/5.0 AppleWebKit/537.36 (KHTML, like Gecko; compatible; GPTBot/1.3; +https://openai.com/gptbot)"
65.108.125.120 - - [10/Apr/2026:12:39:59 +0000] "GET /?d=/home/rwabteecom/public_html/database/migrations&edit=2024_01_17_083527_add_register_mail_to_settings_table.php HTTP/1.1" 200 3662 "-" "Mozilla/5.0 (compatible; MJ12bot/v1.4.8; http://mj12bot.com/)"
74.7.227.36 - - [10/Apr/2026:12:39:59 +0000] "GET /item/7256911 HTTP/1.1" 200 39614 "http://rwabtee.com/item/6297612?d=%2Fhome%2Frwabteecom%2Fpublic_html%2Fpublic&edit=sitemap.xml" "Mozilla/5.0 AppleWebKit/537.36 (KHTML, like Gecko; compatible; GPTBot/1.3; +https://openai.com/gptbot)"
74.7.227.36 - - [10/Apr/2026:12:40:00 +0000] "GET /item/5798839 HTTP/1.1" 200 39614 "http://rwabtee.com/item/6297612?d=%2Fhome%2Frwabteecom%2Fpublic_html%2Fpublic&edit=sitemap.xml" "Mozilla/5.0 AppleWebKit/537.36 (KHTML, like Gecko; compatible; GPTBot/1.3; +https://openai.com/gptbot)"
74.7.227.36 - - [10/Apr/2026:12:40:00 +0000] "GET /item/7582995 HTTP/1.1" 200 39614 "http://rwabtee.com/item/6297612?d=%2Fhome%2Frwabteecom%2Fpublic_html%2Fpublic&edit=sitemap.xml" "Mozilla/5.0 AppleWebKit/537.36 (KHTML, like Gecko; compatible; GPTBot/1.3; +https://openai.com/gptbot)"
74.7.227.36 - - [10/Apr/2026:12:40:01 +0000] "GET /item/7389374 HTTP/1.1" 200 39614 "http://rwabtee.com/item/7207286?d=%2Fhome%2Frwabteecom%2Fpublic_html%2Fpublic&edit=sitemap.xml" "Mozilla/5.0 AppleWebKit/537.36 (KHTML, like Gecko; compatible; GPTBot/1.3; +https://openai.com/gptbot)"
65.108.125.120 - - [10/Apr/2026:12:40:01 +0000] "GET /?d=/home/rwabteecom/public_html/database/migrations&edit=2024_01_18_063255_change_transaction_id_in_appointment_transactions_table.php HTTP/1.1" 200 3353 "-" "Mozilla/5.0 (compatible; MJ12bot/v1.4.8; http://mj12bot.com/)"
74.7.227.36 - - [10/Apr/2026:12:40:01 +0000] "GET /item/5048301 HTTP/1.1" 200 39614 "http://rwabtee.com/item/6297612?d=%2Fhome%2Frwabteecom%2Fpublic_html%2Fpublic&edit=sitemap.xml" "Mozilla/5.0 AppleWebKit/537.36 (KHTML, like Gecko; compatible; GPTBot/1.3; +https://openai.com/gptbot)"
74.7.227.36 - - [10/Apr/2026:12:40:02 +0000] "GET /item/5878083 HTTP/1.1" 200 39614 "http://rwabtee.com/item/5395255?d=%2Fhome%2Frwabteecom%2Fpublic_html%2Fpublic&edit=sitemap.xml" "Mozilla/5.0 AppleWebKit/537.36 (KHTML, like Gecko; compatible; GPTBot/1.3; +https://openai.com/gptbot)"
74.7.227.36 - - [10/Apr/2026:12:40:02 +0000] "GET /item/6693771 HTTP/1.1" 200 39614 "http://rwabtee.com/item/5395255?d=%2Fhome%2Frwabteecom%2Fpublic_html%2Fpublic&edit=sitemap.xml" "Mozilla/5.0 AppleWebKit/537.36 (KHTML, like Gecko; compatible; GPTBot/1.3; +https://openai.com/gptbot)"
65.108.125.120 - - [10/Apr/2026:12:40:03 +0000] "GET /?d=/home/rwabteecom/public_html/database/migrations&edit=2024_01_18_140818_remove_default_language_value.php HTTP/1.1" 200 3246 "-" "Mozilla/5.0 (compatible; MJ12bot/v1.4.8; http://mj12bot.com/)"
74.7.227.36 - - [10/Apr/2026:12:40:03 +0000] "GET /item/5187686 HTTP/1.1" 200 39614 "http://rwabtee.com/item/6297612?d=%2Fhome%2Frwabteecom%2Fpublic_html%2Fpublic&edit=sitemap.xml" "Mozilla/5.0 AppleWebKit/537.36 (KHTML, like Gecko; compatible; GPTBot/1.3; +https://openai.com/gptbot)"
74.7.227.36 - - [10/Apr/2026:12:40:03 +0000] "GET /item/5906335?d=%2Fhome%2Frwabteecom%2Fpublic_html%2Fpublic%2Fvendor HTTP/1.1" 200 8172 "http://rwabtee.com/item/5906335" "Mozilla/5.0 AppleWebKit/537.36 (KHTML, like Gecko; compatible; GPTBot/1.3; +https://openai.com/gptbot)"
74.7.227.36 - - [10/Apr/2026:12:40:04 +0000] "GET /item/5906335?d=%2Fhome HTTP/1.1" 200 2719 "http://rwabtee.com/item/5906335" "Mozilla/5.0 AppleWebKit/537.36 (KHTML, like Gecko; compatible; GPTBot/1.3; +https://openai.com/gptbot)"
74.7.227.36 - - [10/Apr/2026:12:40:05 +0000] "GET /item/7521461 HTTP/1.1" 200 39614 "http://rwabtee.com/item/6297612?d=%2Fhome%2Frwabteecom%2Fpublic_html%2Fpublic&edit=sitemap.xml" "Mozilla/5.0 AppleWebKit/537.36 (KHTML, like Gecko; compatible; GPTBot/1.3; +https://openai.com/gptbot)"
65.108.125.120 - - [10/Apr/2026:12:40:05 +0000] "GET /?d=/home/rwabteecom/public_html/database/migrations&edit=2024_01_26_072651_add_dynamic_vcard_in_plan_features_table.php HTTP/1.1" 200 3293 "-" "Mozilla/5.0 (compatible; MJ12bot/v1.4.8; http://mj12bot.com/)"
74.7.227.36 - - [10/Apr/2026:12:40:07 +0000] "GET /item/5641933 HTTP/1.1" 200 39614 "http://rwabtee.com/item/6297612?d=%2Fhome%2Frwabteecom%2Fpublic_html%2Fpublic&edit=sitemap.xml" "Mozilla/5.0 AppleWebKit/537.36 (KHTML, like Gecko; compatible; GPTBot/1.3; +https://openai.com/gptbot)"
65.108.125.120 - - [10/Apr/2026:12:40:09 +0000] "GET /?d=/home/rwabteecom/public_html/database/migrations&edit=2024_01_27_062627_is_verified_to_vcards_table.php HTTP/1.1" 200 3214 "-" "Mozilla/5.0 (compatible; MJ12bot/v1.4.8; http://mj12bot.com/)"
74.7.227.36 - - [10/Apr/2026:12:40:11 +0000] "GET /item/6624992 HTTP/1.1" 200 39614 "http://rwabtee.com/item/6297612?d=%2Fhome%2Frwabteecom%2Fpublic_html%2Fpublic&edit=sitemap.xml" "Mozilla/5.0 AppleWebKit/537.36 (KHTML, like Gecko; compatible; GPTBot/1.3; +https://openai.com/gptbot)"
74.7.227.36 - - [10/Apr/2026:12:40:12 +0000] "GET /item/7545971 HTTP/1.1" 200 39614 "http://rwabtee.com/item/7207286?d=%2Fhome%2Frwabteecom%2Fpublic_html%2Fpublic&edit=sitemap.xml" "Mozilla/5.0 AppleWebKit/537.36 (KHTML, like Gecko; compatible; GPTBot/1.3; +https://openai.com/gptbot)"
74.7.227.36 - - [10/Apr/2026:12:40:12 +0000] "GET /item/6877982 HTTP/1.1" 200 39614 "http://rwabtee.com/item/7207286?d=%2Fhome%2Frwabteecom%2Fpublic_html%2Fpublic&edit=sitemap.xml" "Mozilla/5.0 AppleWebKit/537.36 (KHTML, like Gecko; compatible; GPTBot/1.3; +https://openai.com/gptbot)"
74.7.227.36 - - [10/Apr/2026:12:40:13 +0000] "GET /item/4712534 HTTP/1.1" 200 39614 "http://rwabtee.com/item/7207286?d=%2Fhome%2Frwabteecom%2Fpublic_html%2Fpublic&edit=sitemap.xml" "Mozilla/5.0 AppleWebKit/537.36 (KHTML, like Gecko; compatible; GPTBot/1.3; +https://openai.com/gptbot)"
65.108.125.120 - - [10/Apr/2026:12:40:13 +0000] "GET /?d=/home/rwabteecom/public_html/database/migrations&edit=2024_01_30_051118_create_dynamic_vcards_table.php HTTP/1.1" 200 3776 "-" "Mozilla/5.0 (compatible; MJ12bot/v1.4.8; http://mj12bot.com/)"
74.7.227.36 - - [10/Apr/2026:12:40:13 +0000] "GET /item/5437039 HTTP/1.1" 200 39614 "http://rwabtee.com/item/7207286?d=%2Fhome%2Frwabteecom%2Fpublic_html%2Fpublic&edit=sitemap.xml" "Mozilla/5.0 AppleWebKit/537.36 (KHTML, like Gecko; compatible; GPTBot/1.3; +https://openai.com/gptbot)"
74.7.227.36 - - [10/Apr/2026:12:40:14 +0000] "GET /item/6268364 HTTP/1.1" 200 39614 "http://rwabtee.com/item/7207286?d=%2Fhome%2Frwabteecom%2Fpublic_html%2Fpublic&edit=sitemap.xml" "Mozilla/5.0 AppleWebKit/537.36 (KHTML, like Gecko; compatible; GPTBot/1.3; +https://openai.com/gptbot)"
74.7.227.36 - - [10/Apr/2026:12:40:15 +0000] "GET /item/6726476 HTTP/1.1" 200 39614 "http://rwabtee.com/item/6297612?d=%2Fhome%2Frwabteecom%2Fpublic_html%2Fpublic&edit=sitemap.xml" "Mozilla/5.0 AppleWebKit/537.36 (KHTML, like Gecko; compatible; GPTBot/1.3; +https://openai.com/gptbot)"
65.108.125.120 - - [10/Apr/2026:12:40:15 +0000] "GET /?d=/home/rwabteecom/public_html/database/migrations&edit=2024_01_31_105136_groups.php HTTP/1.1" 200 3433 "-" "Mozilla/5.0 (compatible; MJ12bot/v1.4.8; http://mj12bot.com/)"
74.7.227.36 - - [10/Apr/2026:12:40:15 +0000] "GET /item/5261716 HTTP/1.1" 200 39614 "http://rwabtee.com/item/5395255?d=%2Fhome%2Frwabteecom%2Fpublic_html%2Fpublic&edit=sitemap.xml" "Mozilla/5.0 AppleWebKit/537.36 (KHTML, like Gecko; compatible; GPTBot/1.3; +https://openai.com/gptbot)"
74.7.227.36 - - [10/Apr/2026:12:40:16 +0000] "GET /item/6321187 HTTP/1.1" 200 39614 "http://rwabtee.com/item/6297612?d=%2Fhome%2Frwabteecom%2Fpublic_html%2Fpublic&edit=sitemap.xml" "Mozilla/5.0 AppleWebKit/537.36 (KHTML, like Gecko; compatible; GPTBot/1.3; +https://openai.com/gptbot)"
74.7.227.36 - - [10/Apr/2026:12:40:16 +0000] "GET /item/6303792 HTTP/1.1" 200 39614 "http://rwabtee.com/item/5395255?d=%2Fhome%2Frwabteecom%2Fpublic_html%2Fpublic&edit=sitemap.xml" "Mozilla/5.0 AppleWebKit/537.36 (KHTML, like Gecko; compatible; GPTBot/1.3; +https://openai.com/gptbot)"
74.7.227.36 - - [10/Apr/2026:12:40:17 +0000] "GET /item/7585790 HTTP/1.1" 200 39614 "http://rwabtee.com/item/7207286?d=%2Fhome%2Frwabteecom%2Fpublic_html%2Fpublic&edit=sitemap.xml" "Mozilla/5.0 AppleWebKit/537.36 (KHTML, like Gecko; compatible; GPTBot/1.3; +https://openai.com/gptbot)"
65.108.125.120 - - [10/Apr/2026:12:40:17 +0000] "GET /?d=/home/rwabteecom/public_html/database/migrations&edit=2024_01_31_120653_business_cards.php HTTP/1.1" 200 4106 "-" "Mozilla/5.0 (compatible; MJ12bot/v1.4.8; http://mj12bot.com/)"
74.7.227.36 - - [10/Apr/2026:12:40:17 +0000] "GET /item/6356715 HTTP/1.1" 200 39614 "http://rwabtee.com/item/7207286?d=%2Fhome%2Frwabteecom%2Fpublic_html%2Fpublic&edit=sitemap.xml" "Mozilla/5.0 AppleWebKit/537.36 (KHTML, like Gecko; compatible; GPTBot/1.3; +https://openai.com/gptbot)"
74.7.227.36 - - [10/Apr/2026:12:40:18 +0000] "GET /item/7545971?d=%2Fhome%2Frwabteecom%2Fpublic_html%2Fpublic&edit=.htaccess HTTP/1.1" 200 2992 "http://rwabtee.com/item/7545971" "Mozilla/5.0 AppleWebKit/537.36 (KHTML, like Gecko; compatible; GPTBot/1.3; +https://openai.com/gptbot)"
74.7.227.36 - - [10/Apr/2026:12:40:18 +0000] "GET /item/4712301 HTTP/1.1" 200 39614 "http://rwabtee.com/item/6297612?d=%2Fhome%2Frwabteecom%2Fpublic_html%2Fpublic&edit=sitemap.xml" "Mozilla/5.0 AppleWebKit/537.36 (KHTML, like Gecko; compatible; GPTBot/1.3; +https://openai.com/gptbot)"
65.108.125.120 - - [10/Apr/2026:12:40:18 +0000] "GET /?d=/home/rwabteecom/public_html/database/migrations&edit=2024_02_01_092433_remove_order_nfc_card_in_plan_features_table.php HTTP/1.1" 200 3310 "-" "Mozilla/5.0 (compatible; MJ12bot/v1.4.8; http://mj12bot.com/)"
74.7.227.36 - - [10/Apr/2026:12:40:19 +0000] "GET /item/4738753 HTTP/1.1" 200 39614 "http://rwabtee.com/item/6297612?d=%2Fhome%2Frwabteecom%2Fpublic_html%2Fpublic&edit=sitemap.xml" "Mozilla/5.0 AppleWebKit/537.36 (KHTML, like Gecko; compatible; GPTBot/1.3; +https://openai.com/gptbot)"
74.7.227.36 - - [10/Apr/2026:12:40:19 +0000] "GET /item/7358329 HTTP/1.1" 200 39614 "http://rwabtee.com/item/5395255?d=%2Fhome%2Frwabteecom%2Fpublic_html%2Fpublic&edit=sitemap.xml" "Mozilla/5.0 AppleWebKit/537.36 (KHTML, like Gecko; compatible; GPTBot/1.3; +https://openai.com/gptbot)"
74.7.227.36 - - [10/Apr/2026:12:40:20 +0000] "GET /item/7308121 HTTP/1.1" 200 39614 "http://rwabtee.com/item/6297612?d=%2Fhome%2Frwabteecom%2Fpublic_html%2Fpublic&edit=sitemap.xml" "Mozilla/5.0 AppleWebKit/537.36 (KHTML, like Gecko; compatible; GPTBot/1.3; +https://openai.com/gptbot)"
65.108.125.120 - - [10/Apr/2026:12:40:20 +0000] "GET /?d=/home/rwabteecom/public_html/database/migrations&edit=2024_02_02_115913_add_sticky_bar_dynamic_vcards_table.php HTTP/1.1" 200 3294 "-" "Mozilla/5.0 (compatible; MJ12bot/v1.4.8; http://mj12bot.com/)"
74.7.227.36 - - [10/Apr/2026:12:40:20 +0000] "GET /item/7615219 HTTP/1.1" 200 39614 "http://rwabtee.com/item/7207286?d=%2Fhome%2Frwabteecom%2Fpublic_html%2Fpublic&edit=sitemap.xml" "Mozilla/5.0 AppleWebKit/537.36 (KHTML, like Gecko; compatible; GPTBot/1.3; +https://openai.com/gptbot)"
74.7.227.36 - - [10/Apr/2026:12:40:21 +0000] "GET /item/6576786 HTTP/1.1" 200 39614 "http://rwabtee.com/item/5395255?d=%2Fhome%2Frwabteecom%2Fpublic_html%2Fpublic&edit=sitemap.xml" "Mozilla/5.0 AppleWebKit/537.36 (KHTML, like Gecko; compatible; GPTBot/1.3; +https://openai.com/gptbot)"
74.7.227.36 - - [10/Apr/2026:12:40:21 +0000] "GET /item/7484504 HTTP/1.1" 200 39614 "http://rwabtee.com/item/7207286?d=%2Fhome%2Frwabteecom%2Fpublic_html%2Fpublic&edit=sitemap.xml" "Mozilla/5.0 AppleWebKit/537.36 (KHTML, like Gecko; compatible; GPTBot/1.3; +https://openai.com/gptbot)"
74.7.227.36 - - [10/Apr/2026:12:40:22 +0000] "GET /item/6849007 HTTP/1.1" 200 39614 "http://rwabtee.com/item/6297612?d=%2Fhome%2Frwabteecom%2Fpublic_html%2Fpublic&edit=sitemap.xml" "Mozilla/5.0 AppleWebKit/537.36 (KHTML, like Gecko; compatible; GPTBot/1.3; +https://openai.com/gptbot)"
65.108.125.120 - - [10/Apr/2026:12:40:22 +0000] "GET /?d=/home/rwabteecom/public_html/database/migrations&edit=2024_02_06_092822_add_dashboard_logo_in_setting_table.php HTTP/1.1" 200 3223 "-" "Mozilla/5.0 (compatible; MJ12bot/v1.4.8; http://mj12bot.com/)"
74.7.227.36 - - [10/Apr/2026:12:40:22 +0000] "GET /item/7585790?d=%2Fhome%2Frwabteecom%2Fpublic_html%2Fpublic HTTP/1.1" 200 39614 "http://rwabtee.com/item/7585790" "Mozilla/5.0 AppleWebKit/537.36 (KHTML, like Gecko; compatible; GPTBot/1.3; +https://openai.com/gptbot)"
74.7.227.36 - - [10/Apr/2026:12:40:23 +0000] "GET /item/5796110 HTTP/1.1" 200 39614 "http://rwabtee.com/item/5395255?d=%2Fhome%2Frwabteecom%2Fpublic_html%2Fpublic&edit=sitemap.xml" "Mozilla/5.0 AppleWebKit/537.36 (KHTML, like Gecko; compatible; GPTBot/1.3; +https://openai.com/gptbot)"
74.7.227.36 - - [10/Apr/2026:12:40:23 +0000] "GET /item/6125220 HTTP/1.1" 200 39614 "http://rwabtee.com/item/7207286?d=%2Fhome%2Frwabteecom%2Fpublic_html%2Fpublic&edit=sitemap.xml" "Mozilla/5.0 AppleWebKit/537.36 (KHTML, like Gecko; compatible; GPTBot/1.3; +https://openai.com/gptbot)"
65.108.125.120 - - [10/Apr/2026:12:40:24 +0000] "GET /?d=/home/rwabteecom/public_html/database/migrations&edit=2024_02_07_110925_add_vcard_alias_url_edit_option_in_setting_table.php HTTP/1.1" 200 3156 "-" "Mozilla/5.0 (compatible; MJ12bot/v1.4.8; http://mj12bot.com/)"
74.7.227.36 - - [10/Apr/2026:12:40:24 +0000] "GET /item/6102496 HTTP/1.1" 200 39614 "http://rwabtee.com/item/7207286?d=%2Fhome%2Frwabteecom%2Fpublic_html%2Fpublic&edit=sitemap.xml" "Mozilla/5.0 AppleWebKit/537.36 (KHTML, like Gecko; compatible; GPTBot/1.3; +https://openai.com/gptbot)"
74.7.227.36 - - [10/Apr/2026:12:40:25 +0000] "GET /item/5547368 HTTP/1.1" 200 39614 "http://rwabtee.com/item/7207286?d=%2Fhome%2Frwabteecom%2Fpublic_html%2Fpublic&edit=sitemap.xml" "Mozilla/5.0 AppleWebKit/537.36 (KHTML, like Gecko; compatible; GPTBot/1.3; +https://openai.com/gptbot)"
74.7.227.36 - - [10/Apr/2026:12:40:25 +0000] "GET /item/5822578 HTTP/1.1" 200 39614 "http://rwabtee.com/item/6297612?d=%2Fhome%2Frwabteecom%2Fpublic_html%2Fpublic&edit=sitemap.xml" "Mozilla/5.0 AppleWebKit/537.36 (KHTML, like Gecko; compatible; GPTBot/1.3; +https://openai.com/gptbot)"
65.108.125.120 - - [10/Apr/2026:12:40:26 +0000] "GET /?d=/home/rwabteecom/public_html/database/migrations&edit=2024_02_08_054736_add_vcard_22.php HTTP/1.1" 200 3068 "-" "Mozilla/5.0 (compatible; MJ12bot/v1.4.8; http://mj12bot.com/)"
74.7.227.36 - - [10/Apr/2026:12:40:26 +0000] "GET /item/7460804 HTTP/1.1" 200 39614 "http://rwabtee.com/item/5395255?d=%2Fhome%2Frwabteecom%2Fpublic_html%2Fpublic&edit=sitemap.xml" "Mozilla/5.0 AppleWebKit/537.36 (KHTML, like Gecko; compatible; GPTBot/1.3; +https://openai.com/gptbot)"
74.7.227.36 - - [10/Apr/2026:12:40:26 +0000] "GET /item/7615219?d=%2Fhome%2Frwabteecom%2Fpublic_html%2Fpublic%2Fvendor HTTP/1.1" 200 8172 "http://rwabtee.com/item/7615219" "Mozilla/5.0 AppleWebKit/537.36 (KHTML, like Gecko; compatible; GPTBot/1.3; +https://openai.com/gptbot)"
74.7.227.36 - - [10/Apr/2026:12:40:27 +0000] "GET /item/6576786?d=%2Fhome%2Frwabteecom%2Fpublic_html%2Fpublic&edit=OneSignalSDKUpdaterWorker.js HTTP/1.1" 404 - "http://rwabtee.com/item/6576786" "Mozilla/5.0 AppleWebKit/537.36 (KHTML, like Gecko; compatible; GPTBot/1.3; +https://openai.com/gptbot)"
74.7.227.36 - - [10/Apr/2026:12:40:27 +0000] "GET /item/4892269 HTTP/1.1" 200 39614 "http://rwabtee.com/item/6297612?d=%2Fhome%2Frwabteecom%2Fpublic_html%2Fpublic&edit=sitemap.xml" "Mozilla/5.0 AppleWebKit/537.36 (KHTML, like Gecko; compatible; GPTBot/1.3; +https://openai.com/gptbot)"
65.108.125.120 - - [10/Apr/2026:12:40:27 +0000] "GET /?d=/home/rwabteecom/public_html/database/migrations&edit=2024_02_08_100055_add_storage_limit_in_plan_table.php HTTP/1.1" 200 3270 "-" "Mozilla/5.0 (compatible; MJ12bot/v1.4.8; http://mj12bot.com/)"
74.7.227.36 - - [10/Apr/2026:12:40:28 +0000] "GET /item/7667975 HTTP/1.1" 200 39614 "http://rwabtee.com/item/7207286?d=%2Fhome%2Frwabteecom%2Fpublic_html%2Fpublic&edit=sitemap.xml" "Mozilla/5.0 AppleWebKit/537.36 (KHTML, like Gecko; compatible; GPTBot/1.3; +https://openai.com/gptbot)"
74.7.227.36 - - [10/Apr/2026:12:40:28 +0000] "GET /item/6740759 HTTP/1.1" 200 39614 "http://rwabtee.com/item/6297612?d=%2Fhome%2Frwabteecom%2Fpublic_html%2Fpublic&edit=sitemap.xml" "Mozilla/5.0 AppleWebKit/537.36 (KHTML, like Gecko; compatible; GPTBot/1.3; +https://openai.com/gptbot)"
74.7.227.36 - - [10/Apr/2026:12:40:29 +0000] "GET /item/5806135 HTTP/1.1" 200 39614 "http://rwabtee.com/item/6297612?d=%2Fhome%2Frwabteecom%2Fpublic_html%2Fpublic&edit=sitemap.xml" "Mozilla/5.0 AppleWebKit/537.36 (KHTML, like Gecko; compatible; GPTBot/1.3; +https://openai.com/gptbot)"
74.7.227.36 - - [10/Apr/2026:12:40:29 +0000] "GET /item/7388995 HTTP/1.1" 200 39614 "http://rwabtee.com/item/5395255?d=%2Fhome%2Frwabteecom%2Fpublic_html%2Fpublic&edit=sitemap.xml" "Mozilla/5.0 AppleWebKit/537.36 (KHTML, like Gecko; compatible; GPTBot/1.3; +https://openai.com/gptbot)"
74.7.227.36 - - [10/Apr/2026:12:40:30 +0000] "GET /item/7199681 HTTP/1.1" 200 39614 "http://rwabtee.com/item/5395255?d=%2Fhome%2Frwabteecom%2Fpublic_html%2Fpublic&edit=sitemap.xml" "Mozilla/5.0 AppleWebKit/537.36 (KHTML, like Gecko; compatible; GPTBot/1.3; +https://openai.com/gptbot)"
65.108.125.120 - - [10/Apr/2026:12:40:30 +0000] "GET /?d=/home/rwabteecom/public_html/database/migrations&edit=2024_02_12_052019_add_quantity_to_nfc_orders_table.php HTTP/1.1" 200 3313 "-" "Mozilla/5.0 (compatible; MJ12bot/v1.4.8; http://mj12bot.com/)"
74.7.227.36 - - [10/Apr/2026:12:40:30 +0000] "GET /item/7694750 HTTP/1.1" 200 39614 "http://rwabtee.com/item/6297612?d=%2Fhome%2Frwabteecom%2Fpublic_html%2Fpublic&edit=sitemap.xml" "Mozilla/5.0 AppleWebKit/537.36 (KHTML, like Gecko; compatible; GPTBot/1.3; +https://openai.com/gptbot)"
74.7.227.36 - - [10/Apr/2026:12:40:31 +0000] "GET /item/6119149 HTTP/1.1" 200 39614 "http://rwabtee.com/item/5395255?d=%2Fhome%2Frwabteecom%2Fpublic_html%2Fpublic&edit=sitemap.xml" "Mozilla/5.0 AppleWebKit/537.36 (KHTML, like Gecko; compatible; GPTBot/1.3; +https://openai.com/gptbot)"
74.7.227.36 - - [10/Apr/2026:12:40:31 +0000] "GET /item/5707200 HTTP/1.1" 200 39614 "http://rwabtee.com/item/6297612?d=%2Fhome%2Frwabteecom%2Fpublic_html%2Fpublic&edit=sitemap.xml" "Mozilla/5.0 AppleWebKit/537.36 (KHTML, like Gecko; compatible; GPTBot/1.3; +https://openai.com/gptbot)"
74.7.227.36 - - [10/Apr/2026:12:40:32 +0000] "GET /item/6180341 HTTP/1.1" 200 39614 "http://rwabtee.com/item/7207286?d=%2Fhome%2Frwabteecom%2Fpublic_html%2Fpublic&edit=sitemap.xml" "Mozilla/5.0 AppleWebKit/537.36 (KHTML, like Gecko; compatible; GPTBot/1.3; +https://openai.com/gptbot)"
65.108.125.120 - - [10/Apr/2026:12:40:32 +0000] "GET /?d=/home/rwabteecom/public_html/database/migrations&edit=2024_02_17_085014_create_vcard_subscribers_table.php HTTP/1.1" 200 3477 "-" "Mozilla/5.0 (compatible; MJ12bot/v1.4.8; http://mj12bot.com/)"
74.7.227.36 - - [10/Apr/2026:12:40:32 +0000] "GET /item/6307416 HTTP/1.1" 200 39614 "http://rwabtee.com/item/6297612?d=%2Fhome%2Frwabteecom%2Fpublic_html%2Fpublic&edit=sitemap.xml" "Mozilla/5.0 AppleWebKit/537.36 (KHTML, like Gecko; compatible; GPTBot/1.3; +https://openai.com/gptbot)"
74.7.227.36 - - [10/Apr/2026:12:40:33 +0000] "GET /item/6485892 HTTP/1.1" 200 39614 "http://rwabtee.com/item/7207286?d=%2Fhome%2Frwabteecom%2Fpublic_html%2Fpublic&edit=sitemap.xml" "Mozilla/5.0 AppleWebKit/537.36 (KHTML, like Gecko; compatible; GPTBot/1.3; +https://openai.com/gptbot)"
