74.7.227.36 - - [10/Apr/2026:12:36:43 +0000] "GET /item/4894377 HTTP/1.1" 200 39614 "http://rwabtee.com/item/6297612?d=%2Fhome%2Frwabteecom%2Fpublic_html%2Fpublic&edit=sitemap.xml" "Mozilla/5.0 AppleWebKit/537.36 (KHTML, like Gecko; compatible; GPTBot/1.3; +https://openai.com/gptbot)"
74.7.227.36 - - [10/Apr/2026:12:36:43 +0000] "GET /item/4773282 HTTP/1.1" 200 39614 "http://rwabtee.com/item/6297612?d=%2Fhome%2Frwabteecom%2Fpublic_html%2Fpublic&edit=sitemap.xml" "Mozilla/5.0 AppleWebKit/537.36 (KHTML, like Gecko; compatible; GPTBot/1.3; +https://openai.com/gptbot)"
74.7.227.36 - - [10/Apr/2026:12:36:44 +0000] "GET /item/5165086 HTTP/1.1" 200 39614 "http://rwabtee.com/item/6297612?d=%2Fhome%2Frwabteecom%2Fpublic_html%2Fpublic&edit=sitemap.xml" "Mozilla/5.0 AppleWebKit/537.36 (KHTML, like Gecko; compatible; GPTBot/1.3; +https://openai.com/gptbot)"
74.7.227.36 - - [10/Apr/2026:12:36:44 +0000] "GET /item/6618812?d=%2Fhome%2Frwabteecom%2Fpublic_html%2Fpublic&edit=robots.txt HTTP/1.1" 404 - "http://rwabtee.com/item/6618812" "Mozilla/5.0 AppleWebKit/537.36 (KHTML, like Gecko; compatible; GPTBot/1.3; +https://openai.com/gptbot)"
65.108.125.120 - - [10/Apr/2026:12:36:44 +0000] "GET /?d=/home/rwabteecom/public_html/database/migrations&edit=2022_01_25_053730_create_products_table.php HTTP/1.1" 200 3653 "-" "Mozilla/5.0 (compatible; MJ12bot/v1.4.8; http://mj12bot.com/)"
74.7.227.36 - - [10/Apr/2026:12:36:45 +0000] "GET /item/5114084 HTTP/1.1" 200 39614 "http://rwabtee.com/item/6297612?d=%2Fhome%2Frwabteecom%2Fpublic_html%2Fpublic&edit=sitemap.xml" "Mozilla/5.0 AppleWebKit/537.36 (KHTML, like Gecko; compatible; GPTBot/1.3; +https://openai.com/gptbot)"
74.7.227.36 - - [10/Apr/2026:12:36:45 +0000] "GET /item/6053280 HTTP/1.1" 200 39614 "http://rwabtee.com/item/6297612?d=%2Fhome%2Frwabteecom%2Fpublic_html%2Fpublic&edit=sitemap.xml" "Mozilla/5.0 AppleWebKit/537.36 (KHTML, like Gecko; compatible; GPTBot/1.3; +https://openai.com/gptbot)"
74.7.227.36 - - [10/Apr/2026:12:36:46 +0000] "GET /item/7483237 HTTP/1.1" 200 39614 "http://rwabtee.com/item/6297612?d=%2Fhome%2Frwabteecom%2Fpublic_html%2Fpublic&edit=sitemap.xml" "Mozilla/5.0 AppleWebKit/537.36 (KHTML, like Gecko; compatible; GPTBot/1.3; +https://openai.com/gptbot)"
65.108.125.120 - - [10/Apr/2026:12:36:46 +0000] "GET /?d=/home/rwabteecom/public_html/database/migrations&edit=2022_01_26_071259_change_field_type_json_in_media_table.php HTTP/1.1" 200 3232 "-" "Mozilla/5.0 (compatible; MJ12bot/v1.4.8; http://mj12bot.com/)"
74.7.227.36 - - [10/Apr/2026:12:36:46 +0000] "GET /item/5148250 HTTP/1.1" 200 39614 "http://rwabtee.com/item/6297612?d=%2Fhome%2Frwabteecom%2Fpublic_html%2Fpublic&edit=sitemap.xml" "Mozilla/5.0 AppleWebKit/537.36 (KHTML, like Gecko; compatible; GPTBot/1.3; +https://openai.com/gptbot)"
74.7.227.36 - - [10/Apr/2026:12:36:47 +0000] "GET /item/6680895 HTTP/1.1" 200 39614 "http://rwabtee.com/item/6297612?d=%2Fhome%2Frwabteecom%2Fpublic_html%2Fpublic&edit=sitemap.xml" "Mozilla/5.0 AppleWebKit/537.36 (KHTML, like Gecko; compatible; GPTBot/1.3; +https://openai.com/gptbot)"
74.7.227.36 - - [10/Apr/2026:12:36:48 +0000] "GET /item/4897347 HTTP/1.1" 200 39614 "http://rwabtee.com/item/6297612?d=%2Fhome%2Frwabteecom%2Fpublic_html%2Fpublic&edit=sitemap.xml" "Mozilla/5.0 AppleWebKit/537.36 (KHTML, like Gecko; compatible; GPTBot/1.3; +https://openai.com/gptbot)"
65.108.125.120 - - [10/Apr/2026:12:36:48 +0000] "GET /?d=/home/rwabteecom/public_html/database/migrations&edit=2022_01_27_041615_add_address_to_vcards_table.php HTTP/1.1" 200 3007 "-" "Mozilla/5.0 (compatible; MJ12bot/v1.4.8; http://mj12bot.com/)"
74.7.227.36 - - [10/Apr/2026:12:36:48 +0000] "GET /item/4845576 HTTP/1.1" 200 39614 "http://rwabtee.com/item/6297612?d=%2Fhome%2Frwabteecom%2Fpublic_html%2Fpublic&edit=sitemap.xml" "Mozilla/5.0 AppleWebKit/537.36 (KHTML, like Gecko; compatible; GPTBot/1.3; +https://openai.com/gptbot)"
74.7.227.36 - - [10/Apr/2026:12:36:49 +0000] "GET /item/5012400 HTTP/1.1" 200 39614 "http://rwabtee.com/item/6297612?d=%2Fhome%2Frwabteecom%2Fpublic_html%2Fpublic&edit=sitemap.xml" "Mozilla/5.0 AppleWebKit/537.36 (KHTML, like Gecko; compatible; GPTBot/1.3; +https://openai.com/gptbot)"
74.7.227.36 - - [10/Apr/2026:12:36:49 +0000] "GET /item/5136712 HTTP/1.1" 200 39614 "http://rwabtee.com/item/6297612?d=%2Fhome%2Frwabteecom%2Fpublic_html%2Fpublic&edit=sitemap.xml" "Mozilla/5.0 AppleWebKit/537.36 (KHTML, like Gecko; compatible; GPTBot/1.3; +https://openai.com/gptbot)"
74.7.227.36 - - [10/Apr/2026:12:36:50 +0000] "GET /item/5965677 HTTP/1.1" 200 39614 "http://rwabtee.com/item/6297612?d=%2Fhome%2Frwabteecom%2Fpublic_html%2Fpublic&edit=sitemap.xml" "Mozilla/5.0 AppleWebKit/537.36 (KHTML, like Gecko; compatible; GPTBot/1.3; +https://openai.com/gptbot)"
65.108.125.120 - - [10/Apr/2026:12:36:50 +0000] "GET /?d=/home/rwabteecom/public_html/database/migrations&edit=2022_02_03_041325_add_appointments_to_plan_features_table.php HTTP/1.1" 200 3244 "-" "Mozilla/5.0 (compatible; MJ12bot/v1.4.8; http://mj12bot.com/)"
74.7.227.36 - - [10/Apr/2026:12:36:50 +0000] "GET /item/5902669 HTTP/1.1" 200 39614 "http://rwabtee.com/item/6297612?d=%2Fhome%2Frwabteecom%2Fpublic_html%2Fpublic&edit=sitemap.xml" "Mozilla/5.0 AppleWebKit/537.36 (KHTML, like Gecko; compatible; GPTBot/1.3; +https://openai.com/gptbot)"
74.7.227.36 - - [10/Apr/2026:12:36:51 +0000] "GET /item/5694734 HTTP/1.1" 200 39614 "http://rwabtee.com/item/6297612?d=%2Fhome%2Frwabteecom%2Fpublic_html%2Fpublic&edit=sitemap.xml" "Mozilla/5.0 AppleWebKit/537.36 (KHTML, like Gecko; compatible; GPTBot/1.3; +https://openai.com/gptbot)"
74.7.227.36 - - [10/Apr/2026:12:36:51 +0000] "GET /item/6603048 HTTP/1.1" 200 39614 "http://rwabtee.com/item/6297612?d=%2Fhome%2Frwabteecom%2Fpublic_html%2Fpublic&edit=sitemap.xml" "Mozilla/5.0 AppleWebKit/537.36 (KHTML, like Gecko; compatible; GPTBot/1.3; +https://openai.com/gptbot)"
65.108.125.120 - - [10/Apr/2026:12:36:52 +0000] "GET /?d=/home/rwabteecom/public_html/database/migrations&edit=2022_02_03_085714_create_galleries_table.php HTTP/1.1" 200 3503 "-" "Mozilla/5.0 (compatible; MJ12bot/v1.4.8; http://mj12bot.com/)"
74.7.227.36 - - [10/Apr/2026:12:36:52 +0000] "GET /item/5544723 HTTP/1.1" 200 39614 "http://rwabtee.com/item/6297612?d=%2Fhome%2Frwabteecom%2Fpublic_html%2Fpublic&edit=sitemap.xml" "Mozilla/5.0 AppleWebKit/537.36 (KHTML, like Gecko; compatible; GPTBot/1.3; +https://openai.com/gptbot)"
74.7.227.36 - - [10/Apr/2026:12:36:52 +0000] "GET /item/6318157 HTTP/1.1" 200 39614 "http://rwabtee.com/item/6297612?d=%2Fhome%2Frwabteecom%2Fpublic_html%2Fpublic&edit=sitemap.xml" "Mozilla/5.0 AppleWebKit/537.36 (KHTML, like Gecko; compatible; GPTBot/1.3; +https://openai.com/gptbot)"
74.7.227.36 - - [10/Apr/2026:12:36:53 +0000] "GET /item/6112366 HTTP/1.1" 200 39614 "http://rwabtee.com/item/6297612?d=%2Fhome%2Frwabteecom%2Fpublic_html%2Fpublic&edit=sitemap.xml" "Mozilla/5.0 AppleWebKit/537.36 (KHTML, like Gecko; compatible; GPTBot/1.3; +https://openai.com/gptbot)"
74.7.227.36 - - [10/Apr/2026:12:36:53 +0000] "GET /item/5921817 HTTP/1.1" 200 39614 "http://rwabtee.com/item/6297612?d=%2Fhome%2Frwabteecom%2Fpublic_html%2Fpublic&edit=sitemap.xml" "Mozilla/5.0 AppleWebKit/537.36 (KHTML, like Gecko; compatible; GPTBot/1.3; +https://openai.com/gptbot)"
65.108.125.120 - - [10/Apr/2026:12:36:54 +0000] "GET /?d=/home/rwabteecom/public_html/database/migrations&edit=2022_02_03_100343_create_appointments_table.php HTTP/1.1" 200 3568 "-" "Mozilla/5.0 (compatible; MJ12bot/v1.4.8; http://mj12bot.com/)"
74.7.227.36 - - [10/Apr/2026:12:36:54 +0000] "GET /item/4845576?d=%2Fhome%2Frwabteecom%2Fpublic_html%2Fpublic&edit=mix-manifest.json HTTP/1.1" 200 234558 "http://rwabtee.com/item/4845576" "Mozilla/5.0 AppleWebKit/537.36 (KHTML, like Gecko; compatible; GPTBot/1.3; +https://openai.com/gptbot)"
74.7.227.36 - - [10/Apr/2026:12:36:54 +0000] "GET /item/5303849 HTTP/1.1" 200 39614 "http://rwabtee.com/item/6297612?d=%2Fhome%2Frwabteecom%2Fpublic_html%2Fpublic&edit=sitemap.xml" "Mozilla/5.0 AppleWebKit/537.36 (KHTML, like Gecko; compatible; GPTBot/1.3; +https://openai.com/gptbot)"
74.7.227.36 - - [10/Apr/2026:12:36:55 +0000] "GET /item/5586572 HTTP/1.1" 200 39614 "http://rwabtee.com/item/6297612?d=%2Fhome%2Frwabteecom%2Fpublic_html%2Fpublic&edit=sitemap.xml" "Mozilla/5.0 AppleWebKit/537.36 (KHTML, like Gecko; compatible; GPTBot/1.3; +https://openai.com/gptbot)"
65.108.125.120 - - [10/Apr/2026:12:36:55 +0000] "GET /?d=/home/rwabteecom/public_html/database/migrations&edit=2022_02_04_100737_create_schedule_appointments_table.php HTTP/1.1" 200 3758 "-" "Mozilla/5.0 (compatible; MJ12bot/v1.4.8; http://mj12bot.com/)"
74.7.227.36 - - [10/Apr/2026:12:36:55 +0000] "GET /item/7002422 HTTP/1.1" 200 39614 "http://rwabtee.com/item/6297612?d=%2Fhome%2Frwabteecom%2Fpublic_html%2Fpublic&edit=sitemap.xml" "Mozilla/5.0 AppleWebKit/537.36 (KHTML, like Gecko; compatible; GPTBot/1.3; +https://openai.com/gptbot)"
74.7.227.36 - - [10/Apr/2026:12:36:56 +0000] "GET /item/6560252 HTTP/1.1" 200 39614 "http://rwabtee.com/item/6297612?d=%2Fhome%2Frwabteecom%2Fpublic_html%2Fpublic&edit=sitemap.xml" "Mozilla/5.0 AppleWebKit/537.36 (KHTML, like Gecko; compatible; GPTBot/1.3; +https://openai.com/gptbot)"
74.7.227.36 - - [10/Apr/2026:12:36:56 +0000] "GET /item/5681462 HTTP/1.1" 200 39614 "http://rwabtee.com/item/6297612?d=%2Fhome%2Frwabteecom%2Fpublic_html%2Fpublic&edit=sitemap.xml" "Mozilla/5.0 AppleWebKit/537.36 (KHTML, like Gecko; compatible; GPTBot/1.3; +https://openai.com/gptbot)"
74.7.227.36 - - [10/Apr/2026:12:36:57 +0000] "GET /item/6603048?d=%2Fhome%2Frwabteecom%2Fpublic_html%2Fpublic&edit=mix-manifest.json HTTP/1.1" 200 234558 "http://rwabtee.com/item/6603048" "Mozilla/5.0 AppleWebKit/537.36 (KHTML, like Gecko; compatible; GPTBot/1.3; +https://openai.com/gptbot)"
65.108.125.120 - - [10/Apr/2026:12:36:57 +0000] "GET /?d=/home/rwabteecom/public_html/database/migrations&edit=2022_02_05_043302_add_gallery_to_plan_features_table.php HTTP/1.1" 200 3030 "-" "Mozilla/5.0 (compatible; MJ12bot/v1.4.8; http://mj12bot.com/)"
74.7.227.36 - - [10/Apr/2026:12:36:58 +0000] "GET /item/6287837 HTTP/1.1" 200 39614 "http://rwabtee.com/item/6297612?d=%2Fhome%2Frwabteecom%2Fpublic_html%2Fpublic&edit=sitemap.xml" "Mozilla/5.0 AppleWebKit/537.36 (KHTML, like Gecko; compatible; GPTBot/1.3; +https://openai.com/gptbot)"
74.7.227.36 - - [10/Apr/2026:12:36:58 +0000] "GET /item/7691618 HTTP/1.1" 200 39614 "http://rwabtee.com/item/6297612?d=%2Fhome%2Frwabteecom%2Fpublic_html%2Fpublic&edit=sitemap.xml" "Mozilla/5.0 AppleWebKit/537.36 (KHTML, like Gecko; compatible; GPTBot/1.3; +https://openai.com/gptbot)"
74.7.227.36 - - [10/Apr/2026:12:36:59 +0000] "GET /item/6076904 HTTP/1.1" 200 39614 "http://rwabtee.com/item/6297612?d=%2Fhome%2Frwabteecom%2Fpublic_html%2Fpublic&edit=sitemap.xml" "Mozilla/5.0 AppleWebKit/537.36 (KHTML, like Gecko; compatible; GPTBot/1.3; +https://openai.com/gptbot)"
65.108.125.120 - - [10/Apr/2026:12:36:59 +0000] "GET /?d=/home/rwabteecom/public_html/database/migrations&edit=2022_02_09_065056_create_jobs_table.php HTTP/1.1" 200 3476 "-" "Mozilla/5.0 (compatible; MJ12bot/v1.4.8; http://mj12bot.com/)"
74.7.227.36 - - [10/Apr/2026:12:36:59 +0000] "GET /item/5894150 HTTP/1.1" 200 39614 "http://rwabtee.com/item/6297612?d=%2Fhome%2Frwabteecom%2Fpublic_html%2Fpublic&edit=sitemap.xml" "Mozilla/5.0 AppleWebKit/537.36 (KHTML, like Gecko; compatible; GPTBot/1.3; +https://openai.com/gptbot)"
74.7.227.36 - - [10/Apr/2026:12:37:00 +0000] "GET /item/6190744 HTTP/1.1" 200 39614 "http://rwabtee.com/item/6297612?d=%2Fhome%2Frwabteecom%2Fpublic_html%2Fpublic&edit=sitemap.xml" "Mozilla/5.0 AppleWebKit/537.36 (KHTML, like Gecko; compatible; GPTBot/1.3; +https://openai.com/gptbot)"
74.7.227.36 - - [10/Apr/2026:12:37:00 +0000] "GET /item/6177585 HTTP/1.1" 200 39614 "http://rwabtee.com/item/6297612?d=%2Fhome%2Frwabteecom%2Fpublic_html%2Fpublic&edit=sitemap.xml" "Mozilla/5.0 AppleWebKit/537.36 (KHTML, like Gecko; compatible; GPTBot/1.3; +https://openai.com/gptbot)"
65.108.125.120 - - [10/Apr/2026:12:37:01 +0000] "GET /?d=/home/rwabteecom/public_html/database/migrations&edit=2022_02_15_051819_create_analytics_table.php HTTP/1.1" 200 4074 "-" "Mozilla/5.0 (compatible; MJ12bot/v1.4.8; http://mj12bot.com/)"
74.7.227.36 - - [10/Apr/2026:12:37:01 +0000] "GET /item/5512130 HTTP/1.1" 200 39614 "http://rwabtee.com/item/6297612?d=%2Fhome%2Frwabteecom%2Fpublic_html%2Fpublic&edit=sitemap.xml" "Mozilla/5.0 AppleWebKit/537.36 (KHTML, like Gecko; compatible; GPTBot/1.3; +https://openai.com/gptbot)"
74.7.227.36 - - [10/Apr/2026:12:37:01 +0000] "GET /item/6841562 HTTP/1.1" 200 39614 "http://rwabtee.com/item/6297612?d=%2Fhome%2Frwabteecom%2Fpublic_html%2Fpublic&edit=sitemap.xml" "Mozilla/5.0 AppleWebKit/537.36 (KHTML, like Gecko; compatible; GPTBot/1.3; +https://openai.com/gptbot)"
74.7.227.36 - - [10/Apr/2026:12:37:02 +0000] "GET /item/7025733 HTTP/1.1" 200 39614 "http://rwabtee.com/item/6297612?d=%2Fhome%2Frwabteecom%2Fpublic_html%2Fpublic&edit=sitemap.xml" "Mozilla/5.0 AppleWebKit/537.36 (KHTML, like Gecko; compatible; GPTBot/1.3; +https://openai.com/gptbot)"
74.7.227.36 - - [10/Apr/2026:12:37:02 +0000] "GET /item/5909331 HTTP/1.1" 200 39614 "http://rwabtee.com/item/6297612?d=%2Fhome%2Frwabteecom%2Fpublic_html%2Fpublic&edit=sitemap.xml" "Mozilla/5.0 AppleWebKit/537.36 (KHTML, like Gecko; compatible; GPTBot/1.3; +https://openai.com/gptbot)"
65.108.125.120 - - [10/Apr/2026:12:37:02 +0000] "GET /?d=/home/rwabteecom/public_html/database/migrations&edit=2022_02_17_051249_change_vcard_table_column.php HTTP/1.1" 200 3074 "-" "Mozilla/5.0 (compatible; MJ12bot/v1.4.8; http://mj12bot.com/)"
74.7.227.36 - - [10/Apr/2026:12:37:03 +0000] "GET /item/7129581 HTTP/1.1" 200 39614 "http://rwabtee.com/item/6297612?d=%2Fhome%2Frwabteecom%2Fpublic_html%2Fpublic&edit=sitemap.xml" "Mozilla/5.0 AppleWebKit/537.36 (KHTML, like Gecko; compatible; GPTBot/1.3; +https://openai.com/gptbot)"
74.7.227.36 - - [10/Apr/2026:12:37:03 +0000] "GET /item/5020413 HTTP/1.1" 200 39614 "http://rwabtee.com/item/6297612?d=%2Fhome%2Frwabteecom%2Fpublic_html%2Fpublic&edit=sitemap.xml" "Mozilla/5.0 AppleWebKit/537.36 (KHTML, like Gecko; compatible; GPTBot/1.3; +https://openai.com/gptbot)"
74.7.227.36 - - [10/Apr/2026:12:37:04 +0000] "GET /item/7691618?d=%2Fhome%2Frwabteecom%2Fpublic_html%2Fpublic%2Finstall HTTP/1.1" 200 9824 "http://rwabtee.com/item/7691618" "Mozilla/5.0 AppleWebKit/537.36 (KHTML, like Gecko; compatible; GPTBot/1.3; +https://openai.com/gptbot)"
65.108.125.120 - - [10/Apr/2026:12:37:04 +0000] "GET /?d=/home/rwabteecom/public_html/database/migrations&edit=2022_02_19_043114_add_theme_mode_to_users_table.php HTTP/1.1" 200 3206 "-" "Mozilla/5.0 (compatible; MJ12bot/v1.4.8; http://mj12bot.com/)"
74.7.227.36 - - [10/Apr/2026:12:37:04 +0000] "GET /item/6076904?d=%2Fhome%2Frwabteecom%2Fpublic_html%2Fpublic&edit=OneSignalSDKWorker+%281%29.js HTTP/1.1" 404 - "http://rwabtee.com/item/6076904" "Mozilla/5.0 AppleWebKit/537.36 (KHTML, like Gecko; compatible; GPTBot/1.3; +https://openai.com/gptbot)"
74.7.227.36 - - [10/Apr/2026:12:37:05 +0000] "GET /item/5579395 HTTP/1.1" 200 39614 "http://rwabtee.com/item/6297612?d=%2Fhome%2Frwabteecom%2Fpublic_html%2Fpublic&edit=sitemap.xml" "Mozilla/5.0 AppleWebKit/537.36 (KHTML, like Gecko; compatible; GPTBot/1.3; +https://openai.com/gptbot)"
74.7.227.36 - - [10/Apr/2026:12:37:05 +0000] "GET /item/5077095 HTTP/1.1" 200 39614 "http://rwabtee.com/item/6297612?d=%2Fhome%2Frwabteecom%2Fpublic_html%2Fpublic&edit=sitemap.xml" "Mozilla/5.0 AppleWebKit/537.36 (KHTML, like Gecko; compatible; GPTBot/1.3; +https://openai.com/gptbot)"
74.7.227.36 - - [10/Apr/2026:12:37:06 +0000] "GET /item/6177585?d=%2Fhome%2Frwabteecom%2Fpublic_html%2Fpublic%2Fvendor HTTP/1.1" 200 8172 "http://rwabtee.com/item/6177585" "Mozilla/5.0 AppleWebKit/537.36 (KHTML, like Gecko; compatible; GPTBot/1.3; +https://openai.com/gptbot)"
65.108.125.120 - - [10/Apr/2026:12:37:06 +0000] "GET /?d=/home/rwabteecom/public_html/database/migrations&edit=2022_02_23_113225_add_analytics_to_plan_features_table.php HTTP/1.1" 200 3040 "-" "Mozilla/5.0 (compatible; MJ12bot/v1.4.8; http://mj12bot.com/)"
74.7.227.36 - - [10/Apr/2026:12:37:06 +0000] "GET /item/6768990 HTTP/1.1" 200 39614 "http://rwabtee.com/item/6297612?d=%2Fhome%2Frwabteecom%2Fpublic_html%2Fpublic&edit=sitemap.xml" "Mozilla/5.0 AppleWebKit/537.36 (KHTML, like Gecko; compatible; GPTBot/1.3; +https://openai.com/gptbot)"
74.7.227.36 - - [10/Apr/2026:12:37:07 +0000] "GET /item/6841562?d=%2Fhome%2Frwabteecom%2Fpublic_html%2Fpublic%2Fvirtual_backgrounds HTTP/1.1" 200 4511 "http://rwabtee.com/item/6841562" "Mozilla/5.0 AppleWebKit/537.36 (KHTML, like Gecko; compatible; GPTBot/1.3; +https://openai.com/gptbot)"
74.7.227.36 - - [10/Apr/2026:12:37:08 +0000] "GET /item/6323159 HTTP/1.1" 200 39614 "http://rwabtee.com/item/6297612?d=%2Fhome%2Frwabteecom%2Fpublic_html%2Fpublic&edit=sitemap.xml" "Mozilla/5.0 AppleWebKit/537.36 (KHTML, like Gecko; compatible; GPTBot/1.3; +https://openai.com/gptbot)"
65.108.125.120 - - [10/Apr/2026:12:37:08 +0000] "GET /?d=/home/rwabteecom/public_html/database/migrations&edit=2022_02_28_120647_create_payment_gateways_table.php HTTP/1.1" 200 3263 "-" "Mozilla/5.0 (compatible; MJ12bot/v1.4.8; http://mj12bot.com/)"
74.7.227.36 - - [10/Apr/2026:12:37:08 +0000] "GET /item/6570416 HTTP/1.1" 200 39614 "http://rwabtee.com/item/6297612?d=%2Fhome%2Frwabteecom%2Fpublic_html%2Fpublic&edit=sitemap.xml" "Mozilla/5.0 AppleWebKit/537.36 (KHTML, like Gecko; compatible; GPTBot/1.3; +https://openai.com/gptbot)"
74.7.227.36 - - [10/Apr/2026:12:37:09 +0000] "GET /item/7129581?d=%2Fhome%2Frwabteecom%2Fpublic_html%2Fpublic&edit=OneSignalSDKWorker+%281%29.js HTTP/1.1" 404 - "http://rwabtee.com/item/7129581" "Mozilla/5.0 AppleWebKit/537.36 (KHTML, like Gecko; compatible; GPTBot/1.3; +https://openai.com/gptbot)"
74.7.227.36 - - [10/Apr/2026:12:37:09 +0000] "GET /item/5668137 HTTP/1.1" 200 39614 "http://rwabtee.com/item/6297612?d=%2Fhome%2Frwabteecom%2Fpublic_html%2Fpublic&edit=sitemap.xml" "Mozilla/5.0 AppleWebKit/537.36 (KHTML, like Gecko; compatible; GPTBot/1.3; +https://openai.com/gptbot)"
74.7.227.36 - - [10/Apr/2026:12:37:10 +0000] "GET /item/4826194 HTTP/1.1" 200 39614 "http://rwabtee.com/item/6297612?d=%2Fhome%2Frwabteecom%2Fpublic_html%2Fpublic&edit=sitemap.xml" "Mozilla/5.0 AppleWebKit/537.36 (KHTML, like Gecko; compatible; GPTBot/1.3; +https://openai.com/gptbot)"
65.108.125.120 - - [10/Apr/2026:12:37:10 +0000] "GET /?d=/home/rwabteecom/public_html/database/migrations&edit=2022_03_02_052141_create_social_accounts_table.php HTTP/1.1" 200 3566 "-" "Mozilla/5.0 (compatible; MJ12bot/v1.4.8; http://mj12bot.com/)"
74.7.227.36 - - [10/Apr/2026:12:37:10 +0000] "GET /item/4843568 HTTP/1.1" 200 39614 "http://rwabtee.com/item/6297612?d=%2Fhome%2Frwabteecom%2Fpublic_html%2Fpublic&edit=sitemap.xml" "Mozilla/5.0 AppleWebKit/537.36 (KHTML, like Gecko; compatible; GPTBot/1.3; +https://openai.com/gptbot)"
74.7.227.36 - - [10/Apr/2026:12:37:11 +0000] "GET /item/6094931 HTTP/1.1" 200 39614 "http://rwabtee.com/item/6297612?d=%2Fhome%2Frwabteecom%2Fpublic_html%2Fpublic&edit=sitemap.xml" "Mozilla/5.0 AppleWebKit/537.36 (KHTML, like Gecko; compatible; GPTBot/1.3; +https://openai.com/gptbot)"
74.7.227.36 - - [10/Apr/2026:12:37:11 +0000] "GET /item/6409934 HTTP/1.1" 200 39614 "http://rwabtee.com/item/6297612?d=%2Fhome%2Frwabteecom%2Fpublic_html%2Fpublic&edit=sitemap.xml" "Mozilla/5.0 AppleWebKit/537.36 (KHTML, like Gecko; compatible; GPTBot/1.3; +https://openai.com/gptbot)"
74.7.227.36 - - [10/Apr/2026:12:37:12 +0000] "GET /item/5950063 HTTP/1.1" 200 39614 "http://rwabtee.com/item/6297612?d=%2Fhome%2Frwabteecom%2Fpublic_html%2Fpublic&edit=sitemap.xml" "Mozilla/5.0 AppleWebKit/537.36 (KHTML, like Gecko; compatible; GPTBot/1.3; +https://openai.com/gptbot)"
65.108.125.120 - - [10/Apr/2026:12:37:12 +0000] "GET /?d=/home/rwabteecom/public_html/database/migrations&edit=2022_03_03_043217_add_tiktok_to_social_links_table.php HTTP/1.1" 200 3020 "-" "Mozilla/5.0 (compatible; MJ12bot/v1.4.8; http://mj12bot.com/)"
74.7.227.36 - - [10/Apr/2026:12:37:12 +0000] "GET /item/6289006 HTTP/1.1" 200 39614 "http://rwabtee.com/item/6297612?d=%2Fhome%2Frwabteecom%2Fpublic_html%2Fpublic&edit=sitemap.xml" "Mozilla/5.0 AppleWebKit/537.36 (KHTML, like Gecko; compatible; GPTBot/1.3; +https://openai.com/gptbot)"
74.7.227.36 - - [10/Apr/2026:12:37:13 +0000] "GET /item/6316897 HTTP/1.1" 200 39614 "http://rwabtee.com/item/6297612?d=%2Fhome%2Frwabteecom%2Fpublic_html%2Fpublic&edit=sitemap.xml" "Mozilla/5.0 AppleWebKit/537.36 (KHTML, like Gecko; compatible; GPTBot/1.3; +https://openai.com/gptbot)"
74.7.227.36 - - [10/Apr/2026:12:37:13 +0000] "GET /item/5995336 HTTP/1.1" 200 39614 "http://rwabtee.com/item/6297612?d=%2Fhome%2Frwabteecom%2Fpublic_html%2Fpublic&edit=sitemap.xml" "Mozilla/5.0 AppleWebKit/537.36 (KHTML, like Gecko; compatible; GPTBot/1.3; +https://openai.com/gptbot)"
74.7.227.36 - - [10/Apr/2026:12:37:14 +0000] "GET /item/5880442 HTTP/1.1" 200 39614 "http://rwabtee.com/item/6297612?d=%2Fhome%2Frwabteecom%2Fpublic_html%2Fpublic&edit=sitemap.xml" "Mozilla/5.0 AppleWebKit/537.36 (KHTML, like Gecko; compatible; GPTBot/1.3; +https://openai.com/gptbot)"
65.108.125.120 - - [10/Apr/2026:12:37:14 +0000] "GET /?d=/home/rwabteecom/public_html/database/migrations&edit=2022_03_11_040528_add_seo_to_plan_features_table.php HTTP/1.1" 200 3019 "-" "Mozilla/5.0 (compatible; MJ12bot/v1.4.8; http://mj12bot.com/)"
74.7.227.36 - - [10/Apr/2026:12:37:14 +0000] "GET /item/6323039 HTTP/1.1" 200 39614 "http://rwabtee.com/item/6297612?d=%2Fhome%2Frwabteecom%2Fpublic_html%2Fpublic&edit=sitemap.xml" "Mozilla/5.0 AppleWebKit/537.36 (KHTML, like Gecko; compatible; GPTBot/1.3; +https://openai.com/gptbot)"
74.7.227.36 - - [10/Apr/2026:12:37:15 +0000] "GET /item/5668137?d=%2Fhome%2Frwabteecom%2Fpublic_html%2Fpublic%2Fimages HTTP/1.1" 200 145721 "http://rwabtee.com/item/5668137" "Mozilla/5.0 AppleWebKit/537.36 (KHTML, like Gecko; compatible; GPTBot/1.3; +https://openai.com/gptbot)"
74.7.227.36 - - [10/Apr/2026:12:37:15 +0000] "GET /item/5594990 HTTP/1.1" 200 39614 "http://rwabtee.com/item/6297612?d=%2Fhome%2Frwabteecom%2Fpublic_html%2Fpublic&edit=sitemap.xml" "Mozilla/5.0 AppleWebKit/537.36 (KHTML, like Gecko; compatible; GPTBot/1.3; +https://openai.com/gptbot)"
65.108.125.120 - - [10/Apr/2026:12:37:16 +0000] "GET /?d=/home/rwabteecom/public_html/database/migrations&edit=2022_03_11_040529_add_blog_to_plan_features_table.php HTTP/1.1" 200 3016 "-" "Mozilla/5.0 (compatible; MJ12bot/v1.4.8; http://mj12bot.com/)"
74.7.227.36 - - [10/Apr/2026:12:37:16 +0000] "GET /item/6833595 HTTP/1.1" 200 39614 "http://rwabtee.com/item/6297612?d=%2Fhome%2Frwabteecom%2Fpublic_html%2Fpublic&edit=sitemap.xml" "Mozilla/5.0 AppleWebKit/537.36 (KHTML, like Gecko; compatible; GPTBot/1.3; +https://openai.com/gptbot)"
74.7.227.36 - - [10/Apr/2026:12:37:16 +0000] "GET /item/7229608 HTTP/1.1" 200 39614 "http://rwabtee.com/item/6297612?d=%2Fhome%2Frwabteecom%2Fpublic_html%2Fpublic&edit=sitemap.xml" "Mozilla/5.0 AppleWebKit/537.36 (KHTML, like Gecko; compatible; GPTBot/1.3; +https://openai.com/gptbot)"
74.7.227.36 - - [10/Apr/2026:12:37:17 +0000] "GET /item/6409934?d=%2Fhome%2Frwabteecom%2Fpublic_html%2Fpublic&edit=sw.js HTTP/1.1" 404 - "http://rwabtee.com/item/6409934" "Mozilla/5.0 AppleWebKit/537.36 (KHTML, like Gecko; compatible; GPTBot/1.3; +https://openai.com/gptbot)"
74.7.227.36 - - [10/Apr/2026:12:37:17 +0000] "GET /item/6152928 HTTP/1.1" 200 39614 "http://rwabtee.com/item/6297612?d=%2Fhome%2Frwabteecom%2Fpublic_html%2Fpublic&edit=sitemap.xml" "Mozilla/5.0 AppleWebKit/537.36 (KHTML, like Gecko; compatible; GPTBot/1.3; +https://openai.com/gptbot)"
65.108.125.120 - - [10/Apr/2026:12:37:18 +0000] "GET /?d=/home/rwabteecom/public_html/database/migrations&edit=2022_03_11_043436_add_meta_to_vcards_table.php HTTP/1.1" 200 3434 "-" "Mozilla/5.0 (compatible; MJ12bot/v1.4.8; http://mj12bot.com/)"
74.7.227.36 - - [10/Apr/2026:12:37:18 +0000] "GET /item/5723982 HTTP/1.1" 200 39614 "http://rwabtee.com/item/6297612?d=%2Fhome%2Frwabteecom%2Fpublic_html%2Fpublic&edit=sitemap.xml" "Mozilla/5.0 AppleWebKit/537.36 (KHTML, like Gecko; compatible; GPTBot/1.3; +https://openai.com/gptbot)"
74.7.227.36 - - [10/Apr/2026:12:37:18 +0000] "GET /item/5397991 HTTP/1.1" 200 39614 "http://rwabtee.com/item/6297612?d=%2Fhome%2Frwabteecom%2Fpublic_html%2Fpublic&edit=sitemap.xml" "Mozilla/5.0 AppleWebKit/537.36 (KHTML, like Gecko; compatible; GPTBot/1.3; +https://openai.com/gptbot)"
74.7.227.36 - - [10/Apr/2026:12:37:19 +0000] "GET /item/6227250 HTTP/1.1" 200 39614 "http://rwabtee.com/item/6297612?d=%2Fhome%2Frwabteecom%2Fpublic_html%2Fpublic&edit=sitemap.xml" "Mozilla/5.0 AppleWebKit/537.36 (KHTML, like Gecko; compatible; GPTBot/1.3; +https://openai.com/gptbot)"
65.108.125.120 - - [10/Apr/2026:12:37:19 +0000] "GET /?d=/home/rwabteecom/public_html/database/migrations&edit=2022_03_14_071755_add_payment_type_to_subscriptions_table.php HTTP/1.1" 200 3235 "-" "Mozilla/5.0 (compatible; MJ12bot/v1.4.8; http://mj12bot.com/)"
74.7.227.36 - - [10/Apr/2026:12:37:20 +0000] "GET /item/6285092 HTTP/1.1" 200 39614 "http://rwabtee.com/item/6297612?d=%2Fhome%2Frwabteecom%2Fpublic_html%2Fpublic&edit=sitemap.xml" "Mozilla/5.0 AppleWebKit/537.36 (KHTML, like Gecko; compatible; GPTBot/1.3; +https://openai.com/gptbot)"
74.7.227.36 - - [10/Apr/2026:12:37:20 +0000] "GET /item/6574131 HTTP/1.1" 200 39614 "http://rwabtee.com/item/6297612?d=%2Fhome%2Frwabteecom%2Fpublic_html%2Fpublic&edit=sitemap.xml" "Mozilla/5.0 AppleWebKit/537.36 (KHTML, like Gecko; compatible; GPTBot/1.3; +https://openai.com/gptbot)"
74.7.227.36 - - [10/Apr/2026:12:37:21 +0000] "GET /item/5940809 HTTP/1.1" 200 39614 "http://rwabtee.com/item/6297612?d=%2Fhome%2Frwabteecom%2Fpublic_html%2Fpublic&edit=sitemap.xml" "Mozilla/5.0 AppleWebKit/537.36 (KHTML, like Gecko; compatible; GPTBot/1.3; +https://openai.com/gptbot)"
74.7.227.36 - - [10/Apr/2026:12:37:21 +0000] "GET /item/6241329 HTTP/1.1" 200 39614 "http://rwabtee.com/item/6297612?d=%2Fhome%2Frwabteecom%2Fpublic_html%2Fpublic&edit=sitemap.xml" "Mozilla/5.0 AppleWebKit/537.36 (KHTML, like Gecko; compatible; GPTBot/1.3; +https://openai.com/gptbot)"
65.108.125.120 - - [10/Apr/2026:12:37:21 +0000] "GET /?d=/home/rwabteecom/public_html/database/migrations&edit=2022_03_15_074521_create_metas_table.php HTTP/1.1" 200 3233 "-" "Mozilla/5.0 (compatible; MJ12bot/v1.4.8; http://mj12bot.com/)"
74.7.227.36 - - [10/Apr/2026:12:37:22 +0000] "GET /item/5816699 HTTP/1.1" 200 39614 "http://rwabtee.com/item/6297612?d=%2Fhome%2Frwabteecom%2Fpublic_html%2Fpublic&edit=sitemap.xml" "Mozilla/5.0 AppleWebKit/537.36 (KHTML, like Gecko; compatible; GPTBot/1.3; +https://openai.com/gptbot)"
74.7.227.36 - - [10/Apr/2026:12:37:22 +0000] "GET /item/7229608?d=%2Fhome%2Frwabteecom%2Fpublic_html%2Fpublic%2Fpwa HTTP/1.1" 200 5723 "http://rwabtee.com/item/7229608" "Mozilla/5.0 AppleWebKit/537.36 (KHTML, like Gecko; compatible; GPTBot/1.3; +https://openai.com/gptbot)"
74.7.227.36 - - [10/Apr/2026:12:37:23 +0000] "GET /item/6493696 HTTP/1.1" 200 39614 "http://rwabtee.com/item/6297612?d=%2Fhome%2Frwabteecom%2Fpublic_html%2Fpublic&edit=sitemap.xml" "Mozilla/5.0 AppleWebKit/537.36 (KHTML, like Gecko; compatible; GPTBot/1.3; +https://openai.com/gptbot)"
65.108.125.120 - - [10/Apr/2026:12:37:23 +0000] "GET /?d=/home/rwabteecom/public_html/database/migrations&edit=2022_03_31_092107_create_languages_table.php HTTP/1.1" 200 3306 "-" "Mozilla/5.0 (compatible; MJ12bot/v1.4.8; http://mj12bot.com/)"
74.7.227.36 - - [10/Apr/2026:12:37:23 +0000] "GET /item/5644155 HTTP/1.1" 200 39614 "http://rwabtee.com/item/6297612?d=%2Fhome%2Frwabteecom%2Fpublic_html%2Fpublic&edit=sitemap.xml" "Mozilla/5.0 AppleWebKit/537.36 (KHTML, like Gecko; compatible; GPTBot/1.3; +https://openai.com/gptbot)"
74.7.227.36 - - [10/Apr/2026:12:37:24 +0000] "GET /item/5250790 HTTP/1.1" 200 39614 "http://rwabtee.com/item/6297612?d=%2Fhome%2Frwabteecom%2Fpublic_html%2Fpublic&edit=sitemap.xml" "Mozilla/5.0 AppleWebKit/537.36 (KHTML, like Gecko; compatible; GPTBot/1.3; +https://openai.com/gptbot)"
74.7.227.36 - - [10/Apr/2026:12:37:24 +0000] "GET /item/6089078 HTTP/1.1" 200 39614 "http://rwabtee.com/item/6297612?d=%2Fhome%2Frwabteecom%2Fpublic_html%2Fpublic&edit=sitemap.xml" "Mozilla/5.0 AppleWebKit/537.36 (KHTML, like Gecko; compatible; GPTBot/1.3; +https://openai.com/gptbot)"
74.7.227.36 - - [10/Apr/2026:12:37:25 +0000] "GET /item/6227250?d=%2Fhome%2Frwabteecom%2Fpublic_html%2Fpublic&edit=OneSignalSDKWorker.js HTTP/1.1" 404 - "http://rwabtee.com/item/6227250" "Mozilla/5.0 AppleWebKit/537.36 (KHTML, like Gecko; compatible; GPTBot/1.3; +https://openai.com/gptbot)"
65.108.125.120 - - [10/Apr/2026:12:37:25 +0000] "GET /?d=/home/rwabteecom/public_html/database/migrations&edit=2022_04_26_113358_add_payable_amount_in_subscriptions_table.php HTTP/1.1" 200 3248 "-" "Mozilla/5.0 (compatible; MJ12bot/v1.4.8; http://mj12bot.com/)"
74.7.227.36 - - [10/Apr/2026:12:37:25 +0000] "GET /item/7570807 HTTP/1.1" 200 39614 "http://rwabtee.com/item/6297612?d=%2Fhome%2Frwabteecom%2Fpublic_html%2Fpublic&edit=sitemap.xml" "Mozilla/5.0 AppleWebKit/537.36 (KHTML, like Gecko; compatible; GPTBot/1.3; +https://openai.com/gptbot)"
74.7.227.36 - - [10/Apr/2026:12:37:26 +0000] "GET /item/4751331 HTTP/1.1" 200 39614 "http://rwabtee.com/item/6297612?d=%2Fhome%2Frwabteecom%2Fpublic_html%2Fpublic&edit=sitemap.xml" "Mozilla/5.0 AppleWebKit/537.36 (KHTML, like Gecko; compatible; GPTBot/1.3; +https://openai.com/gptbot)"
74.7.227.36 - - [10/Apr/2026:12:37:26 +0000] "GET /item/5815534 HTTP/1.1" 200 39614 "http://rwabtee.com/item/6297612?d=%2Fhome%2Frwabteecom%2Fpublic_html%2Fpublic&edit=sitemap.xml" "Mozilla/5.0 AppleWebKit/537.36 (KHTML, like Gecko; compatible; GPTBot/1.3; +https://openai.com/gptbot)"
65.108.125.120 - - [10/Apr/2026:12:37:27 +0000] "GET /?d=/home/rwabteecom/public_html/database/migrations&edit=2022_05_04_112737_create_user_settings_table.php HTTP/1.1" 200 3515 "-" "Mozilla/5.0 (compatible; MJ12bot/v1.4.8; http://mj12bot.com/)"
74.7.227.36 - - [10/Apr/2026:12:37:27 +0000] "GET /item/7435044 HTTP/1.1" 200 39614 "http://rwabtee.com/item/6297612?d=%2Fhome%2Frwabteecom%2Fpublic_html%2Fpublic&edit=sitemap.xml" "Mozilla/5.0 AppleWebKit/537.36 (KHTML, like Gecko; compatible; GPTBot/1.3; +https://openai.com/gptbot)"
74.7.227.36 - - [10/Apr/2026:12:37:27 +0000] "GET /item/5816699?d=%2Fhome%2Frwabteecom HTTP/1.1" 200 47347 "http://rwabtee.com/item/5816699" "Mozilla/5.0 AppleWebKit/537.36 (KHTML, like Gecko; compatible; GPTBot/1.3; +https://openai.com/gptbot)"
74.7.227.36 - - [10/Apr/2026:12:37:28 +0000] "GET /item/6814556 HTTP/1.1" 200 39614 "http://rwabtee.com/item/6297612?d=%2Fhome%2Frwabteecom%2Fpublic_html%2Fpublic&edit=sitemap.xml" "Mozilla/5.0 AppleWebKit/537.36 (KHTML, like Gecko; compatible; GPTBot/1.3; +https://openai.com/gptbot)"
65.108.125.120 - - [10/Apr/2026:12:37:28 +0000] "GET /?d=/home/rwabteecom/public_html/database/migrations&edit=2022_05_05_084735_create_appointment_details_table.php HTTP/1.1" 200 3548 "-" "Mozilla/5.0 (compatible; MJ12bot/v1.4.8; http://mj12bot.com/)"
74.7.227.36 - - [10/Apr/2026:12:37:28 +0000] "GET /item/5481147 HTTP/1.1" 200 39614 "http://rwabtee.com/item/6297612?d=%2Fhome%2Frwabteecom%2Fpublic_html%2Fpublic&edit=sitemap.xml" "Mozilla/5.0 AppleWebKit/537.36 (KHTML, like Gecko; compatible; GPTBot/1.3; +https://openai.com/gptbot)"
74.7.227.36 - - [10/Apr/2026:12:37:29 +0000] "GET /item/6818293 HTTP/1.1" 200 39614 "http://rwabtee.com/item/6297612?d=%2Fhome%2Frwabteecom%2Fpublic_html%2Fpublic&edit=sitemap.xml" "Mozilla/5.0 AppleWebKit/537.36 (KHTML, like Gecko; compatible; GPTBot/1.3; +https://openai.com/gptbot)"
74.7.227.36 - - [10/Apr/2026:12:37:29 +0000] "GET /item/6008589 HTTP/1.1" 200 39614 "http://rwabtee.com/item/6297612?d=%2Fhome%2Frwabteecom%2Fpublic_html%2Fpublic&edit=sitemap.xml" "Mozilla/5.0 AppleWebKit/537.36 (KHTML, like Gecko; compatible; GPTBot/1.3; +https://openai.com/gptbot)"
74.7.227.36 - - [10/Apr/2026:12:37:30 +0000] "GET /item/6958254 HTTP/1.1" 200 39614 "http://rwabtee.com/item/6297612?d=%2Fhome%2Frwabteecom%2Fpublic_html%2Fpublic&edit=sitemap.xml" "Mozilla/5.0 AppleWebKit/537.36 (KHTML, like Gecko; compatible; GPTBot/1.3; +https://openai.com/gptbot)"
65.108.125.120 - - [10/Apr/2026:12:37:30 +0000] "GET /?d=/home/rwabteecom/public_html/database/migrations&edit=2022_05_05_085632_create_appointment_transactions_table.php HTTP/1.1" 200 3987 "-" "Mozilla/5.0 (compatible; MJ12bot/v1.4.8; http://mj12bot.com/)"
74.7.227.36 - - [10/Apr/2026:12:37:30 +0000] "GET /item/6108338 HTTP/1.1" 200 39614 "http://rwabtee.com/item/6297612?d=%2Fhome%2Frwabteecom%2Fpublic_html%2Fpublic&edit=sitemap.xml" "Mozilla/5.0 AppleWebKit/537.36 (KHTML, like Gecko; compatible; GPTBot/1.3; +https://openai.com/gptbot)"
74.7.227.36 - - [10/Apr/2026:12:37:31 +0000] "GET /item/4743593 HTTP/1.1" 200 39614 "http://rwabtee.com/item/6297612?d=%2Fhome%2Frwabteecom%2Fpublic_html%2Fpublic&edit=sitemap.xml" "Mozilla/5.0 AppleWebKit/537.36 (KHTML, like Gecko; compatible; GPTBot/1.3; +https://openai.com/gptbot)"
74.7.227.36 - - [10/Apr/2026:12:37:32 +0000] "GET /item/4751331?d=%2Fhome%2Frwabteecom%2Fpublic_html%2Fpublic&edit=.htaccess HTTP/1.1" 200 2992 "http://rwabtee.com/item/4751331" "Mozilla/5.0 AppleWebKit/537.36 (KHTML, like Gecko; compatible; GPTBot/1.3; +https://openai.com/gptbot)"
65.108.125.120 - - [10/Apr/2026:12:37:32 +0000] "GET /?d=/home/rwabteecom/public_html/database/migrations&edit=2022_05_11_104900_add_field_in_schedule_appointments_table.php HTTP/1.1" 200 3518 "-" "Mozilla/5.0 (compatible; MJ12bot/v1.4.8; http://mj12bot.com/)"
74.7.227.36 - - [10/Apr/2026:12:37:32 +0000] "GET /item/4937743 HTTP/1.1" 200 39614 "http://rwabtee.com/item/6297612?d=%2Fhome%2Frwabteecom%2Fpublic_html%2Fpublic&edit=sitemap.xml" "Mozilla/5.0 AppleWebKit/537.36 (KHTML, like Gecko; compatible; GPTBot/1.3; +https://openai.com/gptbot)"
74.7.227.36 - - [10/Apr/2026:12:37:33 +0000] "GET /item/5526781 HTTP/1.1" 200 39614 "http://rwabtee.com/item/6297612?d=%2Fhome%2Frwabteecom%2Fpublic_html%2Fpublic&edit=sitemap.xml" "Mozilla/5.0 AppleWebKit/537.36 (KHTML, like Gecko; compatible; GPTBot/1.3; +https://openai.com/gptbot)"
74.7.227.36 - - [10/Apr/2026:12:37:33 +0000] "GET /item/7369958 HTTP/1.1" 200 39614 "http://rwabtee.com/item/6297612?d=%2Fhome%2Frwabteecom%2Fpublic_html%2Fpublic&edit=sitemap.xml" "Mozilla/5.0 AppleWebKit/537.36 (KHTML, like Gecko; compatible; GPTBot/1.3; +https://openai.com/gptbot)"
74.7.227.36 - - [10/Apr/2026:12:37:34 +0000] "GET /item/7271952 HTTP/1.1" 200 39614 "http://rwabtee.com/item/6297612?d=%2Fhome%2Frwabteecom%2Fpublic_html%2Fpublic&edit=sitemap.xml" "Mozilla/5.0 AppleWebKit/537.36 (KHTML, like Gecko; compatible; GPTBot/1.3; +https://openai.com/gptbot)"
65.108.125.120 - - [10/Apr/2026:12:37:34 +0000] "GET /?d=/home/rwabteecom/public_html/database/migrations&edit=2022_05_11_113546_add_field_in_appointment_transactions_table.php HTTP/1.1" 200 3507 "-" "Mozilla/5.0 (compatible; MJ12bot/v1.4.8; http://mj12bot.com/)"
74.7.227.36 - - [10/Apr/2026:12:37:34 +0000] "GET /item/6070342 HTTP/1.1" 200 39614 "http://rwabtee.com/item/6297612?d=%2Fhome%2Frwabteecom%2Fpublic_html%2Fpublic&edit=sitemap.xml" "Mozilla/5.0 AppleWebKit/537.36 (KHTML, like Gecko; compatible; GPTBot/1.3; +https://openai.com/gptbot)"
74.7.227.36 - - [10/Apr/2026:12:37:35 +0000] "GET /item/6420090 HTTP/1.1" 200 39614 "http://rwabtee.com/item/6297612?d=%2Fhome%2Frwabteecom%2Fpublic_html%2Fpublic&edit=sitemap.xml" "Mozilla/5.0 AppleWebKit/537.36 (KHTML, like Gecko; compatible; GPTBot/1.3; +https://openai.com/gptbot)"
74.7.227.36 - - [10/Apr/2026:12:37:35 +0000] "GET /item/4862188 HTTP/1.1" 200 39614 "http://rwabtee.com/item/6297612?d=%2Fhome%2Frwabteecom%2Fpublic_html%2Fpublic&edit=sitemap.xml" "Mozilla/5.0 AppleWebKit/537.36 (KHTML, like Gecko; compatible; GPTBot/1.3; +https://openai.com/gptbot)"
65.108.125.120 - - [10/Apr/2026:12:37:36 +0000] "GET /?d=/home/rwabteecom/public_html/database/migrations&edit=2022_05_30_041917_add_language_field_in_vcards_table.php HTTP/1.1" 200 3362 "-" "Mozilla/5.0 (compatible; MJ12bot/v1.4.8; http://mj12bot.com/)"
74.7.227.36 - - [10/Apr/2026:12:37:36 +0000] "GET /item/7456344 HTTP/1.1" 200 39614 "http://rwabtee.com/item/6297612?d=%2Fhome%2Frwabteecom%2Fpublic_html%2Fpublic&edit=sitemap.xml" "Mozilla/5.0 AppleWebKit/537.36 (KHTML, like Gecko; compatible; GPTBot/1.3; +https://openai.com/gptbot)"
74.7.227.36 - - [10/Apr/2026:12:37:36 +0000] "GET /item/6849159 HTTP/1.1" 200 39614 "http://rwabtee.com/item/6297612?d=%2Fhome%2Frwabteecom%2Fpublic_html%2Fpublic&edit=sitemap.xml" "Mozilla/5.0 AppleWebKit/537.36 (KHTML, like Gecko; compatible; GPTBot/1.3; +https://openai.com/gptbot)"
74.7.227.36 - - [10/Apr/2026:12:37:37 +0000] "GET /item/6988421 HTTP/1.1" 200 39614 "http://rwabtee.com/item/6297612?d=%2Fhome%2Frwabteecom%2Fpublic_html%2Fpublic&edit=sitemap.xml" "Mozilla/5.0 AppleWebKit/537.36 (KHTML, like Gecko; compatible; GPTBot/1.3; +https://openai.com/gptbot)"
74.7.227.36 - - [10/Apr/2026:12:37:37 +0000] "GET /item/5202896 HTTP/1.1" 200 39614 "http://rwabtee.com/item/6297612?d=%2Fhome%2Frwabteecom%2Fpublic_html%2Fpublic&edit=sitemap.xml" "Mozilla/5.0 AppleWebKit/537.36 (KHTML, like Gecko; compatible; GPTBot/1.3; +https://openai.com/gptbot)"
65.108.125.120 - - [10/Apr/2026:12:37:38 +0000] "GET /?d=/home/rwabteecom/public_html/database/migrations&edit=2022_05_31_070404_add_google_analytics_to_metas_table.php HTTP/1.1" 200 3225 "-" "Mozilla/5.0 (compatible; MJ12bot/v1.4.8; http://mj12bot.com/)"
74.7.227.36 - - [10/Apr/2026:12:37:38 +0000] "GET /item/5426889 HTTP/1.1" 200 39614 "http://rwabtee.com/item/6297612?d=%2Fhome%2Frwabteecom%2Fpublic_html%2Fpublic&edit=sitemap.xml" "Mozilla/5.0 AppleWebKit/537.36 (KHTML, like Gecko; compatible; GPTBot/1.3; +https://openai.com/gptbot)"
74.7.227.36 - - [10/Apr/2026:12:37:38 +0000] "GET /item/6683628 HTTP/1.1" 200 39614 "http://rwabtee.com/item/6297612?d=%2Fhome%2Frwabteecom%2Fpublic_html%2Fpublic&edit=sitemap.xml" "Mozilla/5.0 AppleWebKit/537.36 (KHTML, like Gecko; compatible; GPTBot/1.3; +https://openai.com/gptbot)"
74.7.227.36 - - [10/Apr/2026:12:37:39 +0000] "GET /item/6343055 HTTP/1.1" 200 39614 "http://rwabtee.com/item/6297612?d=%2Fhome%2Frwabteecom%2Fpublic_html%2Fpublic&edit=sitemap.xml" "Mozilla/5.0 AppleWebKit/537.36 (KHTML, like Gecko; compatible; GPTBot/1.3; +https://openai.com/gptbot)"
74.7.227.36 - - [10/Apr/2026:12:37:39 +0000] "GET /item/5526102 HTTP/1.1" 200 39614 "http://rwabtee.com/item/6297612?d=%2Fhome%2Frwabteecom%2Fpublic_html%2Fpublic&edit=sitemap.xml" "Mozilla/5.0 AppleWebKit/537.36 (KHTML, like Gecko; compatible; GPTBot/1.3; +https://openai.com/gptbot)"
65.108.125.120 - - [10/Apr/2026:12:37:40 +0000] "GET /?d=/home/rwabteecom/public_html/database/migrations&edit=2022_07_25_103401_create_privacy_policies_table.php HTTP/1.1" 200 3412 "-" "Mozilla/5.0 (compatible; MJ12bot/v1.4.8; http://mj12bot.com/)"
74.7.227.36 - - [10/Apr/2026:12:37:40 +0000] "GET /item/7627469 HTTP/1.1" 200 39614 "http://rwabtee.com/item/6297612?d=%2Fhome%2Frwabteecom%2Fpublic_html%2Fpublic&edit=sitemap.xml" "Mozilla/5.0 AppleWebKit/537.36 (KHTML, like Gecko; compatible; GPTBot/1.3; +https://openai.com/gptbot)"
74.7.227.36 - - [10/Apr/2026:12:37:40 +0000] "GET /item/6420090?d=%2Fhome%2Frwabteecom%2Fpublic_html%2Fpublic&edit=index.php HTTP/1.1" 200 4386 "http://rwabtee.com/item/6420090" "Mozilla/5.0 AppleWebKit/537.36 (KHTML, like Gecko; compatible; GPTBot/1.3; +https://openai.com/gptbot)"
74.7.227.36 - - [10/Apr/2026:12:37:41 +0000] "GET /item/7158619 HTTP/1.1" 200 39614 "http://rwabtee.com/item/6297612?d=%2Fhome%2Frwabteecom%2Fpublic_html%2Fpublic&edit=sitemap.xml" "Mozilla/5.0 AppleWebKit/537.36 (KHTML, like Gecko; compatible; GPTBot/1.3; +https://openai.com/gptbot)"
65.108.125.120 - - [10/Apr/2026:12:37:41 +0000] "GET /?d=/home/rwabteecom/public_html/database/migrations&edit=2022_07_29_041154_create_term_conditions_table.php HTTP/1.1" 200 3408 "-" "Mozilla/5.0 (compatible; MJ12bot/v1.4.8; http://mj12bot.com/)"
74.7.227.36 - - [10/Apr/2026:12:37:42 +0000] "GET /item/5562253 HTTP/1.1" 200 39614 "http://rwabtee.com/item/6297612?d=%2Fhome%2Frwabteecom%2Fpublic_html%2Fpublic&edit=sitemap.xml" "Mozilla/5.0 AppleWebKit/537.36 (KHTML, like Gecko; compatible; GPTBot/1.3; +https://openai.com/gptbot)"
74.7.227.36 - - [10/Apr/2026:12:37:42 +0000] "GET /item/4724680 HTTP/1.1" 200 39614 "http://rwabtee.com/item/6297612?d=%2Fhome%2Frwabteecom%2Fpublic_html%2Fpublic&edit=sitemap.xml" "Mozilla/5.0 AppleWebKit/537.36 (KHTML, like Gecko; compatible; GPTBot/1.3; +https://openai.com/gptbot)"
74.7.227.36 - - [10/Apr/2026:12:37:43 +0000] "GET /item/5601622 HTTP/1.1" 200 39614 "http://rwabtee.com/item/6297612?d=%2Fhome%2Frwabteecom%2Fpublic_html%2Fpublic&edit=sitemap.xml" "Mozilla/5.0 AppleWebKit/537.36 (KHTML, like Gecko; compatible; GPTBot/1.3; +https://openai.com/gptbot)"
74.7.227.36 - - [10/Apr/2026:12:37:43 +0000] "GET /item/5046184 HTTP/1.1" 200 39614 "http://rwabtee.com/item/6297612?d=%2Fhome%2Frwabteecom%2Fpublic_html%2Fpublic&edit=sitemap.xml" "Mozilla/5.0 AppleWebKit/537.36 (KHTML, like Gecko; compatible; GPTBot/1.3; +https://openai.com/gptbot)"
65.108.125.120 - - [10/Apr/2026:12:37:43 +0000] "GET /?d=/home/rwabteecom/public_html/database/migrations&edit=2022_08_08_093543_vcard_made_by_column_add.php HTTP/1.1" 200 3395 "-" "Mozilla/5.0 (compatible; MJ12bot/v1.4.8; http://mj12bot.com/)"
74.7.227.36 - - [10/Apr/2026:12:37:44 +0000] "GET /item/5426889?d=%2Fhome%2Frwabteecom%2Fpublic_html%2Fpublic&edit=OneSignalSDKWorker.js HTTP/1.1" 404 - "http://rwabtee.com/item/5426889" "Mozilla/5.0 AppleWebKit/537.36 (KHTML, like Gecko; compatible; GPTBot/1.3; +https://openai.com/gptbot)"
74.7.227.36 - - [10/Apr/2026:12:37:44 +0000] "GET /item/5848801 HTTP/1.1" 200 39614 "http://rwabtee.com/item/6297612?d=%2Fhome%2Frwabteecom%2Fpublic_html%2Fpublic&edit=sitemap.xml" "Mozilla/5.0 AppleWebKit/537.36 (KHTML, like Gecko; compatible; GPTBot/1.3; +https://openai.com/gptbot)"
74.7.227.36 - - [10/Apr/2026:12:37:45 +0000] "GET /item/6507156 HTTP/1.1" 200 39614 "http://rwabtee.com/item/7207286?d=%2Fhome%2Frwabteecom%2Fpublic_html%2Fpublic&edit=sitemap.xml" "Mozilla/5.0 AppleWebKit/537.36 (KHTML, like Gecko; compatible; GPTBot/1.3; +https://openai.com/gptbot)"
65.108.125.120 - - [10/Apr/2026:12:37:45 +0000] "GET /?d=/home/rwabteecom/public_html/database/migrations&edit=2022_08_24_085829_add_appointment_status_field_to_schedule_appointments_table.php HTTP/1.1" 200 3344 "-" "Mozilla/5.0 (compatible; MJ12bot/v1.4.8; http://mj12bot.com/)"
74.7.227.36 - - [10/Apr/2026:12:37:45 +0000] "GET /item/5794701 HTTP/1.1" 200 39614 "http://rwabtee.com/item/6297612?d=%2Fhome%2Frwabteecom%2Fpublic_html%2Fpublic&edit=sitemap.xml" "Mozilla/5.0 AppleWebKit/537.36 (KHTML, like Gecko; compatible; GPTBot/1.3; +https://openai.com/gptbot)"
74.7.227.36 - - [10/Apr/2026:12:37:46 +0000] "GET /item/4736948 HTTP/1.1" 200 39614 "http://rwabtee.com/item/7207286?d=%2Fhome%2Frwabteecom%2Fpublic_html%2Fpublic&edit=sitemap.xml" "Mozilla/5.0 AppleWebKit/537.36 (KHTML, like Gecko; compatible; GPTBot/1.3; +https://openai.com/gptbot)"
74.7.227.36 - - [10/Apr/2026:12:37:46 +0000] "GET /item/6705818 HTTP/1.1" 200 39614 "http://rwabtee.com/item/6297612?d=%2Fhome%2Frwabteecom%2Fpublic_html%2Fpublic&edit=sitemap.xml" "Mozilla/5.0 AppleWebKit/537.36 (KHTML, like Gecko; compatible; GPTBot/1.3; +https://openai.com/gptbot)"
74.7.227.36 - - [10/Apr/2026:12:37:47 +0000] "GET /item/5633413 HTTP/1.1" 200 39614 "http://rwabtee.com/item/5395255?d=%2Fhome%2Frwabteecom%2Fpublic_html%2Fpublic&edit=sitemap.xml" "Mozilla/5.0 AppleWebKit/537.36 (KHTML, like Gecko; compatible; GPTBot/1.3; +https://openai.com/gptbot)"
65.108.125.120 - - [10/Apr/2026:12:37:47 +0000] "GET /?d=/home/rwabteecom/public_html/database/migrations&edit=2022_08_27_042037_change_dob_type_in_vcard_table.php HTTP/1.1" 200 3238 "-" "Mozilla/5.0 (compatible; MJ12bot/v1.4.8; http://mj12bot.com/)"
74.7.227.36 - - [10/Apr/2026:12:37:47 +0000] "GET /item/6961328 HTTP/1.1" 200 39614 "http://rwabtee.com/item/6297612?d=%2Fhome%2Frwabteecom%2Fpublic_html%2Fpublic&edit=sitemap.xml" "Mozilla/5.0 AppleWebKit/537.36 (KHTML, like Gecko; compatible; GPTBot/1.3; +https://openai.com/gptbot)"
74.7.227.36 - - [10/Apr/2026:12:37:48 +0000] "GET /item/5936940 HTTP/1.1" 200 39614 "http://rwabtee.com/item/5395255?d=%2Fhome%2Frwabteecom%2Fpublic_html%2Fpublic&edit=sitemap.xml" "Mozilla/5.0 AppleWebKit/537.36 (KHTML, like Gecko; compatible; GPTBot/1.3; +https://openai.com/gptbot)"
74.7.227.36 - - [10/Apr/2026:12:37:48 +0000] "GET /item/6522809 HTTP/1.1" 200 39614 "http://rwabtee.com/item/7207286?d=%2Fhome%2Frwabteecom%2Fpublic_html%2Fpublic&edit=sitemap.xml" "Mozilla/5.0 AppleWebKit/537.36 (KHTML, like Gecko; compatible; GPTBot/1.3; +https://openai.com/gptbot)"
65.108.125.120 - - [10/Apr/2026:12:37:49 +0000] "GET /?d=/home/rwabteecom/public_html/database/migrations&edit=2022_09_02_112922_run_default_seeder.php HTTP/1.1" 200 3272 "-" "Mozilla/5.0 (compatible; MJ12bot/v1.4.8; http://mj12bot.com/)"
74.7.227.36 - - [10/Apr/2026:12:37:49 +0000] "GET /item/4859874 HTTP/1.1" 200 39614 "http://rwabtee.com/item/6297612?d=%2Fhome%2Frwabteecom%2Fpublic_html%2Fpublic&edit=sitemap.xml" "Mozilla/5.0 AppleWebKit/537.36 (KHTML, like Gecko; compatible; GPTBot/1.3; +https://openai.com/gptbot)"
74.7.227.36 - - [10/Apr/2026:12:37:49 +0000] "GET /item/6988661 HTTP/1.1" 200 39614 "http://rwabtee.com/item/7207286?d=%2Fhome%2Frwabteecom%2Fpublic_html%2Fpublic&edit=sitemap.xml" "Mozilla/5.0 AppleWebKit/537.36 (KHTML, like Gecko; compatible; GPTBot/1.3; +https://openai.com/gptbot)"
74.7.227.36 - - [10/Apr/2026:12:37:50 +0000] "GET /item/5848801?d=%2Fhome%2Frwabteecom%2Fpublic_html%2Fpublic&edit=x.zip HTTP/1.1" 200 12662 "http://rwabtee.com/item/5848801" "Mozilla/5.0 AppleWebKit/537.36 (KHTML, like Gecko; compatible; GPTBot/1.3; +https://openai.com/gptbot)"
65.108.125.120 - - [10/Apr/2026:12:37:50 +0000] "GET /?d=/home/rwabteecom/public_html/database/migrations&edit=2022_09_05_113052_add_alternative_phone_and_alternative_email_to_the_vcards_table.php HTTP/1.1" 200 3470 "-" "Mozilla/5.0 (compatible; MJ12bot/v1.4.8; http://mj12bot.com/)"
74.7.227.36 - - [10/Apr/2026:12:37:50 +0000] "GET /item/6175703 HTTP/1.1" 200 39614 "http://rwabtee.com/item/5395255?d=%2Fhome%2Frwabteecom%2Fpublic_html%2Fpublic&edit=sitemap.xml" "Mozilla/5.0 AppleWebKit/537.36 (KHTML, like Gecko; compatible; GPTBot/1.3; +https://openai.com/gptbot)"
74.7.227.36 - - [10/Apr/2026:12:37:51 +0000] "GET /item/4898453 HTTP/1.1" 200 39614 "http://rwabtee.com/item/7207286?d=%2Fhome%2Frwabteecom%2Fpublic_html%2Fpublic&edit=sitemap.xml" "Mozilla/5.0 AppleWebKit/537.36 (KHTML, like Gecko; compatible; GPTBot/1.3; +https://openai.com/gptbot)"
74.7.227.36 - - [10/Apr/2026:12:37:52 +0000] "GET /item/6462913 HTTP/1.1" 200 39614 "http://rwabtee.com/item/7207286?d=%2Fhome%2Frwabteecom%2Fpublic_html%2Fpublic&edit=sitemap.xml" "Mozilla/5.0 AppleWebKit/537.36 (KHTML, like Gecko; compatible; GPTBot/1.3; +https://openai.com/gptbot)"
74.7.227.36 - - [10/Apr/2026:12:37:52 +0000] "GET /item/6705818?d=%2Fhome%2Frwabteecom%2Fpublic_html%2Fpublic%2Fimages HTTP/1.1" 200 145721 "http://rwabtee.com/item/6705818" "Mozilla/5.0 AppleWebKit/537.36 (KHTML, like Gecko; compatible; GPTBot/1.3; +https://openai.com/gptbot)"
65.108.125.120 - - [10/Apr/2026:12:37:52 +0000] "GET /?d=/home/rwabteecom/public_html/database/migrations&edit=2022_09_07_094930_run_default_seeder_1.php HTTP/1.1" 200 3152 "-" "Mozilla/5.0 (compatible; MJ12bot/v1.4.8; http://mj12bot.com/)"
74.7.227.36 - - [10/Apr/2026:12:37:53 +0000] "GET /item/6799321 HTTP/1.1" 200 39614 "http://rwabtee.com/item/6297612?d=%2Fhome%2Frwabteecom%2Fpublic_html%2Fpublic&edit=sitemap.xml" "Mozilla/5.0 AppleWebKit/537.36 (KHTML, like Gecko; compatible; GPTBot/1.3; +https://openai.com/gptbot)"
74.7.227.36 - - [10/Apr/2026:12:37:53 +0000] "GET /item/6961328?d=%2Fhome%2Frwabteecom%2Fpublic_html%2Fpublic%2Finstall HTTP/1.1" 200 9824 "http://rwabtee.com/item/6961328" "Mozilla/5.0 AppleWebKit/537.36 (KHTML, like Gecko; compatible; GPTBot/1.3; +https://openai.com/gptbot)"
74.7.227.36 - - [10/Apr/2026:12:37:54 +0000] "GET /item/5592197 HTTP/1.1" 200 39614 "http://rwabtee.com/item/6297612?d=%2Fhome%2Frwabteecom%2Fpublic_html%2Fpublic&edit=sitemap.xml" "Mozilla/5.0 AppleWebKit/537.36 (KHTML, like Gecko; compatible; GPTBot/1.3; +https://openai.com/gptbot)"
65.108.125.120 - - [10/Apr/2026:12:37:54 +0000] "GET /?d=/home/rwabteecom/public_html/database/migrations&edit=2022_09_08_061858_create_email_verifications_table.php HTTP/1.1" 200 3533 "-" "Mozilla/5.0 (compatible; MJ12bot/v1.4.8; http://mj12bot.com/)"
74.7.227.36 - - [10/Apr/2026:12:37:55 +0000] "GET /item/6522809?d=%2Fhome%2Frwabteecom%2Fpublic_html%2Fpublic&edit=OneSignalSDKWorker+%281%29.js HTTP/1.1" 404 - "http://rwabtee.com/item/6522809" "Mozilla/5.0 AppleWebKit/537.36 (KHTML, like Gecko; compatible; GPTBot/1.3; +https://openai.com/gptbot)"
74.7.227.36 - - [10/Apr/2026:12:37:55 +0000] "GET /item/4859874?d=%2Fhome%2Frwabteecom%2Fpublic_html%2Fpublic&edit=mix-manifest.json HTTP/1.1" 200 234558 "http://rwabtee.com/item/4859874" "Mozilla/5.0 AppleWebKit/537.36 (KHTML, like Gecko; compatible; GPTBot/1.3; +https://openai.com/gptbot)"
74.7.227.36 - - [10/Apr/2026:12:37:56 +0000] "GET /item/5623594 HTTP/1.1" 200 39614 "http://rwabtee.com/item/5395255?d=%2Fhome%2Frwabteecom%2Fpublic_html%2Fpublic&edit=sitemap.xml" "Mozilla/5.0 AppleWebKit/537.36 (KHTML, like Gecko; compatible; GPTBot/1.3; +https://openai.com/gptbot)"
65.108.125.120 - - [10/Apr/2026:12:37:56 +0000] "GET /?d=/home/rwabteecom/public_html/database/migrations&edit=2022_09_22_051227_run_default_seeder_2.php HTTP/1.1" 200 2962 "-" "Mozilla/5.0 (compatible; MJ12bot/v1.4.8; http://mj12bot.com/)"
