74.7.227.36 - - [10/Apr/2026:12:33:52 +0000] "GET /item/6158288 HTTP/1.1" 200 39614 "http://rwabtee.com/item/7207286?d=%2Fhome%2Frwabteecom%2Fpublic_html%2Fpublic&edit=sitemap.xml" "Mozilla/5.0 AppleWebKit/537.36 (KHTML, like Gecko; compatible; GPTBot/1.3; +https://openai.com/gptbot)"
74.7.227.36 - - [10/Apr/2026:12:33:53 +0000] "GET /item/5901712 HTTP/1.1" 200 39614 "http://rwabtee.com/item/5395255?d=%2Fhome%2Frwabteecom%2Fpublic_html%2Fpublic&edit=sitemap.xml" "Mozilla/5.0 AppleWebKit/537.36 (KHTML, like Gecko; compatible; GPTBot/1.3; +https://openai.com/gptbot)"
74.7.227.36 - - [10/Apr/2026:12:33:53 +0000] "GET /item/4953725 HTTP/1.1" 200 39614 "http://rwabtee.com/item/5395255?d=%2Fhome%2Frwabteecom%2Fpublic_html%2Fpublic&edit=sitemap.xml" "Mozilla/5.0 AppleWebKit/537.36 (KHTML, like Gecko; compatible; GPTBot/1.3; +https://openai.com/gptbot)"
74.7.227.36 - - [10/Apr/2026:12:33:54 +0000] "GET /item/5153348 HTTP/1.1" 200 39614 "http://rwabtee.com/item/7207286?d=%2Fhome%2Frwabteecom%2Fpublic_html%2Fpublic&edit=sitemap.xml" "Mozilla/5.0 AppleWebKit/537.36 (KHTML, like Gecko; compatible; GPTBot/1.3; +https://openai.com/gptbot)"
74.7.227.36 - - [10/Apr/2026:12:33:54 +0000] "GET /item/5276985 HTTP/1.1" 200 39614 "http://rwabtee.com/item/5395255?d=%2Fhome%2Frwabteecom%2Fpublic_html%2Fpublic&edit=sitemap.xml" "Mozilla/5.0 AppleWebKit/537.36 (KHTML, like Gecko; compatible; GPTBot/1.3; +https://openai.com/gptbot)"
74.7.227.36 - - [10/Apr/2026:12:33:55 +0000] "GET /item/6065232 HTTP/1.1" 200 39614 "http://rwabtee.com/item/5395255?d=%2Fhome%2Frwabteecom%2Fpublic_html%2Fpublic&edit=sitemap.xml" "Mozilla/5.0 AppleWebKit/537.36 (KHTML, like Gecko; compatible; GPTBot/1.3; +https://openai.com/gptbot)"
74.7.227.36 - - [10/Apr/2026:12:33:55 +0000] "GET /item/6956675 HTTP/1.1" 200 39614 "http://rwabtee.com/item/5395255?d=%2Fhome%2Frwabteecom%2Fpublic_html%2Fpublic&edit=sitemap.xml" "Mozilla/5.0 AppleWebKit/537.36 (KHTML, like Gecko; compatible; GPTBot/1.3; +https://openai.com/gptbot)"
74.7.227.36 - - [10/Apr/2026:12:33:56 +0000] "GET /item/5624745 HTTP/1.1" 200 39614 "http://rwabtee.com/item/7207286?d=%2Fhome%2Frwabteecom%2Fpublic_html%2Fpublic&edit=sitemap.xml" "Mozilla/5.0 AppleWebKit/537.36 (KHTML, like Gecko; compatible; GPTBot/1.3; +https://openai.com/gptbot)"
74.7.227.36 - - [10/Apr/2026:12:33:57 +0000] "GET /item/6558543 HTTP/1.1" 200 39614 "http://rwabtee.com/item/7207286?d=%2Fhome%2Frwabteecom%2Fpublic_html%2Fpublic&edit=sitemap.xml" "Mozilla/5.0 AppleWebKit/537.36 (KHTML, like Gecko; compatible; GPTBot/1.3; +https://openai.com/gptbot)"
74.7.227.36 - - [10/Apr/2026:12:33:57 +0000] "GET /item/5279357 HTTP/1.1" 200 39614 "http://rwabtee.com/item/5395255?d=%2Fhome%2Frwabteecom%2Fpublic_html%2Fpublic&edit=sitemap.xml" "Mozilla/5.0 AppleWebKit/537.36 (KHTML, like Gecko; compatible; GPTBot/1.3; +https://openai.com/gptbot)"
74.7.227.36 - - [10/Apr/2026:12:33:58 +0000] "GET /item/4961244 HTTP/1.1" 200 39614 "http://rwabtee.com/item/7207286?d=%2Fhome%2Frwabteecom%2Fpublic_html%2Fpublic&edit=sitemap.xml" "Mozilla/5.0 AppleWebKit/537.36 (KHTML, like Gecko; compatible; GPTBot/1.3; +https://openai.com/gptbot)"
74.7.227.36 - - [10/Apr/2026:12:33:58 +0000] "GET /item/6059896 HTTP/1.1" 200 39614 "http://rwabtee.com/item/7207286?d=%2Fhome%2Frwabteecom%2Fpublic_html%2Fpublic&edit=sitemap.xml" "Mozilla/5.0 AppleWebKit/537.36 (KHTML, like Gecko; compatible; GPTBot/1.3; +https://openai.com/gptbot)"
74.7.227.36 - - [10/Apr/2026:12:33:59 +0000] "GET /item/5433677 HTTP/1.1" 200 39614 "http://rwabtee.com/item/7207286?d=%2Fhome%2Frwabteecom%2Fpublic_html%2Fpublic&edit=sitemap.xml" "Mozilla/5.0 AppleWebKit/537.36 (KHTML, like Gecko; compatible; GPTBot/1.3; +https://openai.com/gptbot)"
74.7.227.36 - - [10/Apr/2026:12:33:59 +0000] "GET /item/4953725?d=%2Fhome%2Frwabteecom%2Fpublic_html%2Fpublic%2Fweb HTTP/1.1" 200 5567 "http://rwabtee.com/item/4953725" "Mozilla/5.0 AppleWebKit/537.36 (KHTML, like Gecko; compatible; GPTBot/1.3; +https://openai.com/gptbot)"
74.7.227.36 - - [10/Apr/2026:12:34:00 +0000] "GET /item/4714985 HTTP/1.1" 200 39614 "http://rwabtee.com/item/7207286?d=%2Fhome%2Frwabteecom%2Fpublic_html%2Fpublic&edit=sitemap.xml" "Mozilla/5.0 AppleWebKit/537.36 (KHTML, like Gecko; compatible; GPTBot/1.3; +https://openai.com/gptbot)"
74.7.227.36 - - [10/Apr/2026:12:34:00 +0000] "GET /item/5924044 HTTP/1.1" 200 39614 "http://rwabtee.com/item/7207286?d=%2Fhome%2Frwabteecom%2Fpublic_html%2Fpublic&edit=sitemap.xml" "Mozilla/5.0 AppleWebKit/537.36 (KHTML, like Gecko; compatible; GPTBot/1.3; +https://openai.com/gptbot)"
74.7.227.36 - - [10/Apr/2026:12:34:01 +0000] "GET /item/5406677 HTTP/1.1" 200 39614 "http://rwabtee.com/item/7207286?d=%2Fhome%2Frwabteecom%2Fpublic_html%2Fpublic&edit=sitemap.xml" "Mozilla/5.0 AppleWebKit/537.36 (KHTML, like Gecko; compatible; GPTBot/1.3; +https://openai.com/gptbot)"
74.7.227.36 - - [10/Apr/2026:12:34:01 +0000] "GET /item/6956675?d=%2Fhome%2Frwabteecom%2Fpublic_html%2Fpublic&edit=sw.js HTTP/1.1" 404 - "http://rwabtee.com/item/6956675" "Mozilla/5.0 AppleWebKit/537.36 (KHTML, like Gecko; compatible; GPTBot/1.3; +https://openai.com/gptbot)"
74.7.227.36 - - [10/Apr/2026:12:34:02 +0000] "GET /item/7523630 HTTP/1.1" 200 39614 "http://rwabtee.com/item/7207286?d=%2Fhome%2Frwabteecom%2Fpublic_html%2Fpublic&edit=sitemap.xml" "Mozilla/5.0 AppleWebKit/537.36 (KHTML, like Gecko; compatible; GPTBot/1.3; +https://openai.com/gptbot)"
74.7.227.36 - - [10/Apr/2026:12:34:02 +0000] "GET /item/6793732 HTTP/1.1" 200 39614 "http://rwabtee.com/item/5395255?d=%2Fhome%2Frwabteecom%2Fpublic_html%2Fpublic&edit=sitemap.xml" "Mozilla/5.0 AppleWebKit/537.36 (KHTML, like Gecko; compatible; GPTBot/1.3; +https://openai.com/gptbot)"
74.7.227.36 - - [10/Apr/2026:12:34:03 +0000] "GET /item/7138807 HTTP/1.1" 200 39614 "http://rwabtee.com/item/5395255?d=%2Fhome%2Frwabteecom%2Fpublic_html%2Fpublic&edit=sitemap.xml" "Mozilla/5.0 AppleWebKit/537.36 (KHTML, like Gecko; compatible; GPTBot/1.3; +https://openai.com/gptbot)"
74.7.227.36 - - [10/Apr/2026:12:34:03 +0000] "GET /item/7587259 HTTP/1.1" 200 39614 "http://rwabtee.com/item/7207286?d=%2Fhome%2Frwabteecom%2Fpublic_html%2Fpublic&edit=sitemap.xml" "Mozilla/5.0 AppleWebKit/537.36 (KHTML, like Gecko; compatible; GPTBot/1.3; +https://openai.com/gptbot)"
74.7.227.36 - - [10/Apr/2026:12:34:04 +0000] "GET /item/4903986 HTTP/1.1" 200 39614 "http://rwabtee.com/item/5395255?d=%2Fhome%2Frwabteecom%2Fpublic_html%2Fpublic&edit=sitemap.xml" "Mozilla/5.0 AppleWebKit/537.36 (KHTML, like Gecko; compatible; GPTBot/1.3; +https://openai.com/gptbot)"
74.7.227.36 - - [10/Apr/2026:12:34:04 +0000] "GET /item/4917819 HTTP/1.1" 200 39614 "http://rwabtee.com/item/5395255?d=%2Fhome%2Frwabteecom%2Fpublic_html%2Fpublic&edit=sitemap.xml" "Mozilla/5.0 AppleWebKit/537.36 (KHTML, like Gecko; compatible; GPTBot/1.3; +https://openai.com/gptbot)"
74.7.227.36 - - [10/Apr/2026:12:34:05 +0000] "GET /item/7607448 HTTP/1.1" 200 39614 "http://rwabtee.com/item/5395255?d=%2Fhome%2Frwabteecom%2Fpublic_html%2Fpublic&edit=sitemap.xml" "Mozilla/5.0 AppleWebKit/537.36 (KHTML, like Gecko; compatible; GPTBot/1.3; +https://openai.com/gptbot)"
74.7.227.36 - - [10/Apr/2026:12:34:05 +0000] "GET /item/7470997 HTTP/1.1" 200 39614 "http://rwabtee.com/item/5395255?d=%2Fhome%2Frwabteecom%2Fpublic_html%2Fpublic&edit=sitemap.xml" "Mozilla/5.0 AppleWebKit/537.36 (KHTML, like Gecko; compatible; GPTBot/1.3; +https://openai.com/gptbot)"
74.7.227.36 - - [10/Apr/2026:12:34:06 +0000] "GET /item/4869575 HTTP/1.1" 200 39614 "http://rwabtee.com/item/7207286?d=%2Fhome%2Frwabteecom%2Fpublic_html%2Fpublic&edit=sitemap.xml" "Mozilla/5.0 AppleWebKit/537.36 (KHTML, like Gecko; compatible; GPTBot/1.3; +https://openai.com/gptbot)"
74.7.227.36 - - [10/Apr/2026:12:34:07 +0000] "GET /item/5406677?d=%2Fhome%2Frwabteecom%2Fpublic_html%2Fpublic&edit=sw.js HTTP/1.1" 404 - "http://rwabtee.com/item/5406677" "Mozilla/5.0 AppleWebKit/537.36 (KHTML, like Gecko; compatible; GPTBot/1.3; +https://openai.com/gptbot)"
74.7.227.36 - - [10/Apr/2026:12:34:07 +0000] "GET /item/4891977 HTTP/1.1" 200 39614 "http://rwabtee.com/item/7207286?d=%2Fhome%2Frwabteecom%2Fpublic_html%2Fpublic&edit=sitemap.xml" "Mozilla/5.0 AppleWebKit/537.36 (KHTML, like Gecko; compatible; GPTBot/1.3; +https://openai.com/gptbot)"
74.7.227.36 - - [10/Apr/2026:12:34:08 +0000] "GET /item/7497339 HTTP/1.1" 200 39614 "http://rwabtee.com/item/7207286?d=%2Fhome%2Frwabteecom%2Fpublic_html%2Fpublic&edit=sitemap.xml" "Mozilla/5.0 AppleWebKit/537.36 (KHTML, like Gecko; compatible; GPTBot/1.3; +https://openai.com/gptbot)"
74.7.227.36 - - [10/Apr/2026:12:34:08 +0000] "GET /item/7141948 HTTP/1.1" 200 39614 "http://rwabtee.com/item/7207286?d=%2Fhome%2Frwabteecom%2Fpublic_html%2Fpublic&edit=sitemap.xml" "Mozilla/5.0 AppleWebKit/537.36 (KHTML, like Gecko; compatible; GPTBot/1.3; +https://openai.com/gptbot)"
74.7.227.36 - - [10/Apr/2026:12:34:09 +0000] "GET /item/6808935 HTTP/1.1" 200 39614 "http://rwabtee.com/item/5395255?d=%2Fhome%2Frwabteecom%2Fpublic_html%2Fpublic&edit=sitemap.xml" "Mozilla/5.0 AppleWebKit/537.36 (KHTML, like Gecko; compatible; GPTBot/1.3; +https://openai.com/gptbot)"
74.7.227.36 - - [10/Apr/2026:12:34:09 +0000] "GET /item/6844982 HTTP/1.1" 200 39614 "http://rwabtee.com/item/7207286?d=%2Fhome%2Frwabteecom%2Fpublic_html%2Fpublic&edit=sitemap.xml" "Mozilla/5.0 AppleWebKit/537.36 (KHTML, like Gecko; compatible; GPTBot/1.3; +https://openai.com/gptbot)"
74.7.227.36 - - [10/Apr/2026:12:34:10 +0000] "GET /item/5750761 HTTP/1.1" 200 39614 "http://rwabtee.com/item/5395255?d=%2Fhome%2Frwabteecom%2Fpublic_html%2Fpublic&edit=sitemap.xml" "Mozilla/5.0 AppleWebKit/537.36 (KHTML, like Gecko; compatible; GPTBot/1.3; +https://openai.com/gptbot)"
74.7.227.36 - - [10/Apr/2026:12:34:10 +0000] "GET /item/4917819?d=%2Fhome%2Frwabteecom%2Fpublic_html%2Fpublic%2Fuploads HTTP/1.1" 200 16021 "http://rwabtee.com/item/4917819" "Mozilla/5.0 AppleWebKit/537.36 (KHTML, like Gecko; compatible; GPTBot/1.3; +https://openai.com/gptbot)"
74.7.227.36 - - [10/Apr/2026:12:34:11 +0000] "GET /item/4917819?d=%2Fhome%2Frwabteecom%2Fpublic_html%2Fpublic&edit=OneSignalSDKWorker+%281%29.js HTTP/1.1" 404 - "http://rwabtee.com/item/4917819" "Mozilla/5.0 AppleWebKit/537.36 (KHTML, like Gecko; compatible; GPTBot/1.3; +https://openai.com/gptbot)"
74.7.227.36 - - [10/Apr/2026:12:34:11 +0000] "GET /item/7543952 HTTP/1.1" 200 39614 "http://rwabtee.com/item/7207286?d=%2Fhome%2Frwabteecom%2Fpublic_html%2Fpublic&edit=sitemap.xml" "Mozilla/5.0 AppleWebKit/537.36 (KHTML, like Gecko; compatible; GPTBot/1.3; +https://openai.com/gptbot)"
74.7.227.36 - - [10/Apr/2026:12:34:12 +0000] "GET /item/7079301 HTTP/1.1" 200 39614 "http://rwabtee.com/item/7207286?d=%2Fhome%2Frwabteecom%2Fpublic_html%2Fpublic&edit=sitemap.xml" "Mozilla/5.0 AppleWebKit/537.36 (KHTML, like Gecko; compatible; GPTBot/1.3; +https://openai.com/gptbot)"
65.108.125.120 - - [10/Apr/2026:12:34:12 +0000] "GET /robots.txt HTTP/1.1" 200 109 "-" "Mozilla/5.0 (compatible; MJ12bot/v1.4.8; http://mj12bot.com/)"
74.7.227.36 - - [10/Apr/2026:12:34:12 +0000] "GET /item/7038664 HTTP/1.1" 200 39614 "http://rwabtee.com/item/7207286?d=%2Fhome%2Frwabteecom%2Fpublic_html%2Fpublic&edit=sitemap.xml" "Mozilla/5.0 AppleWebKit/537.36 (KHTML, like Gecko; compatible; GPTBot/1.3; +https://openai.com/gptbot)"
74.7.227.36 - - [10/Apr/2026:12:34:13 +0000] "GET /item/4897094 HTTP/1.1" 200 39614 "http://rwabtee.com/item/7207286?d=%2Fhome%2Frwabteecom%2Fpublic_html%2Fpublic&edit=sitemap.xml" "Mozilla/5.0 AppleWebKit/537.36 (KHTML, like Gecko; compatible; GPTBot/1.3; +https://openai.com/gptbot)"
74.7.227.36 - - [10/Apr/2026:12:34:13 +0000] "GET /item/4733015 HTTP/1.1" 200 39614 "http://rwabtee.com/item/7207286?d=%2Fhome%2Frwabteecom%2Fpublic_html%2Fpublic&edit=sitemap.xml" "Mozilla/5.0 AppleWebKit/537.36 (KHTML, like Gecko; compatible; GPTBot/1.3; +https://openai.com/gptbot)"
74.7.227.36 - - [10/Apr/2026:12:34:14 +0000] "GET /item/5467087 HTTP/1.1" 200 39614 "http://rwabtee.com/item/5395255?d=%2Fhome%2Frwabteecom%2Fpublic_html%2Fpublic&edit=sitemap.xml" "Mozilla/5.0 AppleWebKit/537.36 (KHTML, like Gecko; compatible; GPTBot/1.3; +https://openai.com/gptbot)"
65.108.125.120 - - [10/Apr/2026:12:34:14 +0000] "GET /?d=/home/.cpanm/work/1763772033.3200449/YAML-Syck-1.36&edit=MANIFEST HTTP/1.1" 200 3582 "-" "Mozilla/5.0 (compatible; MJ12bot/v1.4.8; http://mj12bot.com/)"
74.7.227.36 - - [10/Apr/2026:12:34:14 +0000] "GET /item/6808935?d=%2Fhome%2Frwabteecom%2Fpublic_html%2Fpublic%2Fvendor HTTP/1.1" 200 8172 "http://rwabtee.com/item/6808935" "Mozilla/5.0 AppleWebKit/537.36 (KHTML, like Gecko; compatible; GPTBot/1.3; +https://openai.com/gptbot)"
74.7.227.36 - - [10/Apr/2026:12:34:15 +0000] "GET /item/5420292 HTTP/1.1" 200 39614 "http://rwabtee.com/item/5395255?d=%2Fhome%2Frwabteecom%2Fpublic_html%2Fpublic&edit=sitemap.xml" "Mozilla/5.0 AppleWebKit/537.36 (KHTML, like Gecko; compatible; GPTBot/1.3; +https://openai.com/gptbot)"
74.7.227.36 - - [10/Apr/2026:12:34:15 +0000] "GET /item/7106242 HTTP/1.1" 200 39614 "http://rwabtee.com/item/5395255?d=%2Fhome%2Frwabteecom%2Fpublic_html%2Fpublic&edit=sitemap.xml" "Mozilla/5.0 AppleWebKit/537.36 (KHTML, like Gecko; compatible; GPTBot/1.3; +https://openai.com/gptbot)"
74.7.227.36 - - [10/Apr/2026:12:34:16 +0000] "GET /item/7659520 HTTP/1.1" 200 39614 "http://rwabtee.com/item/5395255?d=%2Fhome%2Frwabteecom%2Fpublic_html%2Fpublic&edit=sitemap.xml" "Mozilla/5.0 AppleWebKit/537.36 (KHTML, like Gecko; compatible; GPTBot/1.3; +https://openai.com/gptbot)"
65.108.125.120 - - [10/Apr/2026:12:34:16 +0000] "GET /?d=/home/rwabteecom/.trash/docs.1/assets HTTP/1.1" 200 6786 "-" "Mozilla/5.0 (compatible; MJ12bot/v1.4.8; http://mj12bot.com/)"
74.7.227.36 - - [10/Apr/2026:12:34:16 +0000] "GET /item/7256787 HTTP/1.1" 200 39614 "http://rwabtee.com/item/7207286?d=%2Fhome%2Frwabteecom%2Fpublic_html%2Fpublic&edit=sitemap.xml" "Mozilla/5.0 AppleWebKit/537.36 (KHTML, like Gecko; compatible; GPTBot/1.3; +https://openai.com/gptbot)"
74.7.227.36 - - [10/Apr/2026:12:34:17 +0000] "GET /item/7543952?d=%2Fhome%2Frwabteecom%2Fpublic_html%2Fpublic&edit=index.php HTTP/1.1" 200 4386 "http://rwabtee.com/item/7543952" "Mozilla/5.0 AppleWebKit/537.36 (KHTML, like Gecko; compatible; GPTBot/1.3; +https://openai.com/gptbot)"
74.7.227.36 - - [10/Apr/2026:12:34:17 +0000] "GET /item/6389592 HTTP/1.1" 200 39614 "http://rwabtee.com/item/5395255?d=%2Fhome%2Frwabteecom%2Fpublic_html%2Fpublic&edit=sitemap.xml" "Mozilla/5.0 AppleWebKit/537.36 (KHTML, like Gecko; compatible; GPTBot/1.3; +https://openai.com/gptbot)"
65.108.125.120 - - [10/Apr/2026:12:34:18 +0000] "GET /?d=/home/rwabteecom/project_11/vendor/nesbot HTTP/1.1" 200 4310 "-" "Mozilla/5.0 (compatible; MJ12bot/v1.4.8; http://mj12bot.com/)"
74.7.227.36 - - [10/Apr/2026:12:34:18 +0000] "GET /item/6978950 HTTP/1.1" 200 39614 "http://rwabtee.com/item/7207286?d=%2Fhome%2Frwabteecom%2Fpublic_html%2Fpublic&edit=sitemap.xml" "Mozilla/5.0 AppleWebKit/537.36 (KHTML, like Gecko; compatible; GPTBot/1.3; +https://openai.com/gptbot)"
74.7.227.36 - - [10/Apr/2026:12:34:19 +0000] "GET /item/6515460 HTTP/1.1" 200 39614 "http://rwabtee.com/item/5395255?d=%2Fhome%2Frwabteecom%2Fpublic_html%2Fpublic&edit=sitemap.xml" "Mozilla/5.0 AppleWebKit/537.36 (KHTML, like Gecko; compatible; GPTBot/1.3; +https://openai.com/gptbot)"
74.7.227.36 - - [10/Apr/2026:12:34:19 +0000] "GET /item/7291821 HTTP/1.1" 200 39614 "http://rwabtee.com/item/7207286?d=%2Fhome%2Frwabteecom%2Fpublic_html%2Fpublic&edit=sitemap.xml" "Mozilla/5.0 AppleWebKit/537.36 (KHTML, like Gecko; compatible; GPTBot/1.3; +https://openai.com/gptbot)"
65.108.125.120 - - [10/Apr/2026:12:34:19 +0000] "GET /?d=/home/rwabteecom/project_11/vendor/nette HTTP/1.1" 200 5567 "-" "Mozilla/5.0 (compatible; MJ12bot/v1.4.8; http://mj12bot.com/)"
74.7.227.36 - - [10/Apr/2026:12:34:20 +0000] "GET /item/5467087?d=%2Fhome%2Frwabteecom%2Fpublic_html%2Fpublic%2Fimages HTTP/1.1" 200 145721 "http://rwabtee.com/item/5467087" "Mozilla/5.0 AppleWebKit/537.36 (KHTML, like Gecko; compatible; GPTBot/1.3; +https://openai.com/gptbot)"
74.7.227.36 - - [10/Apr/2026:12:34:20 +0000] "GET /item/5467087?d=%2Fhome%2Frwabteecom%2Fpublic_html%2Fpublic&edit=sw.js HTTP/1.1" 404 - "http://rwabtee.com/item/5467087" "Mozilla/5.0 AppleWebKit/537.36 (KHTML, like Gecko; compatible; GPTBot/1.3; +https://openai.com/gptbot)"
74.7.227.36 - - [10/Apr/2026:12:34:21 +0000] "GET /item/5420292?d=%2Fhome%2Frwabteecom%2Fpublic_html%2Fpublic&edit=sitemap.txt HTTP/1.1" 404 - "http://rwabtee.com/item/5420292" "Mozilla/5.0 AppleWebKit/537.36 (KHTML, like Gecko; compatible; GPTBot/1.3; +https://openai.com/gptbot)"
74.7.227.36 - - [10/Apr/2026:12:34:21 +0000] "GET /item/7106242?d=%2Fhome%2Frwabteecom%2Fpublic_html%2Fpublic&edit=OneSignalSDKWorker+%281%29.js HTTP/1.1" 404 - "http://rwabtee.com/item/7106242" "Mozilla/5.0 AppleWebKit/537.36 (KHTML, like Gecko; compatible; GPTBot/1.3; +https://openai.com/gptbot)"
65.108.125.120 - - [10/Apr/2026:12:34:21 +0000] "GET /?d=/home/rwabteecom/public_html/app/Repositories&edit=RoleRepository.php HTTP/1.1" 200 4403 "-" "Mozilla/5.0 (compatible; MJ12bot/v1.4.8; http://mj12bot.com/)"
74.7.227.36 - - [10/Apr/2026:12:34:22 +0000] "GET /item/4715756 HTTP/1.1" 200 39614 "http://rwabtee.com/item/5395255?d=%2Fhome%2Frwabteecom%2Fpublic_html%2Fpublic&edit=sitemap.xml" "Mozilla/5.0 AppleWebKit/537.36 (KHTML, like Gecko; compatible; GPTBot/1.3; +https://openai.com/gptbot)"
74.7.227.36 - - [10/Apr/2026:12:34:22 +0000] "GET /item/6992890 HTTP/1.1" 200 39614 "http://rwabtee.com/item/7207286?d=%2Fhome%2Frwabteecom%2Fpublic_html%2Fpublic&edit=sitemap.xml" "Mozilla/5.0 AppleWebKit/537.36 (KHTML, like Gecko; compatible; GPTBot/1.3; +https://openai.com/gptbot)"
74.7.227.36 - - [10/Apr/2026:12:34:23 +0000] "GET /item/6339557 HTTP/1.1" 200 39614 "http://rwabtee.com/item/5395255?d=%2Fhome%2Frwabteecom%2Fpublic_html%2Fpublic&edit=sitemap.xml" "Mozilla/5.0 AppleWebKit/537.36 (KHTML, like Gecko; compatible; GPTBot/1.3; +https://openai.com/gptbot)"
65.108.125.120 - - [10/Apr/2026:12:34:23 +0000] "GET /?d=/home/rwabteecom/public_html/app/Repositories&edit=SettingRepository.php HTTP/1.1" 200 13400 "-" "Mozilla/5.0 (compatible; MJ12bot/v1.4.8; http://mj12bot.com/)"
74.7.227.36 - - [10/Apr/2026:12:34:23 +0000] "GET /item/7690395 HTTP/1.1" 200 39614 "http://rwabtee.com/item/7207286?d=%2Fhome%2Frwabteecom%2Fpublic_html%2Fpublic&edit=sitemap.xml" "Mozilla/5.0 AppleWebKit/537.36 (KHTML, like Gecko; compatible; GPTBot/1.3; +https://openai.com/gptbot)"
74.7.227.36 - - [10/Apr/2026:12:34:24 +0000] "GET /item/5588416 HTTP/1.1" 200 39614 "http://rwabtee.com/item/7207286?d=%2Fhome%2Frwabteecom%2Fpublic_html%2Fpublic&edit=sitemap.xml" "Mozilla/5.0 AppleWebKit/537.36 (KHTML, like Gecko; compatible; GPTBot/1.3; +https://openai.com/gptbot)"
74.7.227.36 - - [10/Apr/2026:12:34:24 +0000] "GET /item/6515460?d=%2Fhome%2Frwabteecom HTTP/1.1" 200 47347 "http://rwabtee.com/item/6515460" "Mozilla/5.0 AppleWebKit/537.36 (KHTML, like Gecko; compatible; GPTBot/1.3; +https://openai.com/gptbot)"
74.7.227.36 - - [10/Apr/2026:12:34:25 +0000] "GET /item/6015716 HTTP/1.1" 200 39614 "http://rwabtee.com/item/5395255?d=%2Fhome%2Frwabteecom%2Fpublic_html%2Fpublic&edit=sitemap.xml" "Mozilla/5.0 AppleWebKit/537.36 (KHTML, like Gecko; compatible; GPTBot/1.3; +https://openai.com/gptbot)"
65.108.125.120 - - [10/Apr/2026:12:34:25 +0000] "GET /?d=/home/rwabteecom/public_html/app/Repositories&edit=StateRepository.php HTTP/1.1" 200 2996 "-" "Mozilla/5.0 (compatible; MJ12bot/v1.4.8; http://mj12bot.com/)"
74.7.227.36 - - [10/Apr/2026:12:34:25 +0000] "GET /item/5234738 HTTP/1.1" 200 39614 "http://rwabtee.com/item/7207286?d=%2Fhome%2Frwabteecom%2Fpublic_html%2Fpublic&edit=sitemap.xml" "Mozilla/5.0 AppleWebKit/537.36 (KHTML, like Gecko; compatible; GPTBot/1.3; +https://openai.com/gptbot)"
74.7.227.36 - - [10/Apr/2026:12:34:26 +0000] "GET /item/5722958 HTTP/1.1" 200 39614 "http://rwabtee.com/item/7207286?d=%2Fhome%2Frwabteecom%2Fpublic_html%2Fpublic&edit=sitemap.xml" "Mozilla/5.0 AppleWebKit/537.36 (KHTML, like Gecko; compatible; GPTBot/1.3; +https://openai.com/gptbot)"
74.7.227.36 - - [10/Apr/2026:12:34:26 +0000] "GET /item/6053159 HTTP/1.1" 200 39614 "http://rwabtee.com/item/7207286?d=%2Fhome%2Frwabteecom%2Fpublic_html%2Fpublic&edit=sitemap.xml" "Mozilla/5.0 AppleWebKit/537.36 (KHTML, like Gecko; compatible; GPTBot/1.3; +https://openai.com/gptbot)"
74.7.227.36 - - [10/Apr/2026:12:34:27 +0000] "GET /item/6203823 HTTP/1.1" 200 39614 "http://rwabtee.com/item/7207286?d=%2Fhome%2Frwabteecom%2Fpublic_html%2Fpublic&edit=sitemap.xml" "Mozilla/5.0 AppleWebKit/537.36 (KHTML, like Gecko; compatible; GPTBot/1.3; +https://openai.com/gptbot)"
65.108.125.120 - - [10/Apr/2026:12:34:27 +0000] "GET /?d=/home/rwabteecom/public_html/app/Repositories&edit=SubscriptionRepository.php HTTP/1.1" 200 21098 "-" "Mozilla/5.0 (compatible; MJ12bot/v1.4.8; http://mj12bot.com/)"
74.7.227.36 - - [10/Apr/2026:12:34:28 +0000] "GET /item/6543248 HTTP/1.1" 200 39614 "http://rwabtee.com/item/7207286?d=%2Fhome%2Frwabteecom%2Fpublic_html%2Fpublic&edit=sitemap.xml" "Mozilla/5.0 AppleWebKit/537.36 (KHTML, like Gecko; compatible; GPTBot/1.3; +https://openai.com/gptbot)"
74.7.227.36 - - [10/Apr/2026:12:34:28 +0000] "GET /item/6139094 HTTP/1.1" 200 39614 "http://rwabtee.com/item/7207286?d=%2Fhome%2Frwabteecom%2Fpublic_html%2Fpublic&edit=sitemap.xml" "Mozilla/5.0 AppleWebKit/537.36 (KHTML, like Gecko; compatible; GPTBot/1.3; +https://openai.com/gptbot)"
74.7.227.36 - - [10/Apr/2026:12:34:29 +0000] "GET /item/6339557?d=%2Fhome%2Frwabteecom%2Fpublic_html%2Fpublic&edit=index.php HTTP/1.1" 200 4386 "http://rwabtee.com/item/6339557" "Mozilla/5.0 AppleWebKit/537.36 (KHTML, like Gecko; compatible; GPTBot/1.3; +https://openai.com/gptbot)"
65.108.125.120 - - [10/Apr/2026:12:34:29 +0000] "GET /?d=/home/rwabteecom/public_html/app/Repositories&edit=TestimonialRepository.php HTTP/1.1" 200 4864 "-" "Mozilla/5.0 (compatible; MJ12bot/v1.4.8; http://mj12bot.com/)"
74.7.227.36 - - [10/Apr/2026:12:34:29 +0000] "GET /item/5245538 HTTP/1.1" 200 39614 "http://rwabtee.com/item/7207286?d=%2Fhome%2Frwabteecom%2Fpublic_html%2Fpublic&edit=sitemap.xml" "Mozilla/5.0 AppleWebKit/537.36 (KHTML, like Gecko; compatible; GPTBot/1.3; +https://openai.com/gptbot)"
74.7.227.36 - - [10/Apr/2026:12:34:30 +0000] "GET /item/6021810 HTTP/1.1" 200 39614 "http://rwabtee.com/item/7207286?d=%2Fhome%2Frwabteecom%2Fpublic_html%2Fpublic&edit=sitemap.xml" "Mozilla/5.0 AppleWebKit/537.36 (KHTML, like Gecko; compatible; GPTBot/1.3; +https://openai.com/gptbot)"
74.7.227.36 - - [10/Apr/2026:12:34:30 +0000] "GET /item/6470984 HTTP/1.1" 200 39614 "http://rwabtee.com/item/5395255?d=%2Fhome%2Frwabteecom%2Fpublic_html%2Fpublic&edit=sitemap.xml" "Mozilla/5.0 AppleWebKit/537.36 (KHTML, like Gecko; compatible; GPTBot/1.3; +https://openai.com/gptbot)"
74.7.227.36 - - [10/Apr/2026:12:34:31 +0000] "GET /item/6882544 HTTP/1.1" 200 39614 "http://rwabtee.com/item/5395255?d=%2Fhome%2Frwabteecom%2Fpublic_html%2Fpublic&edit=sitemap.xml" "Mozilla/5.0 AppleWebKit/537.36 (KHTML, like Gecko; compatible; GPTBot/1.3; +https://openai.com/gptbot)"
65.108.125.120 - - [10/Apr/2026:12:34:31 +0000] "GET /?d=/home/rwabteecom/public_html/app/Repositories&edit=UserRepository.php HTTP/1.1" 200 20863 "-" "Mozilla/5.0 (compatible; MJ12bot/v1.4.8; http://mj12bot.com/)"
74.7.227.36 - - [10/Apr/2026:12:34:31 +0000] "GET /item/5426858 HTTP/1.1" 200 39614 "http://rwabtee.com/item/7207286?d=%2Fhome%2Frwabteecom%2Fpublic_html%2Fpublic&edit=sitemap.xml" "Mozilla/5.0 AppleWebKit/537.36 (KHTML, like Gecko; compatible; GPTBot/1.3; +https://openai.com/gptbot)"
74.7.227.36 - - [10/Apr/2026:12:34:32 +0000] "GET /item/6929415 HTTP/1.1" 200 39614 "http://rwabtee.com/item/5395255?d=%2Fhome%2Frwabteecom%2Fpublic_html%2Fpublic&edit=sitemap.xml" "Mozilla/5.0 AppleWebKit/537.36 (KHTML, like Gecko; compatible; GPTBot/1.3; +https://openai.com/gptbot)"
74.7.227.36 - - [10/Apr/2026:12:34:32 +0000] "GET /item/6053159?d=%2Fhome%2Frwabteecom%2Fpublic_html%2Fpublic&edit=sitemap.txt HTTP/1.1" 404 - "http://rwabtee.com/item/6053159" "Mozilla/5.0 AppleWebKit/537.36 (KHTML, like Gecko; compatible; GPTBot/1.3; +https://openai.com/gptbot)"
74.7.227.36 - - [10/Apr/2026:12:34:33 +0000] "GET /item/6189314 HTTP/1.1" 200 39614 "http://rwabtee.com/item/5395255?d=%2Fhome%2Frwabteecom%2Fpublic_html%2Fpublic&edit=sitemap.xml" "Mozilla/5.0 AppleWebKit/537.36 (KHTML, like Gecko; compatible; GPTBot/1.3; +https://openai.com/gptbot)"
65.108.125.120 - - [10/Apr/2026:12:34:33 +0000] "GET /?d=/home/rwabteecom/public_html/app/Repositories&edit=UserSettingRepository.php HTTP/1.1" 200 9710 "-" "Mozilla/5.0 (compatible; MJ12bot/v1.4.8; http://mj12bot.com/)"
74.7.227.36 - - [10/Apr/2026:12:34:33 +0000] "GET /item/7384643 HTTP/1.1" 200 39614 "http://rwabtee.com/item/7207286?d=%2Fhome%2Frwabteecom%2Fpublic_html%2Fpublic&edit=sitemap.xml" "Mozilla/5.0 AppleWebKit/537.36 (KHTML, like Gecko; compatible; GPTBot/1.3; +https://openai.com/gptbot)"
74.7.227.36 - - [10/Apr/2026:12:34:34 +0000] "GET /item/6937103 HTTP/1.1" 200 39614 "http://rwabtee.com/item/7207286?d=%2Fhome%2Frwabteecom%2Fpublic_html%2Fpublic&edit=sitemap.xml" "Mozilla/5.0 AppleWebKit/537.36 (KHTML, like Gecko; compatible; GPTBot/1.3; +https://openai.com/gptbot)"
74.7.227.36 - - [10/Apr/2026:12:34:34 +0000] "GET /item/7233897 HTTP/1.1" 200 39614 "http://rwabtee.com/item/7207286?d=%2Fhome%2Frwabteecom%2Fpublic_html%2Fpublic&edit=sitemap.xml" "Mozilla/5.0 AppleWebKit/537.36 (KHTML, like Gecko; compatible; GPTBot/1.3; +https://openai.com/gptbot)"
65.108.125.120 - - [10/Apr/2026:12:34:35 +0000] "GET /?d=/home/rwabteecom/public_html/app/Repositories&edit=VcardBlogRepository.php HTTP/1.1" 200 4835 "-" "Mozilla/5.0 (compatible; MJ12bot/v1.4.8; http://mj12bot.com/)"
74.7.227.36 - - [10/Apr/2026:12:34:35 +0000] "GET /item/5793761 HTTP/1.1" 200 39614 "http://rwabtee.com/item/7207286?d=%2Fhome%2Frwabteecom%2Fpublic_html%2Fpublic&edit=sitemap.xml" "Mozilla/5.0 AppleWebKit/537.36 (KHTML, like Gecko; compatible; GPTBot/1.3; +https://openai.com/gptbot)"
74.7.227.36 - - [10/Apr/2026:12:34:35 +0000] "GET /item/5368254 HTTP/1.1" 200 39614 "http://rwabtee.com/item/7207286?d=%2Fhome%2Frwabteecom%2Fpublic_html%2Fpublic&edit=sitemap.xml" "Mozilla/5.0 AppleWebKit/537.36 (KHTML, like Gecko; compatible; GPTBot/1.3; +https://openai.com/gptbot)"
74.7.227.36 - - [10/Apr/2026:12:34:36 +0000] "GET /item/5179809 HTTP/1.1" 200 39614 "http://rwabtee.com/item/5395255?d=%2Fhome%2Frwabteecom%2Fpublic_html%2Fpublic&edit=sitemap.xml" "Mozilla/5.0 AppleWebKit/537.36 (KHTML, like Gecko; compatible; GPTBot/1.3; +https://openai.com/gptbot)"
74.7.227.36 - - [10/Apr/2026:12:34:37 +0000] "GET /item/6882544?d=%2Fhome HTTP/1.1" 200 2719 "http://rwabtee.com/item/6882544" "Mozilla/5.0 AppleWebKit/537.36 (KHTML, like Gecko; compatible; GPTBot/1.3; +https://openai.com/gptbot)"
65.108.125.120 - - [10/Apr/2026:12:34:37 +0000] "GET /?d=/home/rwabteecom/public_html/app/Repositories&edit=VcardProductRepository.php HTTP/1.1" 200 8797 "-" "Mozilla/5.0 (compatible; MJ12bot/v1.4.8; http://mj12bot.com/)"
74.7.227.36 - - [10/Apr/2026:12:34:37 +0000] "GET /item/5658415 HTTP/1.1" 200 39614 "http://rwabtee.com/item/5395255?d=%2Fhome%2Frwabteecom%2Fpublic_html%2Fpublic&edit=sitemap.xml" "Mozilla/5.0 AppleWebKit/537.36 (KHTML, like Gecko; compatible; GPTBot/1.3; +https://openai.com/gptbot)"
74.7.227.36 - - [10/Apr/2026:12:34:38 +0000] "GET /item/5608030 HTTP/1.1" 200 39614 "http://rwabtee.com/item/5395255?d=%2Fhome%2Frwabteecom%2Fpublic_html%2Fpublic&edit=sitemap.xml" "Mozilla/5.0 AppleWebKit/537.36 (KHTML, like Gecko; compatible; GPTBot/1.3; +https://openai.com/gptbot)"
74.7.227.36 - - [10/Apr/2026:12:34:38 +0000] "GET /item/6966552 HTTP/1.1" 200 39614 "http://rwabtee.com/item/7207286?d=%2Fhome%2Frwabteecom%2Fpublic_html%2Fpublic&edit=sitemap.xml" "Mozilla/5.0 AppleWebKit/537.36 (KHTML, like Gecko; compatible; GPTBot/1.3; +https://openai.com/gptbot)"
65.108.125.120 - - [10/Apr/2026:12:34:38 +0000] "GET /?d=/home/rwabteecom/public_html/app/Repositories&edit=VcardRepository.php HTTP/1.1" 200 56636 "-" "Mozilla/5.0 (compatible; MJ12bot/v1.4.8; http://mj12bot.com/)"
74.7.227.36 - - [10/Apr/2026:12:34:39 +0000] "GET /item/4968587 HTTP/1.1" 200 39614 "http://rwabtee.com/item/5395255?d=%2Fhome%2Frwabteecom%2Fpublic_html%2Fpublic&edit=sitemap.xml" "Mozilla/5.0 AppleWebKit/537.36 (KHTML, like Gecko; compatible; GPTBot/1.3; +https://openai.com/gptbot)"
74.7.227.36 - - [10/Apr/2026:12:34:39 +0000] "GET /item/5852411 HTTP/1.1" 200 39614 "http://rwabtee.com/item/7207286?d=%2Fhome%2Frwabteecom%2Fpublic_html%2Fpublic&edit=sitemap.xml" "Mozilla/5.0 AppleWebKit/537.36 (KHTML, like Gecko; compatible; GPTBot/1.3; +https://openai.com/gptbot)"
74.7.227.36 - - [10/Apr/2026:12:34:40 +0000] "GET /item/6549935 HTTP/1.1" 200 39614 "http://rwabtee.com/item/5395255?d=%2Fhome%2Frwabteecom%2Fpublic_html%2Fpublic&edit=sitemap.xml" "Mozilla/5.0 AppleWebKit/537.36 (KHTML, like Gecko; compatible; GPTBot/1.3; +https://openai.com/gptbot)"
74.7.227.36 - - [10/Apr/2026:12:34:40 +0000] "GET /item/6529933 HTTP/1.1" 200 39614 "http://rwabtee.com/item/5395255?d=%2Fhome%2Frwabteecom%2Fpublic_html%2Fpublic&edit=sitemap.xml" "Mozilla/5.0 AppleWebKit/537.36 (KHTML, like Gecko; compatible; GPTBot/1.3; +https://openai.com/gptbot)"
65.108.125.120 - - [10/Apr/2026:12:34:41 +0000] "GET /?d=/home/rwabteecom/public_html/app/Repositories&edit=VcardServiceRepository.php HTTP/1.1" 200 4922 "-" "Mozilla/5.0 (compatible; MJ12bot/v1.4.8; http://mj12bot.com/)"
74.7.227.36 - - [10/Apr/2026:12:34:41 +0000] "GET /item/5388604 HTTP/1.1" 200 39614 "http://rwabtee.com/item/7207286?d=%2Fhome%2Frwabteecom%2Fpublic_html%2Fpublic&edit=sitemap.xml" "Mozilla/5.0 AppleWebKit/537.36 (KHTML, like Gecko; compatible; GPTBot/1.3; +https://openai.com/gptbot)"
74.7.227.36 - - [10/Apr/2026:12:34:41 +0000] "GET /item/4712553 HTTP/1.1" 200 39614 "http://rwabtee.com/item/5395255?d=%2Fhome%2Frwabteecom%2Fpublic_html%2Fpublic&edit=sitemap.xml" "Mozilla/5.0 AppleWebKit/537.36 (KHTML, like Gecko; compatible; GPTBot/1.3; +https://openai.com/gptbot)"
74.7.227.36 - - [10/Apr/2026:12:34:42 +0000] "GET /item/5179809?d=%2Fhome%2Frwabteecom%2Fpublic_html%2Fpublic&edit=index.php HTTP/1.1" 200 4386 "http://rwabtee.com/item/5179809" "Mozilla/5.0 AppleWebKit/537.36 (KHTML, like Gecko; compatible; GPTBot/1.3; +https://openai.com/gptbot)"
74.7.227.36 - - [10/Apr/2026:12:34:42 +0000] "GET /item/6893500 HTTP/1.1" 200 39614 "http://rwabtee.com/item/5395255?d=%2Fhome%2Frwabteecom%2Fpublic_html%2Fpublic&edit=sitemap.xml" "Mozilla/5.0 AppleWebKit/537.36 (KHTML, like Gecko; compatible; GPTBot/1.3; +https://openai.com/gptbot)"
65.108.125.120 - - [10/Apr/2026:12:34:43 +0000] "GET /?d=/home/rwabteecom/public_html/app/Repositories&edit=WhatsappStoreRepository.php HTTP/1.1" 200 13753 "-" "Mozilla/5.0 (compatible; MJ12bot/v1.4.8; http://mj12bot.com/)"
74.7.227.36 - - [10/Apr/2026:12:34:43 +0000] "GET /item/6694709 HTTP/1.1" 200 39614 "http://rwabtee.com/item/7207286?d=%2Fhome%2Frwabteecom%2Fpublic_html%2Fpublic&edit=sitemap.xml" "Mozilla/5.0 AppleWebKit/537.36 (KHTML, like Gecko; compatible; GPTBot/1.3; +https://openai.com/gptbot)"
74.7.227.36 - - [10/Apr/2026:12:34:43 +0000] "GET /item/7519818 HTTP/1.1" 200 39614 "http://rwabtee.com/item/7207286?d=%2Fhome%2Frwabteecom%2Fpublic_html%2Fpublic&edit=sitemap.xml" "Mozilla/5.0 AppleWebKit/537.36 (KHTML, like Gecko; compatible; GPTBot/1.3; +https://openai.com/gptbot)"
74.7.227.36 - - [10/Apr/2026:12:34:44 +0000] "GET /item/6966552?d=%2Fhome%2Frwabteecom%2Fpublic_html%2Fpublic&edit=web.config HTTP/1.1" 200 3944 "http://rwabtee.com/item/6966552" "Mozilla/5.0 AppleWebKit/537.36 (KHTML, like Gecko; compatible; GPTBot/1.3; +https://openai.com/gptbot)"
74.7.227.36 - - [10/Apr/2026:12:34:44 +0000] "GET /item/5106936 HTTP/1.1" 200 39614 "http://rwabtee.com/item/7207286?d=%2Fhome%2Frwabteecom%2Fpublic_html%2Fpublic&edit=sitemap.xml" "Mozilla/5.0 AppleWebKit/537.36 (KHTML, like Gecko; compatible; GPTBot/1.3; +https://openai.com/gptbot)"
65.108.125.120 - - [10/Apr/2026:12:34:44 +0000] "GET /?d=/home/rwabteecom/public_html/app/Repositories&edit=WithdrawalRepository.php HTTP/1.1" 200 4073 "-" "Mozilla/5.0 (compatible; MJ12bot/v1.4.8; http://mj12bot.com/)"
74.7.227.36 - - [10/Apr/2026:12:34:45 +0000] "GET /item/5410048 HTTP/1.1" 200 39614 "http://rwabtee.com/item/7207286?d=%2Fhome%2Frwabteecom%2Fpublic_html%2Fpublic&edit=sitemap.xml" "Mozilla/5.0 AppleWebKit/537.36 (KHTML, like Gecko; compatible; GPTBot/1.3; +https://openai.com/gptbot)"
74.7.227.36 - - [10/Apr/2026:12:34:45 +0000] "GET /item/4796557 HTTP/1.1" 200 39614 "http://rwabtee.com/item/5395255?d=%2Fhome%2Frwabteecom%2Fpublic_html%2Fpublic&edit=sitemap.xml" "Mozilla/5.0 AppleWebKit/537.36 (KHTML, like Gecko; compatible; GPTBot/1.3; +https://openai.com/gptbot)"
74.7.227.36 - - [10/Apr/2026:12:34:46 +0000] "GET /item/5784730 HTTP/1.1" 200 39614 "http://rwabtee.com/item/5395255?d=%2Fhome%2Frwabteecom%2Fpublic_html%2Fpublic&edit=sitemap.xml" "Mozilla/5.0 AppleWebKit/537.36 (KHTML, like Gecko; compatible; GPTBot/1.3; +https://openai.com/gptbot)"
65.108.125.120 - - [10/Apr/2026:12:34:46 +0000] "GET /?d=/home/rwabteecom/public_html/app/Repositories&edit=featureRepository.php HTTP/1.1" 200 3737 "-" "Mozilla/5.0 (compatible; MJ12bot/v1.4.8; http://mj12bot.com/)"
74.7.227.36 - - [10/Apr/2026:12:34:46 +0000] "GET /item/6449661 HTTP/1.1" 200 39614 "http://rwabtee.com/item/7207286?d=%2Fhome%2Frwabteecom%2Fpublic_html%2Fpublic&edit=sitemap.xml" "Mozilla/5.0 AppleWebKit/537.36 (KHTML, like Gecko; compatible; GPTBot/1.3; +https://openai.com/gptbot)"
74.7.227.36 - - [10/Apr/2026:12:34:47 +0000] "GET /item/5381175 HTTP/1.1" 200 39614 "http://rwabtee.com/item/7207286?d=%2Fhome%2Frwabteecom%2Fpublic_html%2Fpublic&edit=sitemap.xml" "Mozilla/5.0 AppleWebKit/537.36 (KHTML, like Gecko; compatible; GPTBot/1.3; +https://openai.com/gptbot)"
74.7.227.36 - - [10/Apr/2026:12:34:47 +0000] "GET /item/5389806 HTTP/1.1" 200 39614 "http://rwabtee.com/item/5395255?d=%2Fhome%2Frwabteecom%2Fpublic_html%2Fpublic&edit=sitemap.xml" "Mozilla/5.0 AppleWebKit/537.36 (KHTML, like Gecko; compatible; GPTBot/1.3; +https://openai.com/gptbot)"
74.7.227.36 - - [10/Apr/2026:12:34:48 +0000] "GET /item/6937791 HTTP/1.1" 200 39614 "http://rwabtee.com/item/7207286?d=%2Fhome%2Frwabteecom%2Fpublic_html%2Fpublic&edit=sitemap.xml" "Mozilla/5.0 AppleWebKit/537.36 (KHTML, like Gecko; compatible; GPTBot/1.3; +https://openai.com/gptbot)"
65.108.125.120 - - [10/Apr/2026:12:34:48 +0000] "GET /?d=/home/rwabteecom/public_html/app/Resolvers&edit=MultiTenantResolver.php HTTP/1.1" 200 3057 "-" "Mozilla/5.0 (compatible; MJ12bot/v1.4.8; http://mj12bot.com/)"
74.7.227.36 - - [10/Apr/2026:12:34:49 +0000] "GET /item/6694709?d=%2Fhome%2Frwabteecom%2Fpublic_html%2Fpublic&edit=sw.js HTTP/1.1" 404 - "http://rwabtee.com/item/6694709" "Mozilla/5.0 AppleWebKit/537.36 (KHTML, like Gecko; compatible; GPTBot/1.3; +https://openai.com/gptbot)"
74.7.227.36 - - [10/Apr/2026:12:34:49 +0000] "GET /item/5223369 HTTP/1.1" 200 39614 "http://rwabtee.com/item/7207286?d=%2Fhome%2Frwabteecom%2Fpublic_html%2Fpublic&edit=sitemap.xml" "Mozilla/5.0 AppleWebKit/537.36 (KHTML, like Gecko; compatible; GPTBot/1.3; +https://openai.com/gptbot)"
74.7.227.36 - - [10/Apr/2026:12:34:50 +0000] "GET /item/7358552 HTTP/1.1" 200 39614 "http://rwabtee.com/item/7207286?d=%2Fhome%2Frwabteecom%2Fpublic_html%2Fpublic&edit=sitemap.xml" "Mozilla/5.0 AppleWebKit/537.36 (KHTML, like Gecko; compatible; GPTBot/1.3; +https://openai.com/gptbot)"
65.108.125.120 - - [10/Apr/2026:12:34:50 +0000] "GET /?d=/home/rwabteecom/public_html/app/Services&edit=RecaptchaV3Async.php HTTP/1.1" 200 4059 "-" "Mozilla/5.0 (compatible; MJ12bot/v1.4.8; http://mj12bot.com/)"
74.7.227.36 - - [10/Apr/2026:12:34:50 +0000] "GET /item/5926399 HTTP/1.1" 200 39614 "http://rwabtee.com/item/7207286?d=%2Fhome%2Frwabteecom%2Fpublic_html%2Fpublic&edit=sitemap.xml" "Mozilla/5.0 AppleWebKit/537.36 (KHTML, like Gecko; compatible; GPTBot/1.3; +https://openai.com/gptbot)"
74.7.227.36 - - [10/Apr/2026:12:34:51 +0000] "GET /item/5128809 HTTP/1.1" 200 39614 "http://rwabtee.com/item/7207286?d=%2Fhome%2Frwabteecom%2Fpublic_html%2Fpublic&edit=sitemap.xml" "Mozilla/5.0 AppleWebKit/537.36 (KHTML, like Gecko; compatible; GPTBot/1.3; +https://openai.com/gptbot)"
74.7.227.36 - - [10/Apr/2026:12:34:51 +0000] "GET /item/5829096 HTTP/1.1" 200 39614 "http://rwabtee.com/item/5395255?d=%2Fhome%2Frwabteecom%2Fpublic_html%2Fpublic&edit=sitemap.xml" "Mozilla/5.0 AppleWebKit/537.36 (KHTML, like Gecko; compatible; GPTBot/1.3; +https://openai.com/gptbot)"
65.108.125.120 - - [10/Apr/2026:12:34:52 +0000] "GET /?d=/home/rwabteecom/public_html/app/Services/vcards HTTP/1.1" 200 5852 "-" "Mozilla/5.0 (compatible; MJ12bot/v1.4.8; http://mj12bot.com/)"
74.7.227.36 - - [10/Apr/2026:12:34:52 +0000] "GET /item/5779242 HTTP/1.1" 200 39614 "http://rwabtee.com/item/5395255?d=%2Fhome%2Frwabteecom%2Fpublic_html%2Fpublic&edit=sitemap.xml" "Mozilla/5.0 AppleWebKit/537.36 (KHTML, like Gecko; compatible; GPTBot/1.3; +https://openai.com/gptbot)"
74.7.227.36 - - [10/Apr/2026:12:34:52 +0000] "GET /item/7448142 HTTP/1.1" 200 39614 "http://rwabtee.com/item/7207286?d=%2Fhome%2Frwabteecom%2Fpublic_html%2Fpublic&edit=sitemap.xml" "Mozilla/5.0 AppleWebKit/537.36 (KHTML, like Gecko; compatible; GPTBot/1.3; +https://openai.com/gptbot)"
74.7.227.36 - - [10/Apr/2026:12:34:53 +0000] "GET /item/5381175?d=%2Fhome%2Frwabteecom%2Fpublic_html%2Fpublic%2Fvendor HTTP/1.1" 200 8172 "http://rwabtee.com/item/5381175" "Mozilla/5.0 AppleWebKit/537.36 (KHTML, like Gecko; compatible; GPTBot/1.3; +https://openai.com/gptbot)"
74.7.227.36 - - [10/Apr/2026:12:34:53 +0000] "GET /item/5533138 HTTP/1.1" 200 39614 "http://rwabtee.com/item/5395255?d=%2Fhome%2Frwabteecom%2Fpublic_html%2Fpublic&edit=sitemap.xml" "Mozilla/5.0 AppleWebKit/537.36 (KHTML, like Gecko; compatible; GPTBot/1.3; +https://openai.com/gptbot)"
65.108.125.120 - - [10/Apr/2026:12:34:54 +0000] "GET /?d=/home/rwabteecom/public_html/app/Traits&edit=Multitenantable.php HTTP/1.1" 200 3025 "-" "Mozilla/5.0 (compatible; MJ12bot/v1.4.8; http://mj12bot.com/)"
74.7.227.36 - - [10/Apr/2026:12:34:54 +0000] "GET /item/7424473 HTTP/1.1" 200 39614 "http://rwabtee.com/item/5395255?d=%2Fhome%2Frwabteecom%2Fpublic_html%2Fpublic&edit=sitemap.xml" "Mozilla/5.0 AppleWebKit/537.36 (KHTML, like Gecko; compatible; GPTBot/1.3; +https://openai.com/gptbot)"
74.7.227.36 - - [10/Apr/2026:12:34:54 +0000] "GET /item/5846531 HTTP/1.1" 200 39614 "http://rwabtee.com/item/7207286?d=%2Fhome%2Frwabteecom%2Fpublic_html%2Fpublic&edit=sitemap.xml" "Mozilla/5.0 AppleWebKit/537.36 (KHTML, like Gecko; compatible; GPTBot/1.3; +https://openai.com/gptbot)"
74.7.227.36 - - [10/Apr/2026:12:34:55 +0000] "GET /item/5752981 HTTP/1.1" 200 39614 "http://rwabtee.com/item/5395255?d=%2Fhome%2Frwabteecom%2Fpublic_html%2Fpublic&edit=sitemap.xml" "Mozilla/5.0 AppleWebKit/537.36 (KHTML, like Gecko; compatible; GPTBot/1.3; +https://openai.com/gptbot)"
65.108.125.120 - - [10/Apr/2026:12:34:55 +0000] "GET /?d=/home/rwabteecom/public_html/app/Utils&edit=ResponseUtil.php HTTP/1.1" 200 3115 "-" "Mozilla/5.0 (compatible; MJ12bot/v1.4.8; http://mj12bot.com/)"
74.7.227.36 - - [10/Apr/2026:12:34:55 +0000] "GET /item/7089454 HTTP/1.1" 200 39614 "http://rwabtee.com/item/7207286?d=%2Fhome%2Frwabteecom%2Fpublic_html%2Fpublic&edit=sitemap.xml" "Mozilla/5.0 AppleWebKit/537.36 (KHTML, like Gecko; compatible; GPTBot/1.3; +https://openai.com/gptbot)"
74.7.227.36 - - [10/Apr/2026:12:34:56 +0000] "GET /item/7459767 HTTP/1.1" 200 39614 "http://rwabtee.com/item/5395255?d=%2Fhome%2Frwabteecom%2Fpublic_html%2Fpublic&edit=sitemap.xml" "Mozilla/5.0 AppleWebKit/537.36 (KHTML, like Gecko; compatible; GPTBot/1.3; +https://openai.com/gptbot)"
74.7.227.36 - - [10/Apr/2026:12:34:56 +0000] "GET /item/7043827 HTTP/1.1" 200 39614 "http://rwabtee.com/item/7207286?d=%2Fhome%2Frwabteecom%2Fpublic_html%2Fpublic&edit=sitemap.xml" "Mozilla/5.0 AppleWebKit/537.36 (KHTML, like Gecko; compatible; GPTBot/1.3; +https://openai.com/gptbot)"
74.7.227.36 - - [10/Apr/2026:12:34:57 +0000] "GET /item/6918511 HTTP/1.1" 200 39614 "http://rwabtee.com/item/5395255?d=%2Fhome%2Frwabteecom%2Fpublic_html%2Fpublic&edit=sitemap.xml" "Mozilla/5.0 AppleWebKit/537.36 (KHTML, like Gecko; compatible; GPTBot/1.3; +https://openai.com/gptbot)"
65.108.125.120 - - [10/Apr/2026:12:34:57 +0000] "GET /?d=/home/rwabteecom/public_html/app/View/Components HTTP/1.1" 200 7265 "-" "Mozilla/5.0 (compatible; MJ12bot/v1.4.8; http://mj12bot.com/)"
74.7.227.36 - - [10/Apr/2026:12:34:58 +0000] "GET /item/6790994 HTTP/1.1" 200 39614 "http://rwabtee.com/item/5395255?d=%2Fhome%2Frwabteecom%2Fpublic_html%2Fpublic&edit=sitemap.xml" "Mozilla/5.0 AppleWebKit/537.36 (KHTML, like Gecko; compatible; GPTBot/1.3; +https://openai.com/gptbot)"
74.7.227.36 - - [10/Apr/2026:12:34:58 +0000] "GET /item/7693344 HTTP/1.1" 200 39614 "http://rwabtee.com/item/5395255?d=%2Fhome%2Frwabteecom%2Fpublic_html%2Fpublic&edit=sitemap.xml" "Mozilla/5.0 AppleWebKit/537.36 (KHTML, like Gecko; compatible; GPTBot/1.3; +https://openai.com/gptbot)"
65.108.125.120 - - [10/Apr/2026:12:34:59 +0000] "GET /?d=/home/rwabteecom/public_html/bootstrap/cache&edit=.gitignore HTTP/1.1" 200 2477 "-" "Mozilla/5.0 (compatible; MJ12bot/v1.4.8; http://mj12bot.com/)"
65.108.125.120 - - [10/Apr/2026:12:35:01 +0000] "GET /?d=/home/rwabteecom/public_html/bootstrap/cache&edit=packages.php HTTP/1.1" 200 14353 "-" "Mozilla/5.0 (compatible; MJ12bot/v1.4.8; http://mj12bot.com/)"
74.7.227.36 - - [10/Apr/2026:12:34:59 +0000] "GET /item/6318483 HTTP/1.1" 200 39614 "http://rwabtee.com/item/7207286?d=%2Fhome%2Frwabteecom%2Fpublic_html%2Fpublic&edit=sitemap.xml" "Mozilla/5.0 AppleWebKit/537.36 (KHTML, like Gecko; compatible; GPTBot/1.3; +https://openai.com/gptbot)"
74.7.227.36 - - [10/Apr/2026:12:35:01 +0000] "GET /item/5163271 HTTP/1.1" 200 39614 "http://rwabtee.com/item/5395255?d=%2Fhome%2Frwabteecom%2Fpublic_html%2Fpublic&edit=sitemap.xml" "Mozilla/5.0 AppleWebKit/537.36 (KHTML, like Gecko; compatible; GPTBot/1.3; +https://openai.com/gptbot)"
74.7.227.36 - - [10/Apr/2026:12:35:02 +0000] "GET /item/6518615 HTTP/1.1" 200 39614 "http://rwabtee.com/item/5395255?d=%2Fhome%2Frwabteecom%2Fpublic_html%2Fpublic&edit=sitemap.xml" "Mozilla/5.0 AppleWebKit/537.36 (KHTML, like Gecko; compatible; GPTBot/1.3; +https://openai.com/gptbot)"
74.7.227.36 - - [10/Apr/2026:12:35:02 +0000] "GET /item/5846531?d=%2Fhome%2Frwabteecom%2Fpublic_html%2Fpublic&edit=sitemap.txt HTTP/1.1" 404 - "http://rwabtee.com/item/5846531" "Mozilla/5.0 AppleWebKit/537.36 (KHTML, like Gecko; compatible; GPTBot/1.3; +https://openai.com/gptbot)"
74.7.227.36 - - [10/Apr/2026:12:35:03 +0000] "GET /item/5752981?d=%2Fhome%2Frwabteecom%2Fpublic_html%2Fpublic&edit=sitemap.txt HTTP/1.1" 404 - "http://rwabtee.com/item/5752981" "Mozilla/5.0 AppleWebKit/537.36 (KHTML, like Gecko; compatible; GPTBot/1.3; +https://openai.com/gptbot)"
65.108.125.120 - - [10/Apr/2026:12:35:03 +0000] "GET /?d=/home/rwabteecom/public_html/bootstrap/cache&edit=services.php HTTP/1.1" 200 34977 "-" "Mozilla/5.0 (compatible; MJ12bot/v1.4.8; http://mj12bot.com/)"
74.7.227.36 - - [10/Apr/2026:12:35:03 +0000] "GET /item/7089454?d=%2Fhome%2Frwabteecom%2Fpublic_html%2Fpublic&edit=sw.js HTTP/1.1" 404 - "http://rwabtee.com/item/7089454" "Mozilla/5.0 AppleWebKit/537.36 (KHTML, like Gecko; compatible; GPTBot/1.3; +https://openai.com/gptbot)"
74.7.227.36 - - [10/Apr/2026:12:35:04 +0000] "GET /item/7089454?d=%2Fhome%2Frwabteecom HTTP/1.1" 200 47347 "http://rwabtee.com/item/7089454" "Mozilla/5.0 AppleWebKit/537.36 (KHTML, like Gecko; compatible; GPTBot/1.3; +https://openai.com/gptbot)"
74.7.227.36 - - [10/Apr/2026:12:35:04 +0000] "GET /item/7392163 HTTP/1.1" 200 39614 "http://rwabtee.com/item/5395255?d=%2Fhome%2Frwabteecom%2Fpublic_html%2Fpublic&edit=sitemap.xml" "Mozilla/5.0 AppleWebKit/537.36 (KHTML, like Gecko; compatible; GPTBot/1.3; +https://openai.com/gptbot)"
74.7.227.36 - - [10/Apr/2026:12:35:05 +0000] "GET /item/6274346 HTTP/1.1" 200 39614 "http://rwabtee.com/item/7207286?d=%2Fhome%2Frwabteecom%2Fpublic_html%2Fpublic&edit=sitemap.xml" "Mozilla/5.0 AppleWebKit/537.36 (KHTML, like Gecko; compatible; GPTBot/1.3; +https://openai.com/gptbot)"
65.108.125.120 - - [10/Apr/2026:12:35:05 +0000] "GET /?d=/home/rwabteecom/public_html/bootstrap/cache&edit=test_module.php HTTP/1.1" 200 2784 "-" "Mozilla/5.0 (compatible; MJ12bot/v1.4.8; http://mj12bot.com/)"
74.7.227.36 - - [10/Apr/2026:12:35:05 +0000] "GET /item/6815694 HTTP/1.1" 200 39614 "http://rwabtee.com/item/5395255?d=%2Fhome%2Frwabteecom%2Fpublic_html%2Fpublic&edit=sitemap.xml" "Mozilla/5.0 AppleWebKit/537.36 (KHTML, like Gecko; compatible; GPTBot/1.3; +https://openai.com/gptbot)"
74.7.227.36 - - [10/Apr/2026:12:35:06 +0000] "GET /item/6980560 HTTP/1.1" 200 39614 "http://rwabtee.com/item/5395255?d=%2Fhome%2Frwabteecom%2Fpublic_html%2Fpublic&edit=sitemap.xml" "Mozilla/5.0 AppleWebKit/537.36 (KHTML, like Gecko; compatible; GPTBot/1.3; +https://openai.com/gptbot)"
74.7.227.36 - - [10/Apr/2026:12:35:06 +0000] "GET /item/5522435 HTTP/1.1" 200 39614 "http://rwabtee.com/item/7207286?d=%2Fhome%2Frwabteecom%2Fpublic_html%2Fpublic&edit=sitemap.xml" "Mozilla/5.0 AppleWebKit/537.36 (KHTML, like Gecko; compatible; GPTBot/1.3; +https://openai.com/gptbot)"
65.108.125.120 - - [10/Apr/2026:12:35:07 +0000] "GET /?d=/home/rwabteecom/public_html/bootstrap/cache/mockery HTTP/1.1" 200 7158 "-" "Mozilla/5.0 (compatible; MJ12bot/v1.4.8; http://mj12bot.com/)"
74.7.227.36 - - [10/Apr/2026:12:35:07 +0000] "GET /item/6318483?d=%2Fhome%2Frwabteecom%2Fpublic_html%2Fpublic%2Fassets HTTP/1.1" 200 10614 "http://rwabtee.com/item/6318483" "Mozilla/5.0 AppleWebKit/537.36 (KHTML, like Gecko; compatible; GPTBot/1.3; +https://openai.com/gptbot)"
74.7.227.36 - - [10/Apr/2026:12:35:07 +0000] "GET /item/6954936 HTTP/1.1" 200 39614 "http://rwabtee.com/item/5395255?d=%2Fhome%2Frwabteecom%2Fpublic_html%2Fpublic&edit=sitemap.xml" "Mozilla/5.0 AppleWebKit/537.36 (KHTML, like Gecko; compatible; GPTBot/1.3; +https://openai.com/gptbot)"
74.7.227.36 - - [10/Apr/2026:12:35:08 +0000] "GET /item/6791142 HTTP/1.1" 200 39614 "http://rwabtee.com/item/7207286?d=%2Fhome%2Frwabteecom%2Fpublic_html%2Fpublic&edit=sitemap.xml" "Mozilla/5.0 AppleWebKit/537.36 (KHTML, like Gecko; compatible; GPTBot/1.3; +https://openai.com/gptbot)"
74.7.227.36 - - [10/Apr/2026:12:35:08 +0000] "GET /item/7701311 HTTP/1.1" 200 39614 "http://rwabtee.com/item/5395255?d=%2Fhome%2Frwabteecom%2Fpublic_html%2Fpublic&edit=sitemap.xml" "Mozilla/5.0 AppleWebKit/537.36 (KHTML, like Gecko; compatible; GPTBot/1.3; +https://openai.com/gptbot)"
65.108.125.120 - - [10/Apr/2026:12:35:09 +0000] "GET /?d=/home/rwabteecom/public_html/config/infyom&edit=laravel_generator.php HTTP/1.1" 200 9239 "-" "Mozilla/5.0 (compatible; MJ12bot/v1.4.8; http://mj12bot.com/)"
74.7.227.36 - - [10/Apr/2026:12:35:09 +0000] "GET /item/4745568 HTTP/1.1" 200 39614 "http://rwabtee.com/item/7207286?d=%2Fhome%2Frwabteecom%2Fpublic_html%2Fpublic&edit=sitemap.xml" "Mozilla/5.0 AppleWebKit/537.36 (KHTML, like Gecko; compatible; GPTBot/1.3; +https://openai.com/gptbot)"
74.7.227.36 - - [10/Apr/2026:12:35:10 +0000] "GET /item/7089454?d=%2Fhome%2Frwabteecom&edit=.bashrc HTTP/1.1" 200 2622 "http://rwabtee.com/item/7089454?d=%2Fhome%2Frwabteecom" "Mozilla/5.0 AppleWebKit/537.36 (KHTML, like Gecko; compatible; GPTBot/1.3; +https://openai.com/gptbot)"
74.7.227.36 - - [10/Apr/2026:12:35:10 +0000] "GET /item/5403083 HTTP/1.1" 200 39614 "http://rwabtee.com/item/5395255?d=%2Fhome%2Frwabteecom%2Fpublic_html%2Fpublic&edit=sitemap.xml" "Mozilla/5.0 AppleWebKit/537.36 (KHTML, like Gecko; compatible; GPTBot/1.3; +https://openai.com/gptbot)"
65.108.125.120 - - [10/Apr/2026:12:35:10 +0000] "GET /?d=/home/rwabteecom/public_html/config/infyom/migrations HTTP/1.1" 200 7152 "-" "Mozilla/5.0 (compatible; MJ12bot/v1.4.8; http://mj12bot.com/)"
74.7.227.36 - - [10/Apr/2026:12:35:11 +0000] "GET /item/7651913 HTTP/1.1" 200 39614 "http://rwabtee.com/item/7207286?d=%2Fhome%2Frwabteecom%2Fpublic_html%2Fpublic&edit=sitemap.xml" "Mozilla/5.0 AppleWebKit/537.36 (KHTML, like Gecko; compatible; GPTBot/1.3; +https://openai.com/gptbot)"
74.7.227.36 - - [10/Apr/2026:12:35:11 +0000] "GET /item/7486396 HTTP/1.1" 200 39614 "http://rwabtee.com/item/7207286?d=%2Fhome%2Frwabteecom%2Fpublic_html%2Fpublic&edit=sitemap.xml" "Mozilla/5.0 AppleWebKit/537.36 (KHTML, like Gecko; compatible; GPTBot/1.3; +https://openai.com/gptbot)"
74.7.227.36 - - [10/Apr/2026:12:35:12 +0000] "GET /item/6062763 HTTP/1.1" 200 39614 "http://rwabtee.com/item/7207286?d=%2Fhome%2Frwabteecom%2Fpublic_html%2Fpublic&edit=sitemap.xml" "Mozilla/5.0 AppleWebKit/537.36 (KHTML, like Gecko; compatible; GPTBot/1.3; +https://openai.com/gptbot)"
74.7.227.36 - - [10/Apr/2026:12:35:12 +0000] "GET /item/6301776 HTTP/1.1" 200 39614 "http://rwabtee.com/item/5395255?d=%2Fhome%2Frwabteecom%2Fpublic_html%2Fpublic&edit=sitemap.xml" "Mozilla/5.0 AppleWebKit/537.36 (KHTML, like Gecko; compatible; GPTBot/1.3; +https://openai.com/gptbot)"
74.7.227.36 - - [10/Apr/2026:12:35:13 +0000] "GET /item/6322808 HTTP/1.1" 200 39614 "http://rwabtee.com/item/7207286?d=%2Fhome%2Frwabteecom%2Fpublic_html%2Fpublic&edit=sitemap.xml" "Mozilla/5.0 AppleWebKit/537.36 (KHTML, like Gecko; compatible; GPTBot/1.3; +https://openai.com/gptbot)"
65.108.125.120 - - [10/Apr/2026:12:35:12 +0000] "GET /?d=/home/rwabteecom/public_html/database&edit=infy-vcards.sql HTTP/1.1" 200 2860909 "-" "Mozilla/5.0 (compatible; MJ12bot/v1.4.8; http://mj12bot.com/)"
74.7.227.36 - - [10/Apr/2026:12:35:13 +0000] "GET /item/7367248 HTTP/1.1" 200 39614 "http://rwabtee.com/item/7207286?d=%2Fhome%2Frwabteecom%2Fpublic_html%2Fpublic&edit=sitemap.xml" "Mozilla/5.0 AppleWebKit/537.36 (KHTML, like Gecko; compatible; GPTBot/1.3; +https://openai.com/gptbot)"
