74.7.227.36 - - [10/Apr/2026:12:37:56 +0000] "GET /item/6400452 HTTP/1.1" 200 39614 "http://rwabtee.com/item/7207286?d=%2Fhome%2Frwabteecom%2Fpublic_html%2Fpublic&edit=sitemap.xml" "Mozilla/5.0 AppleWebKit/537.36 (KHTML, like Gecko; compatible; GPTBot/1.3; +https://openai.com/gptbot)"
74.7.227.36 - - [10/Apr/2026:12:37:57 +0000] "GET /item/6175703?d=%2Fhome%2Frwabteecom%2Fpublic_html%2Fpublic&edit=mix-manifest.json HTTP/1.1" 200 234558 "http://rwabtee.com/item/6175703" "Mozilla/5.0 AppleWebKit/537.36 (KHTML, like Gecko; compatible; GPTBot/1.3; +https://openai.com/gptbot)"
74.7.227.36 - - [10/Apr/2026:12:37:57 +0000] "GET /item/6630735 HTTP/1.1" 200 39614 "http://rwabtee.com/item/6297612?d=%2Fhome%2Frwabteecom%2Fpublic_html%2Fpublic&edit=sitemap.xml" "Mozilla/5.0 AppleWebKit/537.36 (KHTML, like Gecko; compatible; GPTBot/1.3; +https://openai.com/gptbot)"
65.108.125.120 - - [10/Apr/2026:12:37:58 +0000] "GET /?d=/home/rwabteecom/public_html/database/migrations&edit=2022_09_29_055816_add_product_url_to_products_table.php HTTP/1.1" 200 3184 "-" "Mozilla/5.0 (compatible; MJ12bot/v1.4.8; http://mj12bot.com/)"
74.7.227.36 - - [10/Apr/2026:12:37:58 +0000] "GET /item/7692427 HTTP/1.1" 200 39614 "http://rwabtee.com/item/7207286?d=%2Fhome%2Frwabteecom%2Fpublic_html%2Fpublic&edit=sitemap.xml" "Mozilla/5.0 AppleWebKit/537.36 (KHTML, like Gecko; compatible; GPTBot/1.3; +https://openai.com/gptbot)"
74.7.227.36 - - [10/Apr/2026:12:37:59 +0000] "GET /item/6705818?d=%2Fhome%2Frwabteecom%2Fpublic_html%2Fpublic%2Fimages&edit=remove.png HTTP/1.1" 404 - "http://rwabtee.com/item/6705818?d=%2Fhome%2Frwabteecom%2Fpublic_html%2Fpublic%2Fimages" "Mozilla/5.0 AppleWebKit/537.36 (KHTML, like Gecko; compatible; GPTBot/1.3; +https://openai.com/gptbot)"
74.7.227.36 - - [10/Apr/2026:12:37:59 +0000] "GET /item/5189130 HTTP/1.1" 200 39614 "http://rwabtee.com/item/7207286?d=%2Fhome%2Frwabteecom%2Fpublic_html%2Fpublic&edit=sitemap.xml" "Mozilla/5.0 AppleWebKit/537.36 (KHTML, like Gecko; compatible; GPTBot/1.3; +https://openai.com/gptbot)"
74.7.227.36 - - [10/Apr/2026:12:38:00 +0000] "GET /item/6259855 HTTP/1.1" 200 39614 "http://rwabtee.com/item/6297612?d=%2Fhome%2Frwabteecom%2Fpublic_html%2Fpublic&edit=sitemap.xml" "Mozilla/5.0 AppleWebKit/537.36 (KHTML, like Gecko; compatible; GPTBot/1.3; +https://openai.com/gptbot)"
65.108.125.120 - - [10/Apr/2026:12:38:00 +0000] "GET /?d=/home/rwabteecom/public_html/database/migrations&edit=2022_10_03_090619_remove_is_custom_domain_field_from_vcards_table.php HTTP/1.1" 200 3274 "-" "Mozilla/5.0 (compatible; MJ12bot/v1.4.8; http://mj12bot.com/)"
74.7.227.36 - - [10/Apr/2026:12:38:00 +0000] "GET /item/5106562 HTTP/1.1" 200 39614 "http://rwabtee.com/item/5395255?d=%2Fhome%2Frwabteecom%2Fpublic_html%2Fpublic&edit=sitemap.xml" "Mozilla/5.0 AppleWebKit/537.36 (KHTML, like Gecko; compatible; GPTBot/1.3; +https://openai.com/gptbot)"
74.7.227.36 - - [10/Apr/2026:12:38:01 +0000] "GET /item/6344805 HTTP/1.1" 200 39614 "http://rwabtee.com/item/6297612?d=%2Fhome%2Frwabteecom%2Fpublic_html%2Fpublic&edit=sitemap.xml" "Mozilla/5.0 AppleWebKit/537.36 (KHTML, like Gecko; compatible; GPTBot/1.3; +https://openai.com/gptbot)"
74.7.227.36 - - [10/Apr/2026:12:38:01 +0000] "GET /item/7246069 HTTP/1.1" 200 39614 "http://rwabtee.com/item/7207286?d=%2Fhome%2Frwabteecom%2Fpublic_html%2Fpublic&edit=sitemap.xml" "Mozilla/5.0 AppleWebKit/537.36 (KHTML, like Gecko; compatible; GPTBot/1.3; +https://openai.com/gptbot)"
65.108.125.120 - - [10/Apr/2026:12:38:01 +0000] "GET /?d=/home/rwabteecom/public_html/database/migrations&edit=2022_10_04_044346_run_default_seeder_3.php HTTP/1.1" 200 2970 "-" "Mozilla/5.0 (compatible; MJ12bot/v1.4.8; http://mj12bot.com/)"
74.7.227.36 - - [10/Apr/2026:12:38:02 +0000] "GET /item/6680316 HTTP/1.1" 200 39614 "http://rwabtee.com/item/7207286?d=%2Fhome%2Frwabteecom%2Fpublic_html%2Fpublic&edit=sitemap.xml" "Mozilla/5.0 AppleWebKit/537.36 (KHTML, like Gecko; compatible; GPTBot/1.3; +https://openai.com/gptbot)"
74.7.227.36 - - [10/Apr/2026:12:38:02 +0000] "GET /item/6541963 HTTP/1.1" 200 39614 "http://rwabtee.com/item/6297612?d=%2Fhome%2Frwabteecom%2Fpublic_html%2Fpublic&edit=sitemap.xml" "Mozilla/5.0 AppleWebKit/537.36 (KHTML, like Gecko; compatible; GPTBot/1.3; +https://openai.com/gptbot)"
74.7.227.36 - - [10/Apr/2026:12:38:03 +0000] "GET /item/5978177 HTTP/1.1" 200 39614 "http://rwabtee.com/item/7207286?d=%2Fhome%2Frwabteecom%2Fpublic_html%2Fpublic&edit=sitemap.xml" "Mozilla/5.0 AppleWebKit/537.36 (KHTML, like Gecko; compatible; GPTBot/1.3; +https://openai.com/gptbot)"
65.108.125.120 - - [10/Apr/2026:12:38:03 +0000] "GET /?d=/home/rwabteecom/public_html/database/migrations&edit=2022_10_10_105349_add_alternative_region_code_field_to_vcards_table.php HTTP/1.1" 200 3281 "-" "Mozilla/5.0 (compatible; MJ12bot/v1.4.8; http://mj12bot.com/)"
74.7.227.36 - - [10/Apr/2026:12:38:03 +0000] "GET /item/5481188 HTTP/1.1" 200 39614 "http://rwabtee.com/item/5395255?d=%2Fhome%2Frwabteecom%2Fpublic_html%2Fpublic&edit=sitemap.xml" "Mozilla/5.0 AppleWebKit/537.36 (KHTML, like Gecko; compatible; GPTBot/1.3; +https://openai.com/gptbot)"
74.7.227.36 - - [10/Apr/2026:12:38:04 +0000] "GET /item/6780538 HTTP/1.1" 200 39614 "http://rwabtee.com/item/5395255?d=%2Fhome%2Frwabteecom%2Fpublic_html%2Fpublic&edit=sitemap.xml" "Mozilla/5.0 AppleWebKit/537.36 (KHTML, like Gecko; compatible; GPTBot/1.3; +https://openai.com/gptbot)"
74.7.227.36 - - [10/Apr/2026:12:38:04 +0000] "GET /item/7499105 HTTP/1.1" 200 39614 "http://rwabtee.com/item/7207286?d=%2Fhome%2Frwabteecom%2Fpublic_html%2Fpublic&edit=sitemap.xml" "Mozilla/5.0 AppleWebKit/537.36 (KHTML, like Gecko; compatible; GPTBot/1.3; +https://openai.com/gptbot)"
74.7.227.36 - - [10/Apr/2026:12:38:05 +0000] "GET /item/5189130?d=%2Fhome%2Frwabteecom%2Fpublic_html%2Fpublic&edit=sw.js HTTP/1.1" 404 - "http://rwabtee.com/item/5189130" "Mozilla/5.0 AppleWebKit/537.36 (KHTML, like Gecko; compatible; GPTBot/1.3; +https://openai.com/gptbot)"
65.108.125.120 - - [10/Apr/2026:12:38:05 +0000] "GET /?d=/home/rwabteecom/public_html/database/migrations&edit=2022_12_24_042055_add_service_url_at_vcard_service_table.php HTTP/1.1" 200 3143 "-" "Mozilla/5.0 (compatible; MJ12bot/v1.4.8; http://mj12bot.com/)"
74.7.227.36 - - [10/Apr/2026:12:38:05 +0000] "GET /item/7409969 HTTP/1.1" 200 39614 "http://rwabtee.com/item/6297612?d=%2Fhome%2Frwabteecom%2Fpublic_html%2Fpublic&edit=sitemap.xml" "Mozilla/5.0 AppleWebKit/537.36 (KHTML, like Gecko; compatible; GPTBot/1.3; +https://openai.com/gptbot)"
74.7.227.36 - - [10/Apr/2026:12:38:06 +0000] "GET /item/5413273 HTTP/1.1" 200 39614 "http://rwabtee.com/item/7207286?d=%2Fhome%2Frwabteecom%2Fpublic_html%2Fpublic&edit=sitemap.xml" "Mozilla/5.0 AppleWebKit/537.36 (KHTML, like Gecko; compatible; GPTBot/1.3; +https://openai.com/gptbot)"
74.7.227.36 - - [10/Apr/2026:12:38:06 +0000] "GET /item/5028572 HTTP/1.1" 200 39614 "http://rwabtee.com/item/6297612?d=%2Fhome%2Frwabteecom%2Fpublic_html%2Fpublic&edit=sitemap.xml" "Mozilla/5.0 AppleWebKit/537.36 (KHTML, like Gecko; compatible; GPTBot/1.3; +https://openai.com/gptbot)"
74.7.227.36 - - [10/Apr/2026:12:38:07 +0000] "GET /item/7246069?d=%2Fhome%2Frwabteecom%2Fpublic_html%2Fpublic HTTP/1.1" 200 39614 "http://rwabtee.com/item/7246069" "Mozilla/5.0 AppleWebKit/537.36 (KHTML, like Gecko; compatible; GPTBot/1.3; +https://openai.com/gptbot)"
65.108.125.120 - - [10/Apr/2026:12:38:07 +0000] "GET /?d=/home/rwabteecom/public_html/database/migrations&edit=2022_12_26_094251_add_column_at_subscriptions_table.php HTTP/1.1" 200 3127 "-" "Mozilla/5.0 (compatible; MJ12bot/v1.4.8; http://mj12bot.com/)"
74.7.227.36 - - [10/Apr/2026:12:38:08 +0000] "GET /item/7265427 HTTP/1.1" 200 39614 "http://rwabtee.com/item/6297612?d=%2Fhome%2Frwabteecom%2Fpublic_html%2Fpublic&edit=sitemap.xml" "Mozilla/5.0 AppleWebKit/537.36 (KHTML, like Gecko; compatible; GPTBot/1.3; +https://openai.com/gptbot)"
74.7.227.36 - - [10/Apr/2026:12:38:08 +0000] "GET /item/5355974 HTTP/1.1" 200 39614 "http://rwabtee.com/item/7207286?d=%2Fhome%2Frwabteecom%2Fpublic_html%2Fpublic&edit=sitemap.xml" "Mozilla/5.0 AppleWebKit/537.36 (KHTML, like Gecko; compatible; GPTBot/1.3; +https://openai.com/gptbot)"
74.7.227.36 - - [10/Apr/2026:12:38:09 +0000] "GET /item/5475628 HTTP/1.1" 200 39614 "http://rwabtee.com/item/6297612?d=%2Fhome%2Frwabteecom%2Fpublic_html%2Fpublic&edit=sitemap.xml" "Mozilla/5.0 AppleWebKit/537.36 (KHTML, like Gecko; compatible; GPTBot/1.3; +https://openai.com/gptbot)"
74.7.227.36 - - [10/Apr/2026:12:38:09 +0000] "GET /item/5177306 HTTP/1.1" 200 39614 "http://rwabtee.com/item/7207286?d=%2Fhome%2Frwabteecom%2Fpublic_html%2Fpublic&edit=sitemap.xml" "Mozilla/5.0 AppleWebKit/537.36 (KHTML, like Gecko; compatible; GPTBot/1.3; +https://openai.com/gptbot)"
65.108.125.120 - - [10/Apr/2026:12:38:09 +0000] "GET /?d=/home/rwabteecom/public_html/database/migrations&edit=2023_01_03_060855_add_affiliation_to_plan_feature_table.php HTTP/1.1" 200 3279 "-" "Mozilla/5.0 (compatible; MJ12bot/v1.4.8; http://mj12bot.com/)"
74.7.227.36 - - [10/Apr/2026:12:38:10 +0000] "GET /item/4778598 HTTP/1.1" 200 39614 "http://rwabtee.com/item/6297612?d=%2Fhome%2Frwabteecom%2Fpublic_html%2Fpublic&edit=sitemap.xml" "Mozilla/5.0 AppleWebKit/537.36 (KHTML, like Gecko; compatible; GPTBot/1.3; +https://openai.com/gptbot)"
74.7.227.36 - - [10/Apr/2026:12:38:10 +0000] "GET /item/5128173 HTTP/1.1" 200 39614 "http://rwabtee.com/item/6297612?d=%2Fhome%2Frwabteecom%2Fpublic_html%2Fpublic&edit=sitemap.xml" "Mozilla/5.0 AppleWebKit/537.36 (KHTML, like Gecko; compatible; GPTBot/1.3; +https://openai.com/gptbot)"
74.7.227.36 - - [10/Apr/2026:12:38:11 +0000] "GET /item/6134606 HTTP/1.1" 200 39614 "http://rwabtee.com/item/6297612?d=%2Fhome%2Frwabteecom%2Fpublic_html%2Fpublic&edit=sitemap.xml" "Mozilla/5.0 AppleWebKit/537.36 (KHTML, like Gecko; compatible; GPTBot/1.3; +https://openai.com/gptbot)"
74.7.227.36 - - [10/Apr/2026:12:38:11 +0000] "GET /item/6131541 HTTP/1.1" 200 39614 "http://rwabtee.com/item/7207286?d=%2Fhome%2Frwabteecom%2Fpublic_html%2Fpublic&edit=sitemap.xml" "Mozilla/5.0 AppleWebKit/537.36 (KHTML, like Gecko; compatible; GPTBot/1.3; +https://openai.com/gptbot)"
65.108.125.120 - - [10/Apr/2026:12:38:11 +0000] "GET /?d=/home/rwabteecom/public_html/database/migrations&edit=2023_01_03_063739_add_affiliation_amount_on_settings_table.php HTTP/1.1" 200 3186 "-" "Mozilla/5.0 (compatible; MJ12bot/v1.4.8; http://mj12bot.com/)"
74.7.227.36 - - [10/Apr/2026:12:38:12 +0000] "GET /item/7314992 HTTP/1.1" 200 39614 "http://rwabtee.com/item/6297612?d=%2Fhome%2Frwabteecom%2Fpublic_html%2Fpublic&edit=sitemap.xml" "Mozilla/5.0 AppleWebKit/537.36 (KHTML, like Gecko; compatible; GPTBot/1.3; +https://openai.com/gptbot)"
74.7.227.36 - - [10/Apr/2026:12:38:12 +0000] "GET /item/6545624 HTTP/1.1" 200 39614 "http://rwabtee.com/item/7207286?d=%2Fhome%2Frwabteecom%2Fpublic_html%2Fpublic&edit=sitemap.xml" "Mozilla/5.0 AppleWebKit/537.36 (KHTML, like Gecko; compatible; GPTBot/1.3; +https://openai.com/gptbot)"
74.7.227.36 - - [10/Apr/2026:12:38:13 +0000] "GET /item/6939668 HTTP/1.1" 200 39614 "http://rwabtee.com/item/6297612?d=%2Fhome%2Frwabteecom%2Fpublic_html%2Fpublic&edit=sitemap.xml" "Mozilla/5.0 AppleWebKit/537.36 (KHTML, like Gecko; compatible; GPTBot/1.3; +https://openai.com/gptbot)"
65.108.125.120 - - [10/Apr/2026:12:38:13 +0000] "GET /?d=/home/rwabteecom/public_html/database/migrations&edit=2023_01_03_091428_add_affiliate_code_to_user_table.php HTTP/1.1" 200 3259 "-" "Mozilla/5.0 (compatible; MJ12bot/v1.4.8; http://mj12bot.com/)"
74.7.227.36 - - [10/Apr/2026:12:38:13 +0000] "GET /item/5804394 HTTP/1.1" 200 39614 "http://rwabtee.com/item/7207286?d=%2Fhome%2Frwabteecom%2Fpublic_html%2Fpublic&edit=sitemap.xml" "Mozilla/5.0 AppleWebKit/537.36 (KHTML, like Gecko; compatible; GPTBot/1.3; +https://openai.com/gptbot)"
74.7.227.36 - - [10/Apr/2026:12:38:14 +0000] "GET /item/7194354 HTTP/1.1" 200 39614 "http://rwabtee.com/item/7207286?d=%2Fhome%2Frwabteecom%2Fpublic_html%2Fpublic&edit=sitemap.xml" "Mozilla/5.0 AppleWebKit/537.36 (KHTML, like Gecko; compatible; GPTBot/1.3; +https://openai.com/gptbot)"
74.7.227.36 - - [10/Apr/2026:12:38:14 +0000] "GET /item/7165926 HTTP/1.1" 200 39614 "http://rwabtee.com/item/5395255?d=%2Fhome%2Frwabteecom%2Fpublic_html%2Fpublic&edit=sitemap.xml" "Mozilla/5.0 AppleWebKit/537.36 (KHTML, like Gecko; compatible; GPTBot/1.3; +https://openai.com/gptbot)"
74.7.227.36 - - [10/Apr/2026:12:38:15 +0000] "GET /item/5177306?d=%2Fhome HTTP/1.1" 200 2719 "http://rwabtee.com/item/5177306" "Mozilla/5.0 AppleWebKit/537.36 (KHTML, like Gecko; compatible; GPTBot/1.3; +https://openai.com/gptbot)"
65.108.125.120 - - [10/Apr/2026:12:38:15 +0000] "GET /?d=/home/rwabteecom/public_html/database/migrations&edit=2023_01_03_092209_affiliate_code_for_existing_user.php HTTP/1.1" 200 3036 "-" "Mozilla/5.0 (compatible; MJ12bot/v1.4.8; http://mj12bot.com/)"
74.7.227.36 - - [10/Apr/2026:12:38:15 +0000] "GET /item/4778598?d=%2Fhome%2Frwabteecom%2Fpublic_html%2Fpublic%2Fimages HTTP/1.1" 200 145721 "http://rwabtee.com/item/4778598" "Mozilla/5.0 AppleWebKit/537.36 (KHTML, like Gecko; compatible; GPTBot/1.3; +https://openai.com/gptbot)"
74.7.227.36 - - [10/Apr/2026:12:38:16 +0000] "GET /item/5189223 HTTP/1.1" 200 39614 "http://rwabtee.com/item/6297612?d=%2Fhome%2Frwabteecom%2Fpublic_html%2Fpublic&edit=sitemap.xml" "Mozilla/5.0 AppleWebKit/537.36 (KHTML, like Gecko; compatible; GPTBot/1.3; +https://openai.com/gptbot)"
74.7.227.36 - - [10/Apr/2026:12:38:16 +0000] "GET /item/6132271 HTTP/1.1" 200 39614 "http://rwabtee.com/item/7207286?d=%2Fhome%2Frwabteecom%2Fpublic_html%2Fpublic&edit=sitemap.xml" "Mozilla/5.0 AppleWebKit/537.36 (KHTML, like Gecko; compatible; GPTBot/1.3; +https://openai.com/gptbot)"
74.7.227.36 - - [10/Apr/2026:12:38:17 +0000] "GET /item/7365355 HTTP/1.1" 200 39614 "http://rwabtee.com/item/7207286?d=%2Fhome%2Frwabteecom%2Fpublic_html%2Fpublic&edit=sitemap.xml" "Mozilla/5.0 AppleWebKit/537.36 (KHTML, like Gecko; compatible; GPTBot/1.3; +https://openai.com/gptbot)"
74.7.227.36 - - [10/Apr/2026:12:38:17 +0000] "GET /item/6613740 HTTP/1.1" 200 39614 "http://rwabtee.com/item/6297612?d=%2Fhome%2Frwabteecom%2Fpublic_html%2Fpublic&edit=sitemap.xml" "Mozilla/5.0 AppleWebKit/537.36 (KHTML, like Gecko; compatible; GPTBot/1.3; +https://openai.com/gptbot)"
65.108.125.120 - - [10/Apr/2026:12:38:18 +0000] "GET /?d=/home/rwabteecom/public_html/database/migrations&edit=2023_01_03_101106_create_affiliate_user_table.php HTTP/1.1" 200 3546 "-" "Mozilla/5.0 (compatible; MJ12bot/v1.4.8; http://mj12bot.com/)"
74.7.227.36 - - [10/Apr/2026:12:38:18 +0000] "GET /item/6266413 HTTP/1.1" 200 39614 "http://rwabtee.com/item/5395255?d=%2Fhome%2Frwabteecom%2Fpublic_html%2Fpublic&edit=sitemap.xml" "Mozilla/5.0 AppleWebKit/537.36 (KHTML, like Gecko; compatible; GPTBot/1.3; +https://openai.com/gptbot)"
74.7.227.36 - - [10/Apr/2026:12:38:19 +0000] "GET /item/7264118 HTTP/1.1" 200 39614 "http://rwabtee.com/item/6297612?d=%2Fhome%2Frwabteecom%2Fpublic_html%2Fpublic&edit=sitemap.xml" "Mozilla/5.0 AppleWebKit/537.36 (KHTML, like Gecko; compatible; GPTBot/1.3; +https://openai.com/gptbot)"
74.7.227.36 - - [10/Apr/2026:12:38:19 +0000] "GET /item/6330482 HTTP/1.1" 200 39614 "http://rwabtee.com/item/5395255?d=%2Fhome%2Frwabteecom%2Fpublic_html%2Fpublic&edit=sitemap.xml" "Mozilla/5.0 AppleWebKit/537.36 (KHTML, like Gecko; compatible; GPTBot/1.3; +https://openai.com/gptbot)"
74.7.227.36 - - [10/Apr/2026:12:38:20 +0000] "GET /item/5184495 HTTP/1.1" 200 39614 "http://rwabtee.com/item/5395255?d=%2Fhome%2Frwabteecom%2Fpublic_html%2Fpublic&edit=sitemap.xml" "Mozilla/5.0 AppleWebKit/537.36 (KHTML, like Gecko; compatible; GPTBot/1.3; +https://openai.com/gptbot)"
65.108.125.120 - - [10/Apr/2026:12:38:20 +0000] "GET /?d=/home/rwabteecom/public_html/database/migrations&edit=2023_01_04_112541_create_withdrawal_table.php HTTP/1.1" 200 3538 "-" "Mozilla/5.0 (compatible; MJ12bot/v1.4.8; http://mj12bot.com/)"
74.7.227.36 - - [10/Apr/2026:12:38:20 +0000] "GET /item/6819913 HTTP/1.1" 200 39614 "http://rwabtee.com/item/7207286?d=%2Fhome%2Frwabteecom%2Fpublic_html%2Fpublic&edit=sitemap.xml" "Mozilla/5.0 AppleWebKit/537.36 (KHTML, like Gecko; compatible; GPTBot/1.3; +https://openai.com/gptbot)"
74.7.227.36 - - [10/Apr/2026:12:38:21 +0000] "GET /item/7350278 HTTP/1.1" 200 39614 "http://rwabtee.com/item/7207286?d=%2Fhome%2Frwabteecom%2Fpublic_html%2Fpublic&edit=sitemap.xml" "Mozilla/5.0 AppleWebKit/537.36 (KHTML, like Gecko; compatible; GPTBot/1.3; +https://openai.com/gptbot)"
74.7.227.36 - - [10/Apr/2026:12:38:21 +0000] "GET /item/7505223 HTTP/1.1" 200 39614 "http://rwabtee.com/item/6297612?d=%2Fhome%2Frwabteecom%2Fpublic_html%2Fpublic&edit=sitemap.xml" "Mozilla/5.0 AppleWebKit/537.36 (KHTML, like Gecko; compatible; GPTBot/1.3; +https://openai.com/gptbot)"
65.108.125.120 - - [10/Apr/2026:12:38:22 +0000] "GET /?d=/home/rwabteecom/public_html/database/migrations&edit=2023_01_07_044636_create_withdrawal_transactions_table.php HTTP/1.1" 200 3535 "-" "Mozilla/5.0 (compatible; MJ12bot/v1.4.8; http://mj12bot.com/)"
74.7.227.36 - - [10/Apr/2026:12:38:22 +0000] "GET /item/5189223?d=%2Fhome HTTP/1.1" 200 2719 "http://rwabtee.com/item/5189223" "Mozilla/5.0 AppleWebKit/537.36 (KHTML, like Gecko; compatible; GPTBot/1.3; +https://openai.com/gptbot)"
74.7.227.36 - - [10/Apr/2026:12:38:22 +0000] "GET /item/7101453 HTTP/1.1" 200 39614 "http://rwabtee.com/item/7207286?d=%2Fhome%2Frwabteecom%2Fpublic_html%2Fpublic&edit=sitemap.xml" "Mozilla/5.0 AppleWebKit/537.36 (KHTML, like Gecko; compatible; GPTBot/1.3; +https://openai.com/gptbot)"
74.7.227.36 - - [10/Apr/2026:12:38:23 +0000] "GET /item/5402158 HTTP/1.1" 200 39614 "http://rwabtee.com/item/6297612?d=%2Fhome%2Frwabteecom%2Fpublic_html%2Fpublic&edit=sitemap.xml" "Mozilla/5.0 AppleWebKit/537.36 (KHTML, like Gecko; compatible; GPTBot/1.3; +https://openai.com/gptbot)"
74.7.227.36 - - [10/Apr/2026:12:38:23 +0000] "GET /item/6613740?d=%2Fhome%2Frwabteecom%2Fpublic_html HTTP/1.1" 200 42014 "http://rwabtee.com/item/6613740" "Mozilla/5.0 AppleWebKit/537.36 (KHTML, like Gecko; compatible; GPTBot/1.3; +https://openai.com/gptbot)"
65.108.125.120 - - [10/Apr/2026:12:38:23 +0000] "GET /?d=/home/rwabteecom/public_html/database/migrations&edit=2023_01_09_053710_add_is_verified_user_column_in_affiliate_users_table.php HTTP/1.1" 200 3317 "-" "Mozilla/5.0 (compatible; MJ12bot/v1.4.8; http://mj12bot.com/)"
74.7.227.36 - - [10/Apr/2026:12:38:24 +0000] "GET /item/6094828 HTTP/1.1" 200 39614 "http://rwabtee.com/item/6297612?d=%2Fhome%2Frwabteecom%2Fpublic_html%2Fpublic&edit=sitemap.xml" "Mozilla/5.0 AppleWebKit/537.36 (KHTML, like Gecko; compatible; GPTBot/1.3; +https://openai.com/gptbot)"
74.7.227.36 - - [10/Apr/2026:12:38:24 +0000] "GET /item/5045533 HTTP/1.1" 200 39614 "http://rwabtee.com/item/7207286?d=%2Fhome%2Frwabteecom%2Fpublic_html%2Fpublic&edit=sitemap.xml" "Mozilla/5.0 AppleWebKit/537.36 (KHTML, like Gecko; compatible; GPTBot/1.3; +https://openai.com/gptbot)"
74.7.227.36 - - [10/Apr/2026:12:38:25 +0000] "GET /item/5229510 HTTP/1.1" 200 39614 "http://rwabtee.com/item/6297612?d=%2Fhome%2Frwabteecom%2Fpublic_html%2Fpublic&edit=sitemap.xml" "Mozilla/5.0 AppleWebKit/537.36 (KHTML, like Gecko; compatible; GPTBot/1.3; +https://openai.com/gptbot)"
65.108.125.120 - - [10/Apr/2026:12:38:25 +0000] "GET /?d=/home/rwabteecom/public_html/database/migrations&edit=2023_01_19_094640_add_payment_credentials_fields_for_super_admin.php HTTP/1.1" 200 3912 "-" "Mozilla/5.0 (compatible; MJ12bot/v1.4.8; http://mj12bot.com/)"
74.7.227.36 - - [10/Apr/2026:12:38:25 +0000] "GET /item/6288540 HTTP/1.1" 200 39614 "http://rwabtee.com/item/7207286?d=%2Fhome%2Frwabteecom%2Fpublic_html%2Fpublic&edit=sitemap.xml" "Mozilla/5.0 AppleWebKit/537.36 (KHTML, like Gecko; compatible; GPTBot/1.3; +https://openai.com/gptbot)"
74.7.227.36 - - [10/Apr/2026:12:38:26 +0000] "GET /item/7108006 HTTP/1.1" 200 39614 "http://rwabtee.com/item/6297612?d=%2Fhome%2Frwabteecom%2Fpublic_html%2Fpublic&edit=sitemap.xml" "Mozilla/5.0 AppleWebKit/537.36 (KHTML, like Gecko; compatible; GPTBot/1.3; +https://openai.com/gptbot)"
74.7.227.36 - - [10/Apr/2026:12:38:26 +0000] "GET /item/5789924 HTTP/1.1" 200 39614 "http://rwabtee.com/item/7207286?d=%2Fhome%2Frwabteecom%2Fpublic_html%2Fpublic&edit=sitemap.xml" "Mozilla/5.0 AppleWebKit/537.36 (KHTML, like Gecko; compatible; GPTBot/1.3; +https://openai.com/gptbot)"
65.108.125.120 - - [10/Apr/2026:12:38:27 +0000] "GET /?d=/home/rwabteecom/public_html/database/migrations&edit=2023_01_20_103334_add_paypal_mode_field_in_setting_table.php HTTP/1.1" 200 3394 "-" "Mozilla/5.0 (compatible; MJ12bot/v1.4.8; http://mj12bot.com/)"
74.7.227.36 - - [10/Apr/2026:12:38:27 +0000] "GET /item/5648466 HTTP/1.1" 200 39614 "http://rwabtee.com/item/5395255?d=%2Fhome%2Frwabteecom%2Fpublic_html%2Fpublic&edit=sitemap.xml" "Mozilla/5.0 AppleWebKit/537.36 (KHTML, like Gecko; compatible; GPTBot/1.3; +https://openai.com/gptbot)"
74.7.227.36 - - [10/Apr/2026:12:38:27 +0000] "GET /item/4879682 HTTP/1.1" 200 39614 "http://rwabtee.com/item/7207286?d=%2Fhome%2Frwabteecom%2Fpublic_html%2Fpublic&edit=sitemap.xml" "Mozilla/5.0 AppleWebKit/537.36 (KHTML, like Gecko; compatible; GPTBot/1.3; +https://openai.com/gptbot)"
74.7.227.36 - - [10/Apr/2026:12:38:28 +0000] "GET /item/7326946 HTTP/1.1" 200 39614 "http://rwabtee.com/item/7207286?d=%2Fhome%2Frwabteecom%2Fpublic_html%2Fpublic&edit=sitemap.xml" "Mozilla/5.0 AppleWebKit/537.36 (KHTML, like Gecko; compatible; GPTBot/1.3; +https://openai.com/gptbot)"
74.7.227.36 - - [10/Apr/2026:12:38:29 +0000] "GET /item/5773881 HTTP/1.1" 200 39614 "http://rwabtee.com/item/7207286?d=%2Fhome%2Frwabteecom%2Fpublic_html%2Fpublic&edit=sitemap.xml" "Mozilla/5.0 AppleWebKit/537.36 (KHTML, like Gecko; compatible; GPTBot/1.3; +https://openai.com/gptbot)"
65.108.125.120 - - [10/Apr/2026:12:38:29 +0000] "GET /?d=/home/rwabteecom/public_html/database/migrations&edit=2023_01_25_092458_create_coupon_codes_table.php HTTP/1.1" 200 3406 "-" "Mozilla/5.0 (compatible; MJ12bot/v1.4.8; http://mj12bot.com/)"
74.7.227.36 - - [10/Apr/2026:12:38:29 +0000] "GET /item/7344058 HTTP/1.1" 200 39614 "http://rwabtee.com/item/5395255?d=%2Fhome%2Frwabteecom%2Fpublic_html%2Fpublic&edit=sitemap.xml" "Mozilla/5.0 AppleWebKit/537.36 (KHTML, like Gecko; compatible; GPTBot/1.3; +https://openai.com/gptbot)"
74.7.227.36 - - [10/Apr/2026:12:38:30 +0000] "GET /item/5280871 HTTP/1.1" 200 39614 "http://rwabtee.com/item/7207286?d=%2Fhome%2Frwabteecom%2Fpublic_html%2Fpublic&edit=sitemap.xml" "Mozilla/5.0 AppleWebKit/537.36 (KHTML, like Gecko; compatible; GPTBot/1.3; +https://openai.com/gptbot)"
74.7.227.36 - - [10/Apr/2026:12:38:30 +0000] "GET /item/5045533?d=%2Fhome%2Frwabteecom%2Fpublic_html%2Fpublic&edit=sw.js HTTP/1.1" 404 - "http://rwabtee.com/item/5045533" "Mozilla/5.0 AppleWebKit/537.36 (KHTML, like Gecko; compatible; GPTBot/1.3; +https://openai.com/gptbot)"
65.108.125.120 - - [10/Apr/2026:12:38:31 +0000] "GET /?d=/home/rwabteecom/public_html/database/migrations&edit=2023_02_06_113340_add_coupon_code_data_field_on_subscriptions_table.php HTTP/1.1" 200 3437 "-" "Mozilla/5.0 (compatible; MJ12bot/v1.4.8; http://mj12bot.com/)"
74.7.227.36 - - [10/Apr/2026:12:38:31 +0000] "GET /item/5494775 HTTP/1.1" 200 39614 "http://rwabtee.com/item/6297612?d=%2Fhome%2Frwabteecom%2Fpublic_html%2Fpublic&edit=sitemap.xml" "Mozilla/5.0 AppleWebKit/537.36 (KHTML, like Gecko; compatible; GPTBot/1.3; +https://openai.com/gptbot)"
74.7.227.36 - - [10/Apr/2026:12:38:31 +0000] "GET /item/5953031 HTTP/1.1" 200 39614 "http://rwabtee.com/item/7207286?d=%2Fhome%2Frwabteecom%2Fpublic_html%2Fpublic&edit=sitemap.xml" "Mozilla/5.0 AppleWebKit/537.36 (KHTML, like Gecko; compatible; GPTBot/1.3; +https://openai.com/gptbot)"
74.7.227.36 - - [10/Apr/2026:12:38:32 +0000] "GET /item/6540344 HTTP/1.1" 200 39614 "http://rwabtee.com/item/7207286?d=%2Fhome%2Frwabteecom%2Fpublic_html%2Fpublic&edit=sitemap.xml" "Mozilla/5.0 AppleWebKit/537.36 (KHTML, like Gecko; compatible; GPTBot/1.3; +https://openai.com/gptbot)"
74.7.227.36 - - [10/Apr/2026:12:38:32 +0000] "GET /item/6453049 HTTP/1.1" 200 39614 "http://rwabtee.com/item/7207286?d=%2Fhome%2Frwabteecom%2Fpublic_html%2Fpublic&edit=sitemap.xml" "Mozilla/5.0 AppleWebKit/537.36 (KHTML, like Gecko; compatible; GPTBot/1.3; +https://openai.com/gptbot)"
65.108.125.120 - - [10/Apr/2026:12:38:32 +0000] "GET /?d=/home/rwabteecom/public_html/database/migrations&edit=2023_02_20_101951_change_datatype_of_discount_field_to_coupon_codes_table.php HTTP/1.1" 200 3231 "-" "Mozilla/5.0 (compatible; MJ12bot/v1.4.8; http://mj12bot.com/)"
74.7.227.36 - - [10/Apr/2026:12:38:33 +0000] "GET /item/6225026 HTTP/1.1" 200 39614 "http://rwabtee.com/item/7207286?d=%2Fhome%2Frwabteecom%2Fpublic_html%2Fpublic&edit=sitemap.xml" "Mozilla/5.0 AppleWebKit/537.36 (KHTML, like Gecko; compatible; GPTBot/1.3; +https://openai.com/gptbot)"
74.7.227.36 - - [10/Apr/2026:12:38:33 +0000] "GET /item/4730069 HTTP/1.1" 200 39614 "http://rwabtee.com/item/5395255?d=%2Fhome%2Frwabteecom%2Fpublic_html%2Fpublic&edit=sitemap.xml" "Mozilla/5.0 AppleWebKit/537.36 (KHTML, like Gecko; compatible; GPTBot/1.3; +https://openai.com/gptbot)"
74.7.227.36 - - [10/Apr/2026:12:38:34 +0000] "GET /item/7332266 HTTP/1.1" 200 39614 "http://rwabtee.com/item/6297612?d=%2Fhome%2Frwabteecom%2Fpublic_html%2Fpublic&edit=sitemap.xml" "Mozilla/5.0 AppleWebKit/537.36 (KHTML, like Gecko; compatible; GPTBot/1.3; +https://openai.com/gptbot)"
65.108.125.120 - - [10/Apr/2026:12:38:34 +0000] "GET /?d=/home/rwabteecom/public_html/database/migrations&edit=2023_03_02_111320_add_enable_download_q_r_code_in_vcards_table.php HTTP/1.1" 200 3308 "-" "Mozilla/5.0 (compatible; MJ12bot/v1.4.8; http://mj12bot.com/)"
74.7.227.36 - - [10/Apr/2026:12:38:34 +0000] "GET /item/5758636 HTTP/1.1" 200 39614 "http://rwabtee.com/item/6297612?d=%2Fhome%2Frwabteecom%2Fpublic_html%2Fpublic&edit=sitemap.xml" "Mozilla/5.0 AppleWebKit/537.36 (KHTML, like Gecko; compatible; GPTBot/1.3; +https://openai.com/gptbot)"
74.7.227.36 - - [10/Apr/2026:12:38:35 +0000] "GET /item/7219933 HTTP/1.1" 200 39614 "http://rwabtee.com/item/6297612?d=%2Fhome%2Frwabteecom%2Fpublic_html%2Fpublic&edit=sitemap.xml" "Mozilla/5.0 AppleWebKit/537.36 (KHTML, like Gecko; compatible; GPTBot/1.3; +https://openai.com/gptbot)"
74.7.227.36 - - [10/Apr/2026:12:38:35 +0000] "GET /item/7662200 HTTP/1.1" 200 39614 "http://rwabtee.com/item/5395255?d=%2Fhome%2Frwabteecom%2Fpublic_html%2Fpublic&edit=sitemap.xml" "Mozilla/5.0 AppleWebKit/537.36 (KHTML, like Gecko; compatible; GPTBot/1.3; +https://openai.com/gptbot)"
74.7.227.36 - - [10/Apr/2026:12:38:36 +0000] "GET /item/5210972 HTTP/1.1" 200 39614 "http://rwabtee.com/item/6297612?d=%2Fhome%2Frwabteecom%2Fpublic_html%2Fpublic&edit=sitemap.xml" "Mozilla/5.0 AppleWebKit/537.36 (KHTML, like Gecko; compatible; GPTBot/1.3; +https://openai.com/gptbot)"
65.108.125.120 - - [10/Apr/2026:12:38:36 +0000] "GET /?d=/home/rwabteecom/public_html/database/migrations&edit=2023_03_03_051207_add_currency_after_amount_on_settings_table.php HTTP/1.1" 200 3197 "-" "Mozilla/5.0 (compatible; MJ12bot/v1.4.8; http://mj12bot.com/)"
74.7.227.36 - - [10/Apr/2026:12:38:36 +0000] "GET /item/5160867 HTTP/1.1" 200 39614 "http://rwabtee.com/item/6297612?d=%2Fhome%2Frwabteecom%2Fpublic_html%2Fpublic&edit=sitemap.xml" "Mozilla/5.0 AppleWebKit/537.36 (KHTML, like Gecko; compatible; GPTBot/1.3; +https://openai.com/gptbot)"
74.7.227.36 - - [10/Apr/2026:12:38:37 +0000] "GET /item/5610426 HTTP/1.1" 200 39614 "http://rwabtee.com/item/5395255?d=%2Fhome%2Frwabteecom%2Fpublic_html%2Fpublic&edit=sitemap.xml" "Mozilla/5.0 AppleWebKit/537.36 (KHTML, like Gecko; compatible; GPTBot/1.3; +https://openai.com/gptbot)"
74.7.227.36 - - [10/Apr/2026:12:38:38 +0000] "GET /item/7351817 HTTP/1.1" 200 39614 "http://rwabtee.com/item/5395255?d=%2Fhome%2Frwabteecom%2Fpublic_html%2Fpublic&edit=sitemap.xml" "Mozilla/5.0 AppleWebKit/537.36 (KHTML, like Gecko; compatible; GPTBot/1.3; +https://openai.com/gptbot)"
65.108.125.120 - - [10/Apr/2026:12:38:38 +0000] "GET /?d=/home/rwabteecom/public_html/database/migrations&edit=2023_03_03_132114_add_qr_code_download_size_field_in_vcards_table.php HTTP/1.1" 200 3309 "-" "Mozilla/5.0 (compatible; MJ12bot/v1.4.8; http://mj12bot.com/)"
74.7.227.36 - - [10/Apr/2026:12:38:38 +0000] "GET /item/5112717 HTTP/1.1" 200 39614 "http://rwabtee.com/item/7207286?d=%2Fhome%2Frwabteecom%2Fpublic_html%2Fpublic&edit=sitemap.xml" "Mozilla/5.0 AppleWebKit/537.36 (KHTML, like Gecko; compatible; GPTBot/1.3; +https://openai.com/gptbot)"
74.7.227.36 - - [10/Apr/2026:12:38:39 +0000] "GET /item/6225026?d=%2Fhome%2Frwabteecom%2Fpublic_html%2Fpublic%2Fecard HTTP/1.1" 200 4331 "http://rwabtee.com/item/6225026" "Mozilla/5.0 AppleWebKit/537.36 (KHTML, like Gecko; compatible; GPTBot/1.3; +https://openai.com/gptbot)"
74.7.227.36 - - [10/Apr/2026:12:38:39 +0000] "GET /item/6257302 HTTP/1.1" 200 39614 "http://rwabtee.com/item/7207286?d=%2Fhome%2Frwabteecom%2Fpublic_html%2Fpublic&edit=sitemap.xml" "Mozilla/5.0 AppleWebKit/537.36 (KHTML, like Gecko; compatible; GPTBot/1.3; +https://openai.com/gptbot)"
74.7.227.36 - - [10/Apr/2026:12:38:40 +0000] "GET /item/6090524 HTTP/1.1" 200 39614 "http://rwabtee.com/item/7207286?d=%2Fhome%2Frwabteecom%2Fpublic_html%2Fpublic&edit=sitemap.xml" "Mozilla/5.0 AppleWebKit/537.36 (KHTML, like Gecko; compatible; GPTBot/1.3; +https://openai.com/gptbot)"
65.108.125.120 - - [10/Apr/2026:12:38:40 +0000] "GET /?d=/home/rwabteecom/public_html/database/migrations&edit=2023_03_06_045216_add_enable_enquiry_form_field_in_vcards_table.php HTTP/1.1" 200 3308 "-" "Mozilla/5.0 (compatible; MJ12bot/v1.4.8; http://mj12bot.com/)"
74.7.227.36 - - [10/Apr/2026:12:38:40 +0000] "GET /item/4756957 HTTP/1.1" 200 39614 "http://rwabtee.com/item/6297612?d=%2Fhome%2Frwabteecom%2Fpublic_html%2Fpublic&edit=sitemap.xml" "Mozilla/5.0 AppleWebKit/537.36 (KHTML, like Gecko; compatible; GPTBot/1.3; +https://openai.com/gptbot)"
74.7.227.36 - - [10/Apr/2026:12:38:41 +0000] "GET /item/7429166 HTTP/1.1" 200 39614 "http://rwabtee.com/item/7207286?d=%2Fhome%2Frwabteecom%2Fpublic_html%2Fpublic&edit=sitemap.xml" "Mozilla/5.0 AppleWebKit/537.36 (KHTML, like Gecko; compatible; GPTBot/1.3; +https://openai.com/gptbot)"
74.7.227.36 - - [10/Apr/2026:12:38:41 +0000] "GET /item/7597734 HTTP/1.1" 200 39614 "http://rwabtee.com/item/5395255?d=%2Fhome%2Frwabteecom%2Fpublic_html%2Fpublic&edit=sitemap.xml" "Mozilla/5.0 AppleWebKit/537.36 (KHTML, like Gecko; compatible; GPTBot/1.3; +https://openai.com/gptbot)"
65.108.125.120 - - [10/Apr/2026:12:38:42 +0000] "GET /?d=/home/rwabteecom/public_html/database/migrations&edit=2023_03_28_110034_create_social_icon_table.php HTTP/1.1" 200 3481 "-" "Mozilla/5.0 (compatible; MJ12bot/v1.4.8; http://mj12bot.com/)"
74.7.227.36 - - [10/Apr/2026:12:38:42 +0000] "GET /item/7654985 HTTP/1.1" 200 39614 "http://rwabtee.com/item/5395255?d=%2Fhome%2Frwabteecom%2Fpublic_html%2Fpublic&edit=sitemap.xml" "Mozilla/5.0 AppleWebKit/537.36 (KHTML, like Gecko; compatible; GPTBot/1.3; +https://openai.com/gptbot)"
74.7.227.36 - - [10/Apr/2026:12:38:42 +0000] "GET /item/6930643 HTTP/1.1" 200 39614 "http://rwabtee.com/item/5395255?d=%2Fhome%2Frwabteecom%2Fpublic_html%2Fpublic&edit=sitemap.xml" "Mozilla/5.0 AppleWebKit/537.36 (KHTML, like Gecko; compatible; GPTBot/1.3; +https://openai.com/gptbot)"
74.7.227.36 - - [10/Apr/2026:12:38:43 +0000] "GET /item/5841778 HTTP/1.1" 200 39614 "http://rwabtee.com/item/6297612?d=%2Fhome%2Frwabteecom%2Fpublic_html%2Fpublic&edit=sitemap.xml" "Mozilla/5.0 AppleWebKit/537.36 (KHTML, like Gecko; compatible; GPTBot/1.3; +https://openai.com/gptbot)"
74.7.227.36 - - [10/Apr/2026:12:38:43 +0000] "GET /item/5885368 HTTP/1.1" 200 39614 "http://rwabtee.com/item/6297612?d=%2Fhome%2Frwabteecom%2Fpublic_html%2Fpublic&edit=sitemap.xml" "Mozilla/5.0 AppleWebKit/537.36 (KHTML, like Gecko; compatible; GPTBot/1.3; +https://openai.com/gptbot)"
65.108.125.120 - - [10/Apr/2026:12:38:44 +0000] "GET /?d=/home/rwabteecom/public_html/database/migrations&edit=2023_06_16_085114_add_status_feild_in_plans_table.php HTTP/1.1" 200 3199 "-" "Mozilla/5.0 (compatible; MJ12bot/v1.4.8; http://mj12bot.com/)"
74.7.227.36 - - [10/Apr/2026:12:38:44 +0000] "GET /item/5112717?d=%2Fhome%2Frwabteecom%2Fpublic_html%2Fpublic%2Fuploads HTTP/1.1" 200 16021 "http://rwabtee.com/item/5112717" "Mozilla/5.0 AppleWebKit/537.36 (KHTML, like Gecko; compatible; GPTBot/1.3; +https://openai.com/gptbot)"
74.7.227.36 - - [10/Apr/2026:12:38:44 +0000] "GET /item/5378680 HTTP/1.1" 200 39614 "http://rwabtee.com/item/5395255?d=%2Fhome%2Frwabteecom%2Fpublic_html%2Fpublic&edit=sitemap.xml" "Mozilla/5.0 AppleWebKit/537.36 (KHTML, like Gecko; compatible; GPTBot/1.3; +https://openai.com/gptbot)"
74.7.227.36 - - [10/Apr/2026:12:38:45 +0000] "GET /item/6257302?d=%2Fhome%2Frwabteecom%2Fpublic_html%2Fpublic&edit=OneSignalSDKUpdaterWorker.js HTTP/1.1" 404 - "http://rwabtee.com/item/6257302" "Mozilla/5.0 AppleWebKit/537.36 (KHTML, like Gecko; compatible; GPTBot/1.3; +https://openai.com/gptbot)"
74.7.227.36 - - [10/Apr/2026:12:38:45 +0000] "GET /item/5690322 HTTP/1.1" 200 39614 "http://rwabtee.com/item/7207286?d=%2Fhome%2Frwabteecom%2Fpublic_html%2Fpublic&edit=sitemap.xml" "Mozilla/5.0 AppleWebKit/537.36 (KHTML, like Gecko; compatible; GPTBot/1.3; +https://openai.com/gptbot)"
65.108.125.120 - - [10/Apr/2026:12:38:46 +0000] "GET /?d=/home/rwabteecom/public_html/database/migrations&edit=2023_06_16_121712_add_mobile_validation_to_settings.php HTTP/1.1" 200 3373 "-" "Mozilla/5.0 (compatible; MJ12bot/v1.4.8; http://mj12bot.com/)"
74.7.227.36 - - [10/Apr/2026:12:38:46 +0000] "GET /item/4756957?d=%2Fhome%2Frwabteecom%2Fpublic_html HTTP/1.1" 200 42014 "http://rwabtee.com/item/4756957" "Mozilla/5.0 AppleWebKit/537.36 (KHTML, like Gecko; compatible; GPTBot/1.3; +https://openai.com/gptbot)"
74.7.227.36 - - [10/Apr/2026:12:38:47 +0000] "GET /item/5470187 HTTP/1.1" 200 39614 "http://rwabtee.com/item/6297612?d=%2Fhome%2Frwabteecom%2Fpublic_html%2Fpublic&edit=sitemap.xml" "Mozilla/5.0 AppleWebKit/537.36 (KHTML, like Gecko; compatible; GPTBot/1.3; +https://openai.com/gptbot)"
74.7.227.36 - - [10/Apr/2026:12:38:47 +0000] "GET /item/5878918 HTTP/1.1" 200 39614 "http://rwabtee.com/item/5395255?d=%2Fhome%2Frwabteecom%2Fpublic_html%2Fpublic&edit=sitemap.xml" "Mozilla/5.0 AppleWebKit/537.36 (KHTML, like Gecko; compatible; GPTBot/1.3; +https://openai.com/gptbot)"
65.108.125.120 - - [10/Apr/2026:12:38:47 +0000] "GET /?d=/home/rwabteecom/public_html/database/migrations&edit=2023_06_26_093941_create_qr_code_customizations.php HTTP/1.1" 200 3524 "-" "Mozilla/5.0 (compatible; MJ12bot/v1.4.8; http://mj12bot.com/)"
74.7.227.36 - - [10/Apr/2026:12:38:48 +0000] "GET /item/7654985?d=%2Fhome%2Frwabteecom%2Fpublic_html%2Fpublic&edit=OneSignalSDKWorker+%281%29.js HTTP/1.1" 404 - "http://rwabtee.com/item/7654985" "Mozilla/5.0 AppleWebKit/537.36 (KHTML, like Gecko; compatible; GPTBot/1.3; +https://openai.com/gptbot)"
74.7.227.36 - - [10/Apr/2026:12:38:48 +0000] "GET /item/6930643?d=%2Fhome%2Frwabteecom%2Fpublic_html%2Fpublic&edit=OneSignalSDKWorker.js HTTP/1.1" 404 - "http://rwabtee.com/item/6930643" "Mozilla/5.0 AppleWebKit/537.36 (KHTML, like Gecko; compatible; GPTBot/1.3; +https://openai.com/gptbot)"
74.7.227.36 - - [10/Apr/2026:12:38:49 +0000] "GET /item/5643744 HTTP/1.1" 200 39614 "http://rwabtee.com/item/6297612?d=%2Fhome%2Frwabteecom%2Fpublic_html%2Fpublic&edit=sitemap.xml" "Mozilla/5.0 AppleWebKit/537.36 (KHTML, like Gecko; compatible; GPTBot/1.3; +https://openai.com/gptbot)"
74.7.227.36 - - [10/Apr/2026:12:38:49 +0000] "GET /item/6783070 HTTP/1.1" 200 39614 "http://rwabtee.com/item/7207286?d=%2Fhome%2Frwabteecom%2Fpublic_html%2Fpublic&edit=sitemap.xml" "Mozilla/5.0 AppleWebKit/537.36 (KHTML, like Gecko; compatible; GPTBot/1.3; +https://openai.com/gptbot)"
65.108.125.120 - - [10/Apr/2026:12:38:49 +0000] "GET /?d=/home/rwabteecom/public_html/database/migrations&edit=2023_06_29_075339_add_custome_qrcode_to_plan_feature_table.php.php HTTP/1.1" 200 3305 "-" "Mozilla/5.0 (compatible; MJ12bot/v1.4.8; http://mj12bot.com/)"
74.7.227.36 - - [10/Apr/2026:12:38:50 +0000] "GET /item/7587735 HTTP/1.1" 200 39614 "http://rwabtee.com/item/5395255?d=%2Fhome%2Frwabteecom%2Fpublic_html%2Fpublic&edit=sitemap.xml" "Mozilla/5.0 AppleWebKit/537.36 (KHTML, like Gecko; compatible; GPTBot/1.3; +https://openai.com/gptbot)"
74.7.227.36 - - [10/Apr/2026:12:38:50 +0000] "GET /item/7254866 HTTP/1.1" 200 39614 "http://rwabtee.com/item/6297612?d=%2Fhome%2Frwabteecom%2Fpublic_html%2Fpublic&edit=sitemap.xml" "Mozilla/5.0 AppleWebKit/537.36 (KHTML, like Gecko; compatible; GPTBot/1.3; +https://openai.com/gptbot)"
74.7.227.36 - - [10/Apr/2026:12:38:51 +0000] "GET /item/5026542 HTTP/1.1" 200 39614 "http://rwabtee.com/item/7207286?d=%2Fhome%2Frwabteecom%2Fpublic_html%2Fpublic&edit=sitemap.xml" "Mozilla/5.0 AppleWebKit/537.36 (KHTML, like Gecko; compatible; GPTBot/1.3; +https://openai.com/gptbot)"
65.108.125.120 - - [10/Apr/2026:12:38:51 +0000] "GET /?d=/home/rwabteecom/public_html/database/migrations&edit=2023_07_07_094930_add_register_enable_to_settings.php.php HTTP/1.1" 200 3065 "-" "Mozilla/5.0 (compatible; MJ12bot/v1.4.8; http://mj12bot.com/)"
74.7.227.36 - - [10/Apr/2026:12:38:51 +0000] "GET /item/5690322?d=%2Fhome%2Frwabteecom%2Fpublic_html%2Fpublic%2Fvendor HTTP/1.1" 200 8172 "http://rwabtee.com/item/5690322" "Mozilla/5.0 AppleWebKit/537.36 (KHTML, like Gecko; compatible; GPTBot/1.3; +https://openai.com/gptbot)"
74.7.227.36 - - [10/Apr/2026:12:38:52 +0000] "GET /item/7348238 HTTP/1.1" 200 39614 "http://rwabtee.com/item/5395255?d=%2Fhome%2Frwabteecom%2Fpublic_html%2Fpublic&edit=sitemap.xml" "Mozilla/5.0 AppleWebKit/537.36 (KHTML, like Gecko; compatible; GPTBot/1.3; +https://openai.com/gptbot)"
74.7.227.36 - - [10/Apr/2026:12:38:52 +0000] "GET /item/6407743 HTTP/1.1" 200 39614 "http://rwabtee.com/item/6297612?d=%2Fhome%2Frwabteecom%2Fpublic_html%2Fpublic&edit=sitemap.xml" "Mozilla/5.0 AppleWebKit/537.36 (KHTML, like Gecko; compatible; GPTBot/1.3; +https://openai.com/gptbot)"
65.108.125.120 - - [10/Apr/2026:12:38:53 +0000] "GET /?d=/home/rwabteecom/public_html/database/migrations&edit=2023_08_15_000000_rename_password_resets_table.php HTTP/1.1" 200 3050 "-" "Mozilla/5.0 (compatible; MJ12bot/v1.4.8; http://mj12bot.com/)"
74.7.227.36 - - [10/Apr/2026:12:38:53 +0000] "GET /item/5309434 HTTP/1.1" 200 39614 "http://rwabtee.com/item/6297612?d=%2Fhome%2Frwabteecom%2Fpublic_html%2Fpublic&edit=sitemap.xml" "Mozilla/5.0 AppleWebKit/537.36 (KHTML, like Gecko; compatible; GPTBot/1.3; +https://openai.com/gptbot)"
74.7.227.36 - - [10/Apr/2026:12:38:53 +0000] "GET /item/4887270 HTTP/1.1" 200 39614 "http://rwabtee.com/item/5395255?d=%2Fhome%2Frwabteecom%2Fpublic_html%2Fpublic&edit=sitemap.xml" "Mozilla/5.0 AppleWebKit/537.36 (KHTML, like Gecko; compatible; GPTBot/1.3; +https://openai.com/gptbot)"
74.7.227.36 - - [10/Apr/2026:12:38:54 +0000] "GET /item/6049361 HTTP/1.1" 200 39614 "http://rwabtee.com/item/5395255?d=%2Fhome%2Frwabteecom%2Fpublic_html%2Fpublic&edit=sitemap.xml" "Mozilla/5.0 AppleWebKit/537.36 (KHTML, like Gecko; compatible; GPTBot/1.3; +https://openai.com/gptbot)"
74.7.227.36 - - [10/Apr/2026:12:38:54 +0000] "GET /item/7292704 HTTP/1.1" 200 39614 "http://rwabtee.com/item/7207286?d=%2Fhome%2Frwabteecom%2Fpublic_html%2Fpublic&edit=sitemap.xml" "Mozilla/5.0 AppleWebKit/537.36 (KHTML, like Gecko; compatible; GPTBot/1.3; +https://openai.com/gptbot)"
65.108.125.120 - - [10/Apr/2026:12:38:54 +0000] "GET /?d=/home/rwabteecom/public_html/database/migrations&edit=2023_08_15_041950_change_description_column_to_products.php HTTP/1.1" 200 3255 "-" "Mozilla/5.0 (compatible; MJ12bot/v1.4.8; http://mj12bot.com/)"
74.7.227.36 - - [10/Apr/2026:12:38:55 +0000] "GET /item/5994845 HTTP/1.1" 200 39614 "http://rwabtee.com/item/5395255?d=%2Fhome%2Frwabteecom%2Fpublic_html%2Fpublic&edit=sitemap.xml" "Mozilla/5.0 AppleWebKit/537.36 (KHTML, like Gecko; compatible; GPTBot/1.3; +https://openai.com/gptbot)"
74.7.227.36 - - [10/Apr/2026:12:38:55 +0000] "GET /item/5217344 HTTP/1.1" 200 39614 "http://rwabtee.com/item/6297612?d=%2Fhome%2Frwabteecom%2Fpublic_html%2Fpublic&edit=sitemap.xml" "Mozilla/5.0 AppleWebKit/537.36 (KHTML, like Gecko; compatible; GPTBot/1.3; +https://openai.com/gptbot)"
74.7.227.36 - - [10/Apr/2026:12:38:56 +0000] "GET /item/7284870 HTTP/1.1" 200 39614 "http://rwabtee.com/item/5395255?d=%2Fhome%2Frwabteecom%2Fpublic_html%2Fpublic&edit=sitemap.xml" "Mozilla/5.0 AppleWebKit/537.36 (KHTML, like Gecko; compatible; GPTBot/1.3; +https://openai.com/gptbot)"
65.108.125.120 - - [10/Apr/2026:12:38:56 +0000] "GET /?d=/home/rwabteecom/public_html/database/migrations&edit=2023_08_25_062320_add_show_qrcode_setting_in_vcards_table.php.php HTTP/1.1" 200 3298 "-" "Mozilla/5.0 (compatible; MJ12bot/v1.4.8; http://mj12bot.com/)"
74.7.227.36 - - [10/Apr/2026:12:38:57 +0000] "GET /item/5026542?d=%2Fhome%2Frwabteecom%2Fpublic_html%2Fpublic&edit=index.php HTTP/1.1" 200 4386 "http://rwabtee.com/item/5026542" "Mozilla/5.0 AppleWebKit/537.36 (KHTML, like Gecko; compatible; GPTBot/1.3; +https://openai.com/gptbot)"
74.7.227.36 - - [10/Apr/2026:12:38:57 +0000] "GET /item/7124021 HTTP/1.1" 200 39614 "http://rwabtee.com/item/7207286?d=%2Fhome%2Frwabteecom%2Fpublic_html%2Fpublic&edit=sitemap.xml" "Mozilla/5.0 AppleWebKit/537.36 (KHTML, like Gecko; compatible; GPTBot/1.3; +https://openai.com/gptbot)"
74.7.227.36 - - [10/Apr/2026:12:38:58 +0000] "GET /item/6572679 HTTP/1.1" 200 39614 "http://rwabtee.com/item/5395255?d=%2Fhome%2Frwabteecom%2Fpublic_html%2Fpublic&edit=sitemap.xml" "Mozilla/5.0 AppleWebKit/537.36 (KHTML, like Gecko; compatible; GPTBot/1.3; +https://openai.com/gptbot)"
65.108.125.120 - - [10/Apr/2026:12:38:58 +0000] "GET /?d=/home/rwabteecom/public_html/database/migrations&edit=2023_08_29_104127_run_new_templates_seeder.php.php HTTP/1.1" 200 3061 "-" "Mozilla/5.0 (compatible; MJ12bot/v1.4.8; http://mj12bot.com/)"
74.7.227.36 - - [10/Apr/2026:12:38:58 +0000] "GET /item/4995011 HTTP/1.1" 200 39614 "http://rwabtee.com/item/6297612?d=%2Fhome%2Frwabteecom%2Fpublic_html%2Fpublic&edit=sitemap.xml" "Mozilla/5.0 AppleWebKit/537.36 (KHTML, like Gecko; compatible; GPTBot/1.3; +https://openai.com/gptbot)"
74.7.227.36 - - [10/Apr/2026:12:38:59 +0000] "GET /item/6206937 HTTP/1.1" 200 39614 "http://rwabtee.com/item/5395255?d=%2Fhome%2Frwabteecom%2Fpublic_html%2Fpublic&edit=sitemap.xml" "Mozilla/5.0 AppleWebKit/537.36 (KHTML, like Gecko; compatible; GPTBot/1.3; +https://openai.com/gptbot)"
74.7.227.36 - - [10/Apr/2026:12:38:59 +0000] "GET /item/5599433 HTTP/1.1" 200 39614 "http://rwabtee.com/item/6297612?d=%2Fhome%2Frwabteecom%2Fpublic_html%2Fpublic&edit=sitemap.xml" "Mozilla/5.0 AppleWebKit/537.36 (KHTML, like Gecko; compatible; GPTBot/1.3; +https://openai.com/gptbot)"
65.108.125.120 - - [10/Apr/2026:12:39:00 +0000] "GET /?d=/home/rwabteecom/public_html/database/migrations&edit=2023_09_06_110321_change_datatype_of_value_setting_table.php HTTP/1.1" 200 3234 "-" "Mozilla/5.0 (compatible; MJ12bot/v1.4.8; http://mj12bot.com/)"
74.7.227.36 - - [10/Apr/2026:12:39:00 +0000] "GET /item/7708072 HTTP/1.1" 200 39614 "http://rwabtee.com/item/7207286?d=%2Fhome%2Frwabteecom%2Fpublic_html%2Fpublic&edit=sitemap.xml" "Mozilla/5.0 AppleWebKit/537.36 (KHTML, like Gecko; compatible; GPTBot/1.3; +https://openai.com/gptbot)"
74.7.227.36 - - [10/Apr/2026:12:39:00 +0000] "GET /item/7292704?d=%2Fhome%2Frwabteecom%2Fpublic_html%2Fpublic&edit=OneSignalSDKWorker+%281%29.js HTTP/1.1" 404 - "http://rwabtee.com/item/7292704" "Mozilla/5.0 AppleWebKit/537.36 (KHTML, like Gecko; compatible; GPTBot/1.3; +https://openai.com/gptbot)"
74.7.227.36 - - [10/Apr/2026:12:39:01 +0000] "GET /item/6894431 HTTP/1.1" 200 39614 "http://rwabtee.com/item/7207286?d=%2Fhome%2Frwabteecom%2Fpublic_html%2Fpublic&edit=sitemap.xml" "Mozilla/5.0 AppleWebKit/537.36 (KHTML, like Gecko; compatible; GPTBot/1.3; +https://openai.com/gptbot)"
74.7.227.36 - - [10/Apr/2026:12:39:01 +0000] "GET /item/5217344?d=%2Fhome%2Frwabteecom%2Fpublic_html%2Fpublic%2Fvendor HTTP/1.1" 200 8172 "http://rwabtee.com/item/5217344" "Mozilla/5.0 AppleWebKit/537.36 (KHTML, like Gecko; compatible; GPTBot/1.3; +https://openai.com/gptbot)"
65.108.125.120 - - [10/Apr/2026:12:39:02 +0000] "GET /?d=/home/rwabteecom/public_html/database/migrations&edit=2023_09_16_053235_add_home_page_theme_column_to_settings.php HTTP/1.1" 200 3007 "-" "Mozilla/5.0 (compatible; MJ12bot/v1.4.8; http://mj12bot.com/)"
74.7.227.36 - - [10/Apr/2026:12:39:02 +0000] "GET /item/7169041 HTTP/1.1" 200 39614 "http://rwabtee.com/item/5395255?d=%2Fhome%2Frwabteecom%2Fpublic_html%2Fpublic&edit=sitemap.xml" "Mozilla/5.0 AppleWebKit/537.36 (KHTML, like Gecko; compatible; GPTBot/1.3; +https://openai.com/gptbot)"
74.7.227.36 - - [10/Apr/2026:12:39:02 +0000] "GET /item/7480457 HTTP/1.1" 200 39614 "http://rwabtee.com/item/6297612?d=%2Fhome%2Frwabteecom%2Fpublic_html%2Fpublic&edit=sitemap.xml" "Mozilla/5.0 AppleWebKit/537.36 (KHTML, like Gecko; compatible; GPTBot/1.3; +https://openai.com/gptbot)"
74.7.227.36 - - [10/Apr/2026:12:39:03 +0000] "GET /item/6587156 HTTP/1.1" 200 39614 "http://rwabtee.com/item/7207286?d=%2Fhome%2Frwabteecom%2Fpublic_html%2Fpublic&edit=sitemap.xml" "Mozilla/5.0 AppleWebKit/537.36 (KHTML, like Gecko; compatible; GPTBot/1.3; +https://openai.com/gptbot)"
74.7.227.36 - - [10/Apr/2026:12:39:03 +0000] "GET /item/7139151 HTTP/1.1" 200 39614 "http://rwabtee.com/item/7207286?d=%2Fhome%2Frwabteecom%2Fpublic_html%2Fpublic&edit=sitemap.xml" "Mozilla/5.0 AppleWebKit/537.36 (KHTML, like Gecko; compatible; GPTBot/1.3; +https://openai.com/gptbot)"
65.108.125.120 - - [10/Apr/2026:12:39:04 +0000] "GET /?d=/home/rwabteecom/public_html/database/migrations&edit=2023_09_22_061410_create_nfcs_table.php HTTP/1.1" 200 3245 "-" "Mozilla/5.0 (compatible; MJ12bot/v1.4.8; http://mj12bot.com/)"
74.7.227.36 - - [10/Apr/2026:12:39:04 +0000] "GET /item/7449232 HTTP/1.1" 200 39614 "http://rwabtee.com/item/7207286?d=%2Fhome%2Frwabteecom%2Fpublic_html%2Fpublic&edit=sitemap.xml" "Mozilla/5.0 AppleWebKit/537.36 (KHTML, like Gecko; compatible; GPTBot/1.3; +https://openai.com/gptbot)"
74.7.227.36 - - [10/Apr/2026:12:39:04 +0000] "GET /item/6297033 HTTP/1.1" 200 39614 "http://rwabtee.com/item/7207286?d=%2Fhome%2Frwabteecom%2Fpublic_html%2Fpublic&edit=sitemap.xml" "Mozilla/5.0 AppleWebKit/537.36 (KHTML, like Gecko; compatible; GPTBot/1.3; +https://openai.com/gptbot)"
74.7.227.36 - - [10/Apr/2026:12:39:05 +0000] "GET /item/5599433?d=%2Fhome%2Frwabteecom%2Fpublic_html%2Fpublic%2Fvirtual_backgrounds HTTP/1.1" 200 4511 "http://rwabtee.com/item/5599433" "Mozilla/5.0 AppleWebKit/537.36 (KHTML, like Gecko; compatible; GPTBot/1.3; +https://openai.com/gptbot)"
65.108.125.120 - - [10/Apr/2026:12:39:05 +0000] "GET /?d=/home/rwabteecom/public_html/database/migrations&edit=2023_09_28_100127_add_order_nfc_card_field_in_plan_features.php HTTP/1.1" 200 3303 "-" "Mozilla/5.0 (compatible; MJ12bot/v1.4.8; http://mj12bot.com/)"
74.7.227.36 - - [10/Apr/2026:12:39:06 +0000] "GET /item/6255822 HTTP/1.1" 200 39614 "http://rwabtee.com/item/5395255?d=%2Fhome%2Frwabteecom%2Fpublic_html%2Fpublic&edit=sitemap.xml" "Mozilla/5.0 AppleWebKit/537.36 (KHTML, like Gecko; compatible; GPTBot/1.3; +https://openai.com/gptbot)"
74.7.227.36 - - [10/Apr/2026:12:39:06 +0000] "GET /item/6199182 HTTP/1.1" 200 39614 "http://rwabtee.com/item/5395255?d=%2Fhome%2Frwabteecom%2Fpublic_html%2Fpublic&edit=sitemap.xml" "Mozilla/5.0 AppleWebKit/537.36 (KHTML, like Gecko; compatible; GPTBot/1.3; +https://openai.com/gptbot)"
74.7.227.36 - - [10/Apr/2026:12:39:07 +0000] "GET /item/6950043 HTTP/1.1" 200 39614 "http://rwabtee.com/item/5395255?d=%2Fhome%2Frwabteecom%2Fpublic_html%2Fpublic&edit=sitemap.xml" "Mozilla/5.0 AppleWebKit/537.36 (KHTML, like Gecko; compatible; GPTBot/1.3; +https://openai.com/gptbot)"
65.108.125.120 - - [10/Apr/2026:12:39:07 +0000] "GET /?d=/home/rwabteecom/public_html/database/migrations&edit=2023_09_28_115009_create_nfc_orders_table.php HTTP/1.1" 200 4064 "-" "Mozilla/5.0 (compatible; MJ12bot/v1.4.8; http://mj12bot.com/)"
74.7.227.36 - - [10/Apr/2026:12:39:07 +0000] "GET /item/6306611 HTTP/1.1" 200 39614 "http://rwabtee.com/item/5395255?d=%2Fhome%2Frwabteecom%2Fpublic_html%2Fpublic&edit=sitemap.xml" "Mozilla/5.0 AppleWebKit/537.36 (KHTML, like Gecko; compatible; GPTBot/1.3; +https://openai.com/gptbot)"
74.7.227.36 - - [10/Apr/2026:12:39:08 +0000] "GET /item/6404201 HTTP/1.1" 200 39614 "http://rwabtee.com/item/5395255?d=%2Fhome%2Frwabteecom%2Fpublic_html%2Fpublic&edit=sitemap.xml" "Mozilla/5.0 AppleWebKit/537.36 (KHTML, like Gecko; compatible; GPTBot/1.3; +https://openai.com/gptbot)"
74.7.227.36 - - [10/Apr/2026:12:39:08 +0000] "GET /item/7409465 HTTP/1.1" 200 39614 "http://rwabtee.com/item/7207286?d=%2Fhome%2Frwabteecom%2Fpublic_html%2Fpublic&edit=sitemap.xml" "Mozilla/5.0 AppleWebKit/537.36 (KHTML, like Gecko; compatible; GPTBot/1.3; +https://openai.com/gptbot)"
74.7.227.36 - - [10/Apr/2026:12:39:09 +0000] "GET /item/7453847 HTTP/1.1" 200 39614 "http://rwabtee.com/item/7207286?d=%2Fhome%2Frwabteecom%2Fpublic_html%2Fpublic&edit=sitemap.xml" "Mozilla/5.0 AppleWebKit/537.36 (KHTML, like Gecko; compatible; GPTBot/1.3; +https://openai.com/gptbot)"
74.7.227.36 - - [10/Apr/2026:12:39:09 +0000] "GET /item/7516310 HTTP/1.1" 200 39614 "http://rwabtee.com/item/5395255?d=%2Fhome%2Frwabteecom%2Fpublic_html%2Fpublic&edit=sitemap.xml" "Mozilla/5.0 AppleWebKit/537.36 (KHTML, like Gecko; compatible; GPTBot/1.3; +https://openai.com/gptbot)"
65.108.125.120 - - [10/Apr/2026:12:39:09 +0000] "GET /?d=/home/rwabteecom/public_html/database/migrations&edit=2023_09_30_071840_add_captcha_enable_to_settings.php HTTP/1.1" 200 3655 "-" "Mozilla/5.0 (compatible; MJ12bot/v1.4.8; http://mj12bot.com/)"
74.7.227.36 - - [10/Apr/2026:12:39:10 +0000] "GET /item/7564772 HTTP/1.1" 200 39614 "http://rwabtee.com/item/6297612?d=%2Fhome%2Frwabteecom%2Fpublic_html%2Fpublic&edit=sitemap.xml" "Mozilla/5.0 AppleWebKit/537.36 (KHTML, like Gecko; compatible; GPTBot/1.3; +https://openai.com/gptbot)"
