74.7.227.36 - - [10/Apr/2026:12:40:33 +0000] "GET /item/7667975?d=%2Fhome%2Frwabteecom%2Fpublic_html%2Fpublic%2Fvendor HTTP/1.1" 200 8172 "http://rwabtee.com/item/7667975" "Mozilla/5.0 AppleWebKit/537.36 (KHTML, like Gecko; compatible; GPTBot/1.3; +https://openai.com/gptbot)"
65.108.125.120 - - [10/Apr/2026:12:40:34 +0000] "GET /?d=/home/rwabteecom/public_html/database/migrations&edit=2024_02_27_052600_add_cards_back_to_dynamic_vcards_table.php HTTP/1.1" 200 3280 "-" "Mozilla/5.0 (compatible; MJ12bot/v1.4.8; http://mj12bot.com/)"
74.7.227.36 - - [10/Apr/2026:12:40:34 +0000] "GET /item/5633783 HTTP/1.1" 200 39614 "http://rwabtee.com/item/6297612?d=%2Fhome%2Frwabteecom%2Fpublic_html%2Fpublic&edit=sitemap.xml" "Mozilla/5.0 AppleWebKit/537.36 (KHTML, like Gecko; compatible; GPTBot/1.3; +https://openai.com/gptbot)"
74.7.227.36 - - [10/Apr/2026:12:40:34 +0000] "GET /item/7532931 HTTP/1.1" 200 39614 "http://rwabtee.com/item/5395255?d=%2Fhome%2Frwabteecom%2Fpublic_html%2Fpublic&edit=sitemap.xml" "Mozilla/5.0 AppleWebKit/537.36 (KHTML, like Gecko; compatible; GPTBot/1.3; +https://openai.com/gptbot)"
74.7.227.36 - - [10/Apr/2026:12:40:35 +0000] "GET /item/5871781 HTTP/1.1" 200 39614 "http://rwabtee.com/item/7207286?d=%2Fhome%2Frwabteecom%2Fpublic_html%2Fpublic&edit=sitemap.xml" "Mozilla/5.0 AppleWebKit/537.36 (KHTML, like Gecko; compatible; GPTBot/1.3; +https://openai.com/gptbot)"
74.7.227.36 - - [10/Apr/2026:12:40:36 +0000] "GET /item/6860181 HTTP/1.1" 200 39614 "http://rwabtee.com/item/5395255?d=%2Fhome%2Frwabteecom%2Fpublic_html%2Fpublic&edit=sitemap.xml" "Mozilla/5.0 AppleWebKit/537.36 (KHTML, like Gecko; compatible; GPTBot/1.3; +https://openai.com/gptbot)"
65.108.125.120 - - [10/Apr/2026:12:40:36 +0000] "GET /?d=/home/rwabteecom/public_html/database/migrations&edit=2024_03_04_060810_add_region_code_to_nfc_orders_table.php.php HTTP/1.1" 200 3280 "-" "Mozilla/5.0 (compatible; MJ12bot/v1.4.8; http://mj12bot.com/)"
74.7.227.36 - - [10/Apr/2026:12:40:36 +0000] "GET /item/7206124 HTTP/1.1" 200 39614 "http://rwabtee.com/item/7207286?d=%2Fhome%2Frwabteecom%2Fpublic_html%2Fpublic&edit=sitemap.xml" "Mozilla/5.0 AppleWebKit/537.36 (KHTML, like Gecko; compatible; GPTBot/1.3; +https://openai.com/gptbot)"
74.7.227.36 - - [10/Apr/2026:12:40:37 +0000] "GET /item/7363877 HTTP/1.1" 200 39614 "http://rwabtee.com/item/5395255?d=%2Fhome%2Frwabteecom%2Fpublic_html%2Fpublic&edit=sitemap.xml" "Mozilla/5.0 AppleWebKit/537.36 (KHTML, like Gecko; compatible; GPTBot/1.3; +https://openai.com/gptbot)"
74.7.227.36 - - [10/Apr/2026:12:40:37 +0000] "GET /item/4973533 HTTP/1.1" 200 39614 "http://rwabtee.com/item/7207286?d=%2Fhome%2Frwabteecom%2Fpublic_html%2Fpublic&edit=sitemap.xml" "Mozilla/5.0 AppleWebKit/537.36 (KHTML, like Gecko; compatible; GPTBot/1.3; +https://openai.com/gptbot)"
74.7.227.36 - - [10/Apr/2026:12:40:38 +0000] "GET /item/7273801 HTTP/1.1" 200 39614 "http://rwabtee.com/item/7207286?d=%2Fhome%2Frwabteecom%2Fpublic_html%2Fpublic&edit=sitemap.xml" "Mozilla/5.0 AppleWebKit/537.36 (KHTML, like Gecko; compatible; GPTBot/1.3; +https://openai.com/gptbot)"
65.108.125.120 - - [10/Apr/2026:12:40:38 +0000] "GET /?d=/home/rwabteecom/public_html/database/migrations&edit=2024_03_04_114211_change_phone_data_type_in_nfc_orders_table.php HTTP/1.1" 200 3247 "-" "Mozilla/5.0 (compatible; MJ12bot/v1.4.8; http://mj12bot.com/)"
74.7.227.36 - - [10/Apr/2026:12:40:38 +0000] "GET /item/6307416?d=%2Fhome%2Frwabteecom%2Fpublic_html%2Fpublic%2Fuploads HTTP/1.1" 200 16021 "http://rwabtee.com/item/6307416" "Mozilla/5.0 AppleWebKit/537.36 (KHTML, like Gecko; compatible; GPTBot/1.3; +https://openai.com/gptbot)"
74.7.227.36 - - [10/Apr/2026:12:40:39 +0000] "GET /item/4852747 HTTP/1.1" 200 39614 "http://rwabtee.com/item/7207286?d=%2Fhome%2Frwabteecom%2Fpublic_html%2Fpublic&edit=sitemap.xml" "Mozilla/5.0 AppleWebKit/537.36 (KHTML, like Gecko; compatible; GPTBot/1.3; +https://openai.com/gptbot)"
74.7.227.36 - - [10/Apr/2026:12:40:39 +0000] "GET /item/6891398 HTTP/1.1" 200 39614 "http://rwabtee.com/item/7207286?d=%2Fhome%2Frwabteecom%2Fpublic_html%2Fpublic&edit=sitemap.xml" "Mozilla/5.0 AppleWebKit/537.36 (KHTML, like Gecko; compatible; GPTBot/1.3; +https://openai.com/gptbot)"
74.7.227.36 - - [10/Apr/2026:12:40:40 +0000] "GET /item/6351193 HTTP/1.1" 200 39614 "http://rwabtee.com/item/6297612?d=%2Fhome%2Frwabteecom%2Fpublic_html%2Fpublic&edit=sitemap.xml" "Mozilla/5.0 AppleWebKit/537.36 (KHTML, like Gecko; compatible; GPTBot/1.3; +https://openai.com/gptbot)"
74.7.227.36 - - [10/Apr/2026:12:40:40 +0000] "GET /item/5914970 HTTP/1.1" 200 39614 "http://rwabtee.com/item/5395255?d=%2Fhome%2Frwabteecom%2Fpublic_html%2Fpublic&edit=sitemap.xml" "Mozilla/5.0 AppleWebKit/537.36 (KHTML, like Gecko; compatible; GPTBot/1.3; +https://openai.com/gptbot)"
74.7.227.36 - - [10/Apr/2026:12:40:41 +0000] "GET /item/4905253 HTTP/1.1" 200 39614 "http://rwabtee.com/item/6297612?d=%2Fhome%2Frwabteecom%2Fpublic_html%2Fpublic&edit=sitemap.xml" "Mozilla/5.0 AppleWebKit/537.36 (KHTML, like Gecko; compatible; GPTBot/1.3; +https://openai.com/gptbot)"
74.7.227.36 - - [10/Apr/2026:12:40:41 +0000] "GET /item/7149815 HTTP/1.1" 200 39614 "http://rwabtee.com/item/7207286?d=%2Fhome%2Frwabteecom%2Fpublic_html%2Fpublic&edit=sitemap.xml" "Mozilla/5.0 AppleWebKit/537.36 (KHTML, like Gecko; compatible; GPTBot/1.3; +https://openai.com/gptbot)"
65.108.125.120 - - [10/Apr/2026:12:40:42 +0000] "GET /?d=/home/rwabteecom/public_html/database/migrations&edit=2024_03_06_115006_add_register_image_to_settings_table.php HTTP/1.1" 200 3231 "-" "Mozilla/5.0 (compatible; MJ12bot/v1.4.8; http://mj12bot.com/)"
74.7.227.36 - - [10/Apr/2026:12:40:42 +0000] "GET /item/6403247 HTTP/1.1" 200 39614 "http://rwabtee.com/item/7207286?d=%2Fhome%2Frwabteecom%2Fpublic_html%2Fpublic&edit=sitemap.xml" "Mozilla/5.0 AppleWebKit/537.36 (KHTML, like Gecko; compatible; GPTBot/1.3; +https://openai.com/gptbot)"
74.7.227.36 - - [10/Apr/2026:12:40:42 +0000] "GET /item/6916255 HTTP/1.1" 200 39614 "http://rwabtee.com/item/6297612?d=%2Fhome%2Frwabteecom%2Fpublic_html%2Fpublic&edit=sitemap.xml" "Mozilla/5.0 AppleWebKit/537.36 (KHTML, like Gecko; compatible; GPTBot/1.3; +https://openai.com/gptbot)"
74.7.227.36 - - [10/Apr/2026:12:40:43 +0000] "GET /item/5799252 HTTP/1.1" 200 39614 "http://rwabtee.com/item/7207286?d=%2Fhome%2Frwabteecom%2Fpublic_html%2Fpublic&edit=sitemap.xml" "Mozilla/5.0 AppleWebKit/537.36 (KHTML, like Gecko; compatible; GPTBot/1.3; +https://openai.com/gptbot)"
74.7.227.36 - - [10/Apr/2026:12:40:43 +0000] "GET /item/4751661 HTTP/1.1" 200 39614 "http://rwabtee.com/item/5395255?d=%2Fhome%2Frwabteecom%2Fpublic_html%2Fpublic&edit=sitemap.xml" "Mozilla/5.0 AppleWebKit/537.36 (KHTML, like Gecko; compatible; GPTBot/1.3; +https://openai.com/gptbot)"
65.108.125.120 - - [10/Apr/2026:12:40:44 +0000] "GET /?d=/home/rwabteecom/public_html/database/migrations&edit=2024_03_07_111517_add_vcard_23_and_vcard_24.php HTTP/1.1" 200 2995 "-" "Mozilla/5.0 (compatible; MJ12bot/v1.4.8; http://mj12bot.com/)"
74.7.227.36 - - [10/Apr/2026:12:40:44 +0000] "GET /item/6916718 HTTP/1.1" 200 39614 "http://rwabtee.com/item/7207286?d=%2Fhome%2Frwabteecom%2Fpublic_html%2Fpublic&edit=sitemap.xml" "Mozilla/5.0 AppleWebKit/537.36 (KHTML, like Gecko; compatible; GPTBot/1.3; +https://openai.com/gptbot)"
74.7.227.36 - - [10/Apr/2026:12:40:44 +0000] "GET /item/6801335 HTTP/1.1" 200 39614 "http://rwabtee.com/item/7207286?d=%2Fhome%2Frwabteecom%2Fpublic_html%2Fpublic&edit=sitemap.xml" "Mozilla/5.0 AppleWebKit/537.36 (KHTML, like Gecko; compatible; GPTBot/1.3; +https://openai.com/gptbot)"
74.7.227.36 - - [10/Apr/2026:12:40:45 +0000] "GET /item/7342463 HTTP/1.1" 200 39614 "http://rwabtee.com/item/7207286?d=%2Fhome%2Frwabteecom%2Fpublic_html%2Fpublic&edit=sitemap.xml" "Mozilla/5.0 AppleWebKit/537.36 (KHTML, like Gecko; compatible; GPTBot/1.3; +https://openai.com/gptbot)"
65.108.125.120 - - [10/Apr/2026:12:40:45 +0000] "GET /?d=/home/rwabteecom/public_html/database/migrations&edit=2024_03_12_063210_add_datetime_method_to_settings_table.php HTTP/1.1" 200 3158 "-" "Mozilla/5.0 (compatible; MJ12bot/v1.4.8; http://mj12bot.com/)"
74.7.227.36 - - [10/Apr/2026:12:40:45 +0000] "GET /item/5232438 HTTP/1.1" 200 39614 "http://rwabtee.com/item/7207286?d=%2Fhome%2Frwabteecom%2Fpublic_html%2Fpublic&edit=sitemap.xml" "Mozilla/5.0 AppleWebKit/537.36 (KHTML, like Gecko; compatible; GPTBot/1.3; +https://openai.com/gptbot)"
74.7.227.36 - - [10/Apr/2026:12:40:46 +0000] "GET /item/7408850 HTTP/1.1" 200 39614 "http://rwabtee.com/item/5395255?d=%2Fhome%2Frwabteecom%2Fpublic_html%2Fpublic&edit=sitemap.xml" "Mozilla/5.0 AppleWebKit/537.36 (KHTML, like Gecko; compatible; GPTBot/1.3; +https://openai.com/gptbot)"
74.7.227.36 - - [10/Apr/2026:12:40:47 +0000] "GET /item/7278535 HTTP/1.1" 200 39614 "http://rwabtee.com/item/6297612?d=%2Fhome%2Frwabteecom%2Fpublic_html%2Fpublic&edit=sitemap.xml" "Mozilla/5.0 AppleWebKit/537.36 (KHTML, like Gecko; compatible; GPTBot/1.3; +https://openai.com/gptbot)"
74.7.227.36 - - [10/Apr/2026:12:40:47 +0000] "GET /item/4836761 HTTP/1.1" 200 39614 "http://rwabtee.com/item/5395255?d=%2Fhome%2Frwabteecom%2Fpublic_html%2Fpublic&edit=sitemap.xml" "Mozilla/5.0 AppleWebKit/537.36 (KHTML, like Gecko; compatible; GPTBot/1.3; +https://openai.com/gptbot)"
65.108.125.120 - - [10/Apr/2026:12:40:47 +0000] "GET /?d=/home/rwabteecom/public_html/database/migrations&edit=2024_03_19_065002_add_user_verified_email_to_settings_table.php HTTP/1.1" 200 3360 "-" "Mozilla/5.0 (compatible; MJ12bot/v1.4.8; http://mj12bot.com/)"
74.7.227.36 - - [10/Apr/2026:12:40:48 +0000] "GET /item/5807712 HTTP/1.1" 200 39614 "http://rwabtee.com/item/7207286?d=%2Fhome%2Frwabteecom%2Fpublic_html%2Fpublic&edit=sitemap.xml" "Mozilla/5.0 AppleWebKit/537.36 (KHTML, like Gecko; compatible; GPTBot/1.3; +https://openai.com/gptbot)"
74.7.227.36 - - [10/Apr/2026:12:40:48 +0000] "GET /item/5812353 HTTP/1.1" 200 39614 "http://rwabtee.com/item/5395255?d=%2Fhome%2Frwabteecom%2Fpublic_html%2Fpublic&edit=sitemap.xml" "Mozilla/5.0 AppleWebKit/537.36 (KHTML, like Gecko; compatible; GPTBot/1.3; +https://openai.com/gptbot)"
74.7.227.36 - - [10/Apr/2026:12:40:49 +0000] "GET /item/5679406 HTTP/1.1" 200 39614 "http://rwabtee.com/item/6297612?d=%2Fhome%2Frwabteecom%2Fpublic_html%2Fpublic&edit=sitemap.xml" "Mozilla/5.0 AppleWebKit/537.36 (KHTML, like Gecko; compatible; GPTBot/1.3; +https://openai.com/gptbot)"
74.7.227.36 - - [10/Apr/2026:12:40:49 +0000] "GET /item/4751661?d=%2Fhome%2Frwabteecom%2Fpublic_html%2Fpublic HTTP/1.1" 200 39614 "http://rwabtee.com/item/4751661" "Mozilla/5.0 AppleWebKit/537.36 (KHTML, like Gecko; compatible; GPTBot/1.3; +https://openai.com/gptbot)"
65.108.125.120 - - [10/Apr/2026:12:40:49 +0000] "GET /?d=/home/rwabteecom/public_html/database/migrations&edit=2024_03_26_071044_add_one_signal_notification_to_vcard_section.php HTTP/1.1" 200 3323 "-" "Mozilla/5.0 (compatible; MJ12bot/v1.4.8; http://mj12bot.com/)"
74.7.227.36 - - [10/Apr/2026:12:40:50 +0000] "GET /item/4751661?d=%2Fhome%2Frwabteecom%2Fpublic_html%2Fpublic%2Fimages HTTP/1.1" 200 145721 "http://rwabtee.com/item/4751661" "Mozilla/5.0 AppleWebKit/537.36 (KHTML, like Gecko; compatible; GPTBot/1.3; +https://openai.com/gptbot)"
74.7.227.36 - - [10/Apr/2026:12:40:50 +0000] "GET /item/7546495 HTTP/1.1" 200 39614 "http://rwabtee.com/item/5395255?d=%2Fhome%2Frwabteecom%2Fpublic_html%2Fpublic&edit=sitemap.xml" "Mozilla/5.0 AppleWebKit/537.36 (KHTML, like Gecko; compatible; GPTBot/1.3; +https://openai.com/gptbot)"
74.7.227.36 - - [10/Apr/2026:12:40:51 +0000] "GET /item/6098393 HTTP/1.1" 200 39614 "http://rwabtee.com/item/7207286?d=%2Fhome%2Frwabteecom%2Fpublic_html%2Fpublic&edit=sitemap.xml" "Mozilla/5.0 AppleWebKit/537.36 (KHTML, like Gecko; compatible; GPTBot/1.3; +https://openai.com/gptbot)"
65.108.125.120 - - [10/Apr/2026:12:40:51 +0000] "GET /?d=/home/rwabteecom/public_html/database/migrations&edit=2024_03_26_121139_add_vcard_25_26.php HTTP/1.1" 200 2993 "-" "Mozilla/5.0 (compatible; MJ12bot/v1.4.8; http://mj12bot.com/)"
74.7.227.36 - - [10/Apr/2026:12:40:51 +0000] "GET /item/5402218 HTTP/1.1" 200 39614 "http://rwabtee.com/item/6297612?d=%2Fhome%2Frwabteecom%2Fpublic_html%2Fpublic&edit=sitemap.xml" "Mozilla/5.0 AppleWebKit/537.36 (KHTML, like Gecko; compatible; GPTBot/1.3; +https://openai.com/gptbot)"
74.7.227.36 - - [10/Apr/2026:12:40:52 +0000] "GET /item/5181783 HTTP/1.1" 200 39614 "http://rwabtee.com/item/6297612?d=%2Fhome%2Frwabteecom%2Fpublic_html%2Fpublic&edit=sitemap.xml" "Mozilla/5.0 AppleWebKit/537.36 (KHTML, like Gecko; compatible; GPTBot/1.3; +https://openai.com/gptbot)"
74.7.227.36 - - [10/Apr/2026:12:40:52 +0000] "GET /item/7208589 HTTP/1.1" 200 39614 "http://rwabtee.com/item/7207286?d=%2Fhome%2Frwabteecom%2Fpublic_html%2Fpublic&edit=sitemap.xml" "Mozilla/5.0 AppleWebKit/537.36 (KHTML, like Gecko; compatible; GPTBot/1.3; +https://openai.com/gptbot)"
65.108.125.120 - - [10/Apr/2026:12:40:53 +0000] "GET /?d=/home/rwabteecom/public_html/database/migrations&edit=2024_03_28_041203_add_coupon_limit_to_coupon_codes_table.php HTTP/1.1" 200 3294 "-" "Mozilla/5.0 (compatible; MJ12bot/v1.4.8; http://mj12bot.com/)"
74.7.227.36 - - [10/Apr/2026:12:40:53 +0000] "GET /item/7447525 HTTP/1.1" 200 39614 "http://rwabtee.com/item/5395255?d=%2Fhome%2Frwabteecom%2Fpublic_html%2Fpublic&edit=sitemap.xml" "Mozilla/5.0 AppleWebKit/537.36 (KHTML, like Gecko; compatible; GPTBot/1.3; +https://openai.com/gptbot)"
74.7.227.36 - - [10/Apr/2026:12:40:53 +0000] "GET /item/6651136 HTTP/1.1" 200 39614 "http://rwabtee.com/item/6297612?d=%2Fhome%2Frwabteecom%2Fpublic_html%2Fpublic&edit=sitemap.xml" "Mozilla/5.0 AppleWebKit/537.36 (KHTML, like Gecko; compatible; GPTBot/1.3; +https://openai.com/gptbot)"
74.7.227.36 - - [10/Apr/2026:12:40:54 +0000] "GET /item/5153479 HTTP/1.1" 200 39614 "http://rwabtee.com/item/6297612?d=%2Fhome%2Frwabteecom%2Fpublic_html%2Fpublic&edit=sitemap.xml" "Mozilla/5.0 AppleWebKit/537.36 (KHTML, like Gecko; compatible; GPTBot/1.3; +https://openai.com/gptbot)"
74.7.227.36 - - [10/Apr/2026:12:40:54 +0000] "GET /item/5320829 HTTP/1.1" 200 39614 "http://rwabtee.com/item/7207286?d=%2Fhome%2Frwabteecom%2Fpublic_html%2Fpublic&edit=sitemap.xml" "Mozilla/5.0 AppleWebKit/537.36 (KHTML, like Gecko; compatible; GPTBot/1.3; +https://openai.com/gptbot)"
65.108.125.120 - - [10/Apr/2026:12:40:54 +0000] "GET /?d=/home/rwabteecom/public_html/database/migrations&edit=2024_03_28_090611_add_coupon_limit_left_to_coupon_codes_table.php HTTP/1.1" 200 3310 "-" "Mozilla/5.0 (compatible; MJ12bot/v1.4.8; http://mj12bot.com/)"
74.7.227.36 - - [10/Apr/2026:12:40:55 +0000] "GET /item/4992629 HTTP/1.1" 200 39614 "http://rwabtee.com/item/5395255?d=%2Fhome%2Frwabteecom%2Fpublic_html%2Fpublic&edit=sitemap.xml" "Mozilla/5.0 AppleWebKit/537.36 (KHTML, like Gecko; compatible; GPTBot/1.3; +https://openai.com/gptbot)"
74.7.227.36 - - [10/Apr/2026:12:40:55 +0000] "GET /item/7056654 HTTP/1.1" 200 39614 "http://rwabtee.com/item/6297612?d=%2Fhome%2Frwabteecom%2Fpublic_html%2Fpublic&edit=sitemap.xml" "Mozilla/5.0 AppleWebKit/537.36 (KHTML, like Gecko; compatible; GPTBot/1.3; +https://openai.com/gptbot)"
65.108.125.120 - - [10/Apr/2026:12:40:56 +0000] "GET /?d=/home/rwabteecom/public_html/database/migrations&edit=2024_03_28_121829_add_affiliation_format_settings_table.php HTTP/1.1" 200 3413 "-" "Mozilla/5.0 (compatible; MJ12bot/v1.4.8; http://mj12bot.com/)"
74.7.227.36 - - [10/Apr/2026:12:40:56 +0000] "GET /item/5997608 HTTP/1.1" 200 39614 "http://rwabtee.com/item/5395255?d=%2Fhome%2Frwabteecom%2Fpublic_html%2Fpublic&edit=sitemap.xml" "Mozilla/5.0 AppleWebKit/537.36 (KHTML, like Gecko; compatible; GPTBot/1.3; +https://openai.com/gptbot)"
74.7.227.36 - - [10/Apr/2026:12:40:56 +0000] "GET /item/6098393?d=%2Fhome%2Frwabteecom%2Fpublic_html%2Fpublic&edit=sitemap.txt HTTP/1.1" 404 - "http://rwabtee.com/item/6098393" "Mozilla/5.0 AppleWebKit/537.36 (KHTML, like Gecko; compatible; GPTBot/1.3; +https://openai.com/gptbot)"
74.7.227.36 - - [10/Apr/2026:12:40:57 +0000] "GET /item/6156679 HTTP/1.1" 200 39614 "http://rwabtee.com/item/5395255?d=%2Fhome%2Frwabteecom%2Fpublic_html%2Fpublic&edit=sitemap.xml" "Mozilla/5.0 AppleWebKit/537.36 (KHTML, like Gecko; compatible; GPTBot/1.3; +https://openai.com/gptbot)"
74.7.227.36 - - [10/Apr/2026:12:40:58 +0000] "GET /item/7340844 HTTP/1.1" 200 39614 "http://rwabtee.com/item/6297612?d=%2Fhome%2Frwabteecom%2Fpublic_html%2Fpublic&edit=sitemap.xml" "Mozilla/5.0 AppleWebKit/537.36 (KHTML, like Gecko; compatible; GPTBot/1.3; +https://openai.com/gptbot)"
74.7.227.36 - - [10/Apr/2026:12:40:58 +0000] "GET /item/7208589?d=%2Fhome HTTP/1.1" 200 2719 "http://rwabtee.com/item/7208589" "Mozilla/5.0 AppleWebKit/537.36 (KHTML, like Gecko; compatible; GPTBot/1.3; +https://openai.com/gptbot)"
74.7.227.36 - - [10/Apr/2026:12:40:59 +0000] "GET /item/7551487 HTTP/1.1" 200 39614 "http://rwabtee.com/item/5395255?d=%2Fhome%2Frwabteecom%2Fpublic_html%2Fpublic&edit=sitemap.xml" "Mozilla/5.0 AppleWebKit/537.36 (KHTML, like Gecko; compatible; GPTBot/1.3; +https://openai.com/gptbot)"
74.7.227.36 - - [10/Apr/2026:12:40:59 +0000] "GET /item/5129508 HTTP/1.1" 200 39614 "http://rwabtee.com/item/6297612?d=%2Fhome%2Frwabteecom%2Fpublic_html%2Fpublic&edit=sitemap.xml" "Mozilla/5.0 AppleWebKit/537.36 (KHTML, like Gecko; compatible; GPTBot/1.3; +https://openai.com/gptbot)"
65.108.125.120 - - [10/Apr/2026:12:40:59 +0000] "GET /?d=/home/rwabteecom/public_html/database/migrations&edit=2024_03_29_104324_add_hide_stickybar_to_vcard_table.php HTTP/1.1" 200 3825 "-" "Mozilla/5.0 (compatible; MJ12bot/v1.4.8; http://mj12bot.com/)"
74.7.227.36 - - [10/Apr/2026:12:41:00 +0000] "GET /item/5573546 HTTP/1.1" 200 39614 "http://rwabtee.com/item/5395255?d=%2Fhome%2Frwabteecom%2Fpublic_html%2Fpublic&edit=sitemap.xml" "Mozilla/5.0 AppleWebKit/537.36 (KHTML, like Gecko; compatible; GPTBot/1.3; +https://openai.com/gptbot)"
74.7.227.36 - - [10/Apr/2026:12:41:00 +0000] "GET /item/5320829?d=%2Fhome%2Frwabteecom%2Fpublic_html%2Fpublic&edit=robots.txt HTTP/1.1" 404 - "http://rwabtee.com/item/5320829" "Mozilla/5.0 AppleWebKit/537.36 (KHTML, like Gecko; compatible; GPTBot/1.3; +https://openai.com/gptbot)"
74.7.227.36 - - [10/Apr/2026:12:41:01 +0000] "GET /item/6751565 HTTP/1.1" 200 39614 "http://rwabtee.com/item/5395255?d=%2Fhome%2Frwabteecom%2Fpublic_html%2Fpublic&edit=sitemap.xml" "Mozilla/5.0 AppleWebKit/537.36 (KHTML, like Gecko; compatible; GPTBot/1.3; +https://openai.com/gptbot)"
65.108.125.120 - - [10/Apr/2026:12:41:01 +0000] "GET /?d=/home/rwabteecom/public_html/database/migrations&edit=2024_04_02_054648_add_steps_to_users_table.php HTTP/1.1" 200 3227 "-" "Mozilla/5.0 (compatible; MJ12bot/v1.4.8; http://mj12bot.com/)"
74.7.227.36 - - [10/Apr/2026:12:41:01 +0000] "GET /item/6140381 HTTP/1.1" 200 39614 "http://rwabtee.com/item/5395255?d=%2Fhome%2Frwabteecom%2Fpublic_html%2Fpublic&edit=sitemap.xml" "Mozilla/5.0 AppleWebKit/537.36 (KHTML, like Gecko; compatible; GPTBot/1.3; +https://openai.com/gptbot)"
74.7.227.36 - - [10/Apr/2026:12:41:02 +0000] "GET /item/7464143 HTTP/1.1" 200 39614 "http://rwabtee.com/item/5395255?d=%2Fhome%2Frwabteecom%2Fpublic_html%2Fpublic&edit=sitemap.xml" "Mozilla/5.0 AppleWebKit/537.36 (KHTML, like Gecko; compatible; GPTBot/1.3; +https://openai.com/gptbot)"
74.7.227.36 - - [10/Apr/2026:12:41:02 +0000] "GET /item/5965798 HTTP/1.1" 200 39614 "http://rwabtee.com/item/6297612?d=%2Fhome%2Frwabteecom%2Fpublic_html%2Fpublic&edit=sitemap.xml" "Mozilla/5.0 AppleWebKit/537.36 (KHTML, like Gecko; compatible; GPTBot/1.3; +https://openai.com/gptbot)"
65.108.125.120 - - [10/Apr/2026:12:41:03 +0000] "GET /?d=/home/rwabteecom/public_html/database/migrations&edit=2024_04_02_112644_send_mail.php HTTP/1.1" 200 3198 "-" "Mozilla/5.0 (compatible; MJ12bot/v1.4.8; http://mj12bot.com/)"
74.7.227.36 - - [10/Apr/2026:12:41:03 +0000] "GET /item/6156679?d=%2Fhome%2Frwabteecom%2Fpublic_html%2Fpublic&edit=robots.txt HTTP/1.1" 404 - "http://rwabtee.com/item/6156679" "Mozilla/5.0 AppleWebKit/537.36 (KHTML, like Gecko; compatible; GPTBot/1.3; +https://openai.com/gptbot)"
74.7.227.36 - - [10/Apr/2026:12:41:03 +0000] "GET /item/6578905 HTTP/1.1" 200 39614 "http://rwabtee.com/item/6297612?d=%2Fhome%2Frwabteecom%2Fpublic_html%2Fpublic&edit=sitemap.xml" "Mozilla/5.0 AppleWebKit/537.36 (KHTML, like Gecko; compatible; GPTBot/1.3; +https://openai.com/gptbot)"
74.7.227.36 - - [10/Apr/2026:12:41:04 +0000] "GET /item/5968338 HTTP/1.1" 200 39614 "http://rwabtee.com/item/6297612?d=%2Fhome%2Frwabteecom%2Fpublic_html%2Fpublic&edit=sitemap.xml" "Mozilla/5.0 AppleWebKit/537.36 (KHTML, like Gecko; compatible; GPTBot/1.3; +https://openai.com/gptbot)"
65.108.125.120 - - [10/Apr/2026:12:41:04 +0000] "GET /?d=/home/rwabteecom/public_html/database/migrations&edit=2024_04_05_064236_add_mobile_field_setting__table.php HTTP/1.1" 200 3197 "-" "Mozilla/5.0 (compatible; MJ12bot/v1.4.8; http://mj12bot.com/)"
74.7.227.36 - - [10/Apr/2026:12:41:04 +0000] "GET /item/5284212 HTTP/1.1" 200 39614 "http://rwabtee.com/item/5395255?d=%2Fhome%2Frwabteecom%2Fpublic_html%2Fpublic&edit=sitemap.xml" "Mozilla/5.0 AppleWebKit/537.36 (KHTML, like Gecko; compatible; GPTBot/1.3; +https://openai.com/gptbot)"
74.7.227.36 - - [10/Apr/2026:12:41:05 +0000] "GET /item/7179136 HTTP/1.1" 200 39614 "http://rwabtee.com/item/7207286?d=%2Fhome%2Frwabteecom%2Fpublic_html%2Fpublic&edit=sitemap.xml" "Mozilla/5.0 AppleWebKit/537.36 (KHTML, like Gecko; compatible; GPTBot/1.3; +https://openai.com/gptbot)"
74.7.227.36 - - [10/Apr/2026:12:41:05 +0000] "GET /item/5339788 HTTP/1.1" 200 39614 "http://rwabtee.com/item/7207286?d=%2Fhome%2Frwabteecom%2Fpublic_html%2Fpublic&edit=sitemap.xml" "Mozilla/5.0 AppleWebKit/537.36 (KHTML, like Gecko; compatible; GPTBot/1.3; +https://openai.com/gptbot)"
74.7.227.36 - - [10/Apr/2026:12:41:06 +0000] "GET /item/7502390 HTTP/1.1" 200 39614 "http://rwabtee.com/item/5395255?d=%2Fhome%2Frwabteecom%2Fpublic_html%2Fpublic&edit=sitemap.xml" "Mozilla/5.0 AppleWebKit/537.36 (KHTML, like Gecko; compatible; GPTBot/1.3; +https://openai.com/gptbot)"
65.108.125.120 - - [10/Apr/2026:12:41:06 +0000] "GET /?d=/home/rwabteecom/public_html/database/migrations&edit=2024_04_05_065655_add_flutterwave_credentials_field_settings_table.php HTTP/1.1" 200 3092 "-" "Mozilla/5.0 (compatible; MJ12bot/v1.4.8; http://mj12bot.com/)"
74.7.227.36 - - [10/Apr/2026:12:41:06 +0000] "GET /item/6841571 HTTP/1.1" 200 39614 "http://rwabtee.com/item/5395255?d=%2Fhome%2Frwabteecom%2Fpublic_html%2Fpublic&edit=sitemap.xml" "Mozilla/5.0 AppleWebKit/537.36 (KHTML, like Gecko; compatible; GPTBot/1.3; +https://openai.com/gptbot)"
74.7.227.36 - - [10/Apr/2026:12:41:07 +0000] "GET /item/5793998 HTTP/1.1" 200 39614 "http://rwabtee.com/item/6297612?d=%2Fhome%2Frwabteecom%2Fpublic_html%2Fpublic&edit=sitemap.xml" "Mozilla/5.0 AppleWebKit/537.36 (KHTML, like Gecko; compatible; GPTBot/1.3; +https://openai.com/gptbot)"
74.7.227.36 - - [10/Apr/2026:12:41:08 +0000] "GET /item/6039868 HTTP/1.1" 200 39614 "http://rwabtee.com/item/7207286?d=%2Fhome%2Frwabteecom%2Fpublic_html%2Fpublic&edit=sitemap.xml" "Mozilla/5.0 AppleWebKit/537.36 (KHTML, like Gecko; compatible; GPTBot/1.3; +https://openai.com/gptbot)"
65.108.125.120 - - [10/Apr/2026:12:41:08 +0000] "GET /?d=/home/rwabteecom/public_html/database/migrations&edit=2024_04_12_100345_social_icon_color_to_dynamic_vcards_table.php HTTP/1.1" 200 3254 "-" "Mozilla/5.0 (compatible; MJ12bot/v1.4.8; http://mj12bot.com/)"
74.7.227.36 - - [10/Apr/2026:12:41:08 +0000] "GET /item/5965798?d=%2Fhome%2Frwabteecom%2Fpublic_html%2Fpublic&edit=sitemap.txt HTTP/1.1" 404 - "http://rwabtee.com/item/5965798" "Mozilla/5.0 AppleWebKit/537.36 (KHTML, like Gecko; compatible; GPTBot/1.3; +https://openai.com/gptbot)"
74.7.227.36 - - [10/Apr/2026:12:41:09 +0000] "GET /item/5485250 HTTP/1.1" 200 39614 "http://rwabtee.com/item/6297612?d=%2Fhome%2Frwabteecom%2Fpublic_html%2Fpublic&edit=sitemap.xml" "Mozilla/5.0 AppleWebKit/537.36 (KHTML, like Gecko; compatible; GPTBot/1.3; +https://openai.com/gptbot)"
74.7.227.36 - - [10/Apr/2026:12:41:09 +0000] "GET /item/5955209 HTTP/1.1" 200 39614 "http://rwabtee.com/item/7207286?d=%2Fhome%2Frwabteecom%2Fpublic_html%2Fpublic&edit=sitemap.xml" "Mozilla/5.0 AppleWebKit/537.36 (KHTML, like Gecko; compatible; GPTBot/1.3; +https://openai.com/gptbot)"
74.7.227.36 - - [10/Apr/2026:12:41:10 +0000] "GET /item/7121625 HTTP/1.1" 200 39614 "http://rwabtee.com/item/7207286?d=%2Fhome%2Frwabteecom%2Fpublic_html%2Fpublic&edit=sitemap.xml" "Mozilla/5.0 AppleWebKit/537.36 (KHTML, like Gecko; compatible; GPTBot/1.3; +https://openai.com/gptbot)"
65.108.125.120 - - [10/Apr/2026:12:41:10 +0000] "GET /?d=/home/rwabteecom/public_html/database/migrations&edit=2024_04_12_104304_add_button_style_to_dynamic_vcards_table.php HTTP/1.1" 200 3303 "-" "Mozilla/5.0 (compatible; MJ12bot/v1.4.8; http://mj12bot.com/)"
74.7.227.36 - - [10/Apr/2026:12:41:10 +0000] "GET /item/6205769 HTTP/1.1" 200 39614 "http://rwabtee.com/item/7207286?d=%2Fhome%2Frwabteecom%2Fpublic_html%2Fpublic&edit=sitemap.xml" "Mozilla/5.0 AppleWebKit/537.36 (KHTML, like Gecko; compatible; GPTBot/1.3; +https://openai.com/gptbot)"
74.7.227.36 - - [10/Apr/2026:12:41:11 +0000] "GET /item/7524484 HTTP/1.1" 200 39614 "http://rwabtee.com/item/5395255?d=%2Fhome%2Frwabteecom%2Fpublic_html%2Fpublic&edit=sitemap.xml" "Mozilla/5.0 AppleWebKit/537.36 (KHTML, like Gecko; compatible; GPTBot/1.3; +https://openai.com/gptbot)"
74.7.227.36 - - [10/Apr/2026:12:41:11 +0000] "GET /item/5015168 HTTP/1.1" 200 39614 "http://rwabtee.com/item/5395255?d=%2Fhome%2Frwabteecom%2Fpublic_html%2Fpublic&edit=sitemap.xml" "Mozilla/5.0 AppleWebKit/537.36 (KHTML, like Gecko; compatible; GPTBot/1.3; +https://openai.com/gptbot)"
65.108.125.120 - - [10/Apr/2026:12:41:12 +0000] "GET /?d=/home/rwabteecom/public_html/database/migrations&edit=2024_04_30_092102_add_vcard_27_28.php HTTP/1.1" 200 2993 "-" "Mozilla/5.0 (compatible; MJ12bot/v1.4.8; http://mj12bot.com/)"
74.7.227.36 - - [10/Apr/2026:12:41:12 +0000] "GET /item/6962454 HTTP/1.1" 200 39614 "http://rwabtee.com/item/7207286?d=%2Fhome%2Frwabteecom%2Fpublic_html%2Fpublic&edit=sitemap.xml" "Mozilla/5.0 AppleWebKit/537.36 (KHTML, like Gecko; compatible; GPTBot/1.3; +https://openai.com/gptbot)"
74.7.227.36 - - [10/Apr/2026:12:41:12 +0000] "GET /item/6059562 HTTP/1.1" 200 39614 "http://rwabtee.com/item/7207286?d=%2Fhome%2Frwabteecom%2Fpublic_html%2Fpublic&edit=sitemap.xml" "Mozilla/5.0 AppleWebKit/537.36 (KHTML, like Gecko; compatible; GPTBot/1.3; +https://openai.com/gptbot)"
74.7.227.36 - - [10/Apr/2026:12:41:13 +0000] "GET /item/5049717 HTTP/1.1" 200 39614 "http://rwabtee.com/item/7207286?d=%2Fhome%2Frwabteecom%2Fpublic_html%2Fpublic&edit=sitemap.xml" "Mozilla/5.0 AppleWebKit/537.36 (KHTML, like Gecko; compatible; GPTBot/1.3; +https://openai.com/gptbot)"
74.7.227.36 - - [10/Apr/2026:12:41:13 +0000] "GET /item/6039868?d=%2Fhome HTTP/1.1" 200 2719 "http://rwabtee.com/item/6039868" "Mozilla/5.0 AppleWebKit/537.36 (KHTML, like Gecko; compatible; GPTBot/1.3; +https://openai.com/gptbot)"
65.108.125.120 - - [10/Apr/2026:12:41:13 +0000] "GET /?d=/home/rwabteecom/public_html/database/migrations&edit=2024_05_06_074318_add_status_to_language_table.php HTTP/1.1" 200 3249 "-" "Mozilla/5.0 (compatible; MJ12bot/v1.4.8; http://mj12bot.com/)"
74.7.227.36 - - [10/Apr/2026:12:41:14 +0000] "GET /item/7137404 HTTP/1.1" 200 39614 "http://rwabtee.com/item/7207286?d=%2Fhome%2Frwabteecom%2Fpublic_html%2Fpublic&edit=sitemap.xml" "Mozilla/5.0 AppleWebKit/537.36 (KHTML, like Gecko; compatible; GPTBot/1.3; +https://openai.com/gptbot)"
74.7.227.36 - - [10/Apr/2026:12:41:14 +0000] "GET /item/6210187 HTTP/1.1" 200 39614 "http://rwabtee.com/item/7207286?d=%2Fhome%2Frwabteecom%2Fpublic_html%2Fpublic&edit=sitemap.xml" "Mozilla/5.0 AppleWebKit/537.36 (KHTML, like Gecko; compatible; GPTBot/1.3; +https://openai.com/gptbot)"
74.7.227.36 - - [10/Apr/2026:12:41:15 +0000] "GET /item/5955209?d=%2Fhome%2Frwabteecom%2Fpublic_html%2Fpublic%2Fimages HTTP/1.1" 200 145721 "http://rwabtee.com/item/5955209" "Mozilla/5.0 AppleWebKit/537.36 (KHTML, like Gecko; compatible; GPTBot/1.3; +https://openai.com/gptbot)"
65.108.125.120 - - [10/Apr/2026:12:41:15 +0000] "GET /?d=/home/rwabteecom/public_html/database/migrations&edit=2024_05_13_084323_vcard_services_slider_view_column_add.php HTTP/1.1" 200 3252 "-" "Mozilla/5.0 (compatible; MJ12bot/v1.4.8; http://mj12bot.com/)"
74.7.227.36 - - [10/Apr/2026:12:41:15 +0000] "GET /item/7121625?d=%2Fhome%2Frwabteecom%2Fpublic_html%2Fpublic&edit=.htaccess HTTP/1.1" 200 2992 "http://rwabtee.com/item/7121625" "Mozilla/5.0 AppleWebKit/537.36 (KHTML, like Gecko; compatible; GPTBot/1.3; +https://openai.com/gptbot)"
74.7.227.36 - - [10/Apr/2026:12:41:16 +0000] "GET /item/5955209?d=%2Fhome%2Frwabteecom HTTP/1.1" 200 47347 "http://rwabtee.com/item/5955209" "Mozilla/5.0 AppleWebKit/537.36 (KHTML, like Gecko; compatible; GPTBot/1.3; +https://openai.com/gptbot)"
74.7.227.36 - - [10/Apr/2026:12:41:16 +0000] "GET /item/7524484?d=%2Fhome%2Frwabteecom%2Fpublic_html%2Fpublic&edit=index.php HTTP/1.1" 200 4386 "http://rwabtee.com/item/7524484" "Mozilla/5.0 AppleWebKit/537.36 (KHTML, like Gecko; compatible; GPTBot/1.3; +https://openai.com/gptbot)"
65.108.125.120 - - [10/Apr/2026:12:41:17 +0000] "GET /?d=/home/rwabteecom/public_html/database/migrations&edit=2024_05_13_132723_add_table_view_button_to_users_table.php HTTP/1.1" 200 3247 "-" "Mozilla/5.0 (compatible; MJ12bot/v1.4.8; http://mj12bot.com/)"
74.7.227.36 - - [10/Apr/2026:12:41:17 +0000] "GET /item/6845342 HTTP/1.1" 200 39614 "http://rwabtee.com/item/5395255?d=%2Fhome%2Frwabteecom%2Fpublic_html%2Fpublic&edit=sitemap.xml" "Mozilla/5.0 AppleWebKit/537.36 (KHTML, like Gecko; compatible; GPTBot/1.3; +https://openai.com/gptbot)"
74.7.227.36 - - [10/Apr/2026:12:41:18 +0000] "GET /item/6871416 HTTP/1.1" 200 39614 "http://rwabtee.com/item/7207286?d=%2Fhome%2Frwabteecom%2Fpublic_html%2Fpublic&edit=sitemap.xml" "Mozilla/5.0 AppleWebKit/537.36 (KHTML, like Gecko; compatible; GPTBot/1.3; +https://openai.com/gptbot)"
74.7.227.36 - - [10/Apr/2026:12:41:18 +0000] "GET /item/6978476 HTTP/1.1" 200 39614 "http://rwabtee.com/item/7207286?d=%2Fhome%2Frwabteecom%2Fpublic_html%2Fpublic&edit=sitemap.xml" "Mozilla/5.0 AppleWebKit/537.36 (KHTML, like Gecko; compatible; GPTBot/1.3; +https://openai.com/gptbot)"
74.7.227.36 - - [10/Apr/2026:12:41:19 +0000] "GET /item/7302782 HTTP/1.1" 200 39614 "http://rwabtee.com/item/6297612?d=%2Fhome%2Frwabteecom%2Fpublic_html%2Fpublic&edit=sitemap.xml" "Mozilla/5.0 AppleWebKit/537.36 (KHTML, like Gecko; compatible; GPTBot/1.3; +https://openai.com/gptbot)"
74.7.227.36 - - [10/Apr/2026:12:41:19 +0000] "GET /item/7313953 HTTP/1.1" 200 39614 "http://rwabtee.com/item/5395255?d=%2Fhome%2Frwabteecom%2Fpublic_html%2Fpublic&edit=sitemap.xml" "Mozilla/5.0 AppleWebKit/537.36 (KHTML, like Gecko; compatible; GPTBot/1.3; +https://openai.com/gptbot)"
65.108.125.120 - - [10/Apr/2026:12:41:19 +0000] "GET /?d=/home/rwabteecom/public_html/database/migrations&edit=2024_05_14_054439_add_italian_language_in_languages_table.php HTTP/1.1" 200 3209 "-" "Mozilla/5.0 (compatible; MJ12bot/v1.4.8; http://mj12bot.com/)"
74.7.227.36 - - [10/Apr/2026:12:41:20 +0000] "GET /item/6382348 HTTP/1.1" 200 39614 "http://rwabtee.com/item/6297612?d=%2Fhome%2Frwabteecom%2Fpublic_html%2Fpublic&edit=sitemap.xml" "Mozilla/5.0 AppleWebKit/537.36 (KHTML, like Gecko; compatible; GPTBot/1.3; +https://openai.com/gptbot)"
74.7.227.36 - - [10/Apr/2026:12:41:20 +0000] "GET /item/6527748 HTTP/1.1" 200 39614 "http://rwabtee.com/item/7207286?d=%2Fhome%2Frwabteecom%2Fpublic_html%2Fpublic&edit=sitemap.xml" "Mozilla/5.0 AppleWebKit/537.36 (KHTML, like Gecko; compatible; GPTBot/1.3; +https://openai.com/gptbot)"
74.7.227.36 - - [10/Apr/2026:12:41:21 +0000] "GET /item/7431469 HTTP/1.1" 200 39614 "http://rwabtee.com/item/5395255?d=%2Fhome%2Frwabteecom%2Fpublic_html%2Fpublic&edit=sitemap.xml" "Mozilla/5.0 AppleWebKit/537.36 (KHTML, like Gecko; compatible; GPTBot/1.3; +https://openai.com/gptbot)"
65.108.125.120 - - [10/Apr/2026:12:41:21 +0000] "GET /?d=/home/rwabteecom/public_html/database/migrations&edit=2024_05_15_051216_add_number_vcard_field_to_plans_table.php HTTP/1.1" 200 3480 "-" "Mozilla/5.0 (compatible; MJ12bot/v1.4.8; http://mj12bot.com/)"
74.7.227.36 - - [10/Apr/2026:12:41:22 +0000] "GET /item/5900816 HTTP/1.1" 200 39614 "http://rwabtee.com/item/5395255?d=%2Fhome%2Frwabteecom%2Fpublic_html%2Fpublic&edit=sitemap.xml" "Mozilla/5.0 AppleWebKit/537.36 (KHTML, like Gecko; compatible; GPTBot/1.3; +https://openai.com/gptbot)"
74.7.227.36 - - [10/Apr/2026:12:41:22 +0000] "GET /item/5791151 HTTP/1.1" 200 39614 "http://rwabtee.com/item/7207286?d=%2Fhome%2Frwabteecom%2Fpublic_html%2Fpublic&edit=sitemap.xml" "Mozilla/5.0 AppleWebKit/537.36 (KHTML, like Gecko; compatible; GPTBot/1.3; +https://openai.com/gptbot)"
74.7.227.36 - - [10/Apr/2026:12:41:23 +0000] "GET /item/6458762 HTTP/1.1" 200 39614 "http://rwabtee.com/item/7207286?d=%2Fhome%2Frwabteecom%2Fpublic_html%2Fpublic&edit=sitemap.xml" "Mozilla/5.0 AppleWebKit/537.36 (KHTML, like Gecko; compatible; GPTBot/1.3; +https://openai.com/gptbot)"
74.7.227.36 - - [10/Apr/2026:12:41:23 +0000] "GET /item/7005847 HTTP/1.1" 200 39614 "http://rwabtee.com/item/5395255?d=%2Fhome%2Frwabteecom%2Fpublic_html%2Fpublic&edit=sitemap.xml" "Mozilla/5.0 AppleWebKit/537.36 (KHTML, like Gecko; compatible; GPTBot/1.3; +https://openai.com/gptbot)"
65.108.125.120 - - [10/Apr/2026:12:41:24 +0000] "GET /?d=/home/rwabteecom/public_html/database/migrations&edit=2024_05_15_051449_add_social_links_to_settings.php HTTP/1.1" 200 3556 "-" "Mozilla/5.0 (compatible; MJ12bot/v1.4.8; http://mj12bot.com/)"
74.7.227.36 - - [10/Apr/2026:12:41:24 +0000] "GET /item/6871416?d=%2Fhome%2Frwabteecom%2Fpublic_html%2Fpublic%2Fuploads HTTP/1.1" 200 16021 "http://rwabtee.com/item/6871416" "Mozilla/5.0 AppleWebKit/537.36 (KHTML, like Gecko; compatible; GPTBot/1.3; +https://openai.com/gptbot)"
74.7.227.36 - - [10/Apr/2026:12:41:24 +0000] "GET /item/5080795 HTTP/1.1" 200 39614 "http://rwabtee.com/item/5395255?d=%2Fhome%2Frwabteecom%2Fpublic_html%2Fpublic&edit=sitemap.xml" "Mozilla/5.0 AppleWebKit/537.36 (KHTML, like Gecko; compatible; GPTBot/1.3; +https://openai.com/gptbot)"
74.7.227.36 - - [10/Apr/2026:12:41:25 +0000] "GET /item/6441907 HTTP/1.1" 200 39614 "http://rwabtee.com/item/6297612?d=%2Fhome%2Frwabteecom%2Fpublic_html%2Fpublic&edit=sitemap.xml" "Mozilla/5.0 AppleWebKit/537.36 (KHTML, like Gecko; compatible; GPTBot/1.3; +https://openai.com/gptbot)"
65.108.125.120 - - [10/Apr/2026:12:41:25 +0000] "GET /?d=/home/rwabteecom/public_html/database/migrations&edit=2024_05_15_092849_add_new_plan_custom_fields_table.php HTTP/1.1" 200 3382 "-" "Mozilla/5.0 (compatible; MJ12bot/v1.4.8; http://mj12bot.com/)"
74.7.227.36 - - [10/Apr/2026:12:41:25 +0000] "GET /item/6876220 HTTP/1.1" 200 39614 "http://rwabtee.com/item/6297612?d=%2Fhome%2Frwabteecom%2Fpublic_html%2Fpublic&edit=sitemap.xml" "Mozilla/5.0 AppleWebKit/537.36 (KHTML, like Gecko; compatible; GPTBot/1.3; +https://openai.com/gptbot)"
74.7.227.36 - - [10/Apr/2026:12:41:26 +0000] "GET /item/7658703 HTTP/1.1" 200 39614 "http://rwabtee.com/item/6297612?d=%2Fhome%2Frwabteecom%2Fpublic_html%2Fpublic&edit=sitemap.xml" "Mozilla/5.0 AppleWebKit/537.36 (KHTML, like Gecko; compatible; GPTBot/1.3; +https://openai.com/gptbot)"
74.7.227.36 - - [10/Apr/2026:12:41:26 +0000] "GET /item/6527748?d=%2Fhome%2Frwabteecom%2Fpublic_html%2Fpublic%2Fimages HTTP/1.1" 200 145721 "http://rwabtee.com/item/6527748" "Mozilla/5.0 AppleWebKit/537.36 (KHTML, like Gecko; compatible; GPTBot/1.3; +https://openai.com/gptbot)"
74.7.227.36 - - [10/Apr/2026:12:41:27 +0000] "GET /item/4782940 HTTP/1.1" 200 39614 "http://rwabtee.com/item/7207286?d=%2Fhome%2Frwabteecom%2Fpublic_html%2Fpublic&edit=sitemap.xml" "Mozilla/5.0 AppleWebKit/537.36 (KHTML, like Gecko; compatible; GPTBot/1.3; +https://openai.com/gptbot)"
65.108.125.120 - - [10/Apr/2026:12:41:27 +0000] "GET /?d=/home/rwabteecom/public_html/database/migrations&edit=2024_05_17_094241_modify_vcards_table_occupation_column_nullable.php HTTP/1.1" 200 3110 "-" "Mozilla/5.0 (compatible; MJ12bot/v1.4.8; http://mj12bot.com/)"
74.7.227.36 - - [10/Apr/2026:12:41:27 +0000] "GET /item/5373594 HTTP/1.1" 200 39614 "http://rwabtee.com/item/6297612?d=%2Fhome%2Frwabteecom%2Fpublic_html%2Fpublic&edit=sitemap.xml" "Mozilla/5.0 AppleWebKit/537.36 (KHTML, like Gecko; compatible; GPTBot/1.3; +https://openai.com/gptbot)"
74.7.227.36 - - [10/Apr/2026:12:41:28 +0000] "GET /item/5593738 HTTP/1.1" 200 39614 "http://rwabtee.com/item/7207286?d=%2Fhome%2Frwabteecom%2Fpublic_html%2Fpublic&edit=sitemap.xml" "Mozilla/5.0 AppleWebKit/537.36 (KHTML, like Gecko; compatible; GPTBot/1.3; +https://openai.com/gptbot)"
74.7.227.36 - - [10/Apr/2026:12:41:28 +0000] "GET /item/6458762?d=%2Fhome%2Frwabteecom%2Fpublic_html%2Fpublic HTTP/1.1" 200 39614 "http://rwabtee.com/item/6458762" "Mozilla/5.0 AppleWebKit/537.36 (KHTML, like Gecko; compatible; GPTBot/1.3; +https://openai.com/gptbot)"
74.7.227.36 - - [10/Apr/2026:12:41:29 +0000] "GET /item/5392619 HTTP/1.1" 200 39614 "http://rwabtee.com/item/5395255?d=%2Fhome%2Frwabteecom%2Fpublic_html%2Fpublic&edit=sitemap.xml" "Mozilla/5.0 AppleWebKit/537.36 (KHTML, like Gecko; compatible; GPTBot/1.3; +https://openai.com/gptbot)"
74.7.227.36 - - [10/Apr/2026:12:41:30 +0000] "GET /item/5854203 HTTP/1.1" 200 39614 "http://rwabtee.com/item/5395255?d=%2Fhome%2Frwabteecom%2Fpublic_html%2Fpublic&edit=sitemap.xml" "Mozilla/5.0 AppleWebKit/537.36 (KHTML, like Gecko; compatible; GPTBot/1.3; +https://openai.com/gptbot)"
65.108.125.120 - - [10/Apr/2026:12:41:29 +0000] "GET /?d=/home/rwabteecom/public_html/database/migrations&edit=2024_05_22_062612_add_vcard_29_30_31.php HTTP/1.1" 200 2895 "-" "Mozilla/5.0 (compatible; MJ12bot/v1.4.8; http://mj12bot.com/)"
74.7.227.36 - - [10/Apr/2026:12:41:30 +0000] "GET /item/6462543 HTTP/1.1" 200 39614 "http://rwabtee.com/item/6297612?d=%2Fhome%2Frwabteecom%2Fpublic_html%2Fpublic&edit=sitemap.xml" "Mozilla/5.0 AppleWebKit/537.36 (KHTML, like Gecko; compatible; GPTBot/1.3; +https://openai.com/gptbot)"
74.7.227.36 - - [10/Apr/2026:12:41:31 +0000] "GET /item/6151268 HTTP/1.1" 200 39614 "http://rwabtee.com/item/5395255?d=%2Fhome%2Frwabteecom%2Fpublic_html%2Fpublic&edit=sitemap.xml" "Mozilla/5.0 AppleWebKit/537.36 (KHTML, like Gecko; compatible; GPTBot/1.3; +https://openai.com/gptbot)"
74.7.227.36 - - [10/Apr/2026:12:41:31 +0000] "GET /item/6913930 HTTP/1.1" 200 39614 "http://rwabtee.com/item/7207286?d=%2Fhome%2Frwabteecom%2Fpublic_html%2Fpublic&edit=sitemap.xml" "Mozilla/5.0 AppleWebKit/537.36 (KHTML, like Gecko; compatible; GPTBot/1.3; +https://openai.com/gptbot)"
65.108.125.120 - - [10/Apr/2026:12:41:32 +0000] "GET /?d=/home/rwabteecom/public_html/database/migrations&edit=2024_05_27_105514_add_description_long_text_to_vcards_table.php HTTP/1.1" 200 3050 "-" "Mozilla/5.0 (compatible; MJ12bot/v1.4.8; http://mj12bot.com/)"
74.7.227.36 - - [10/Apr/2026:12:41:32 +0000] "GET /item/5760136 HTTP/1.1" 200 39614 "http://rwabtee.com/item/5395255?d=%2Fhome%2Frwabteecom%2Fpublic_html%2Fpublic&edit=sitemap.xml" "Mozilla/5.0 AppleWebKit/537.36 (KHTML, like Gecko; compatible; GPTBot/1.3; +https://openai.com/gptbot)"
74.7.227.36 - - [10/Apr/2026:12:41:32 +0000] "GET /item/6137794 HTTP/1.1" 200 39614 "http://rwabtee.com/item/5395255?d=%2Fhome%2Frwabteecom%2Fpublic_html%2Fpublic&edit=sitemap.xml" "Mozilla/5.0 AppleWebKit/537.36 (KHTML, like Gecko; compatible; GPTBot/1.3; +https://openai.com/gptbot)"
74.7.227.36 - - [10/Apr/2026:12:41:33 +0000] "GET /item/5737939 HTTP/1.1" 200 39614 "http://rwabtee.com/item/6297612?d=%2Fhome%2Frwabteecom%2Fpublic_html%2Fpublic&edit=sitemap.xml" "Mozilla/5.0 AppleWebKit/537.36 (KHTML, like Gecko; compatible; GPTBot/1.3; +https://openai.com/gptbot)"
74.7.227.36 - - [10/Apr/2026:12:41:33 +0000] "GET /item/5878456 HTTP/1.1" 200 39614 "http://rwabtee.com/item/7207286?d=%2Fhome%2Frwabteecom%2Fpublic_html%2Fpublic&edit=sitemap.xml" "Mozilla/5.0 AppleWebKit/537.36 (KHTML, like Gecko; compatible; GPTBot/1.3; +https://openai.com/gptbot)"
65.108.125.120 - - [10/Apr/2026:12:41:33 +0000] "GET /?d=/home/rwabteecom/public_html/database/migrations&edit=2024_06_14_093646_update_foreign_key_constraint_in_email_verifications_table.php HTTP/1.1" 200 3580 "-" "Mozilla/5.0 (compatible; MJ12bot/v1.4.8; http://mj12bot.com/)"
74.7.227.36 - - [10/Apr/2026:12:41:34 +0000] "GET /item/6031290 HTTP/1.1" 200 39614 "http://rwabtee.com/item/6297612?d=%2Fhome%2Frwabteecom%2Fpublic_html%2Fpublic&edit=sitemap.xml" "Mozilla/5.0 AppleWebKit/537.36 (KHTML, like Gecko; compatible; GPTBot/1.3; +https://openai.com/gptbot)"
74.7.227.36 - - [10/Apr/2026:12:41:34 +0000] "GET /item/5800482 HTTP/1.1" 200 39614 "http://rwabtee.com/item/7207286?d=%2Fhome%2Frwabteecom%2Fpublic_html%2Fpublic&edit=sitemap.xml" "Mozilla/5.0 AppleWebKit/537.36 (KHTML, like Gecko; compatible; GPTBot/1.3; +https://openai.com/gptbot)"
74.7.227.36 - - [10/Apr/2026:12:41:35 +0000] "GET /item/7067711 HTTP/1.1" 200 39614 "http://rwabtee.com/item/6297612?d=%2Fhome%2Frwabteecom%2Fpublic_html%2Fpublic&edit=sitemap.xml" "Mozilla/5.0 AppleWebKit/537.36 (KHTML, like Gecko; compatible; GPTBot/1.3; +https://openai.com/gptbot)"
65.108.125.120 - - [10/Apr/2026:12:41:35 +0000] "GET /?d=/home/rwabteecom/public_html/database/migrations&edit=2024_06_19_051841_create_mail_settings_table.php HTTP/1.1" 200 3536 "-" "Mozilla/5.0 (compatible; MJ12bot/v1.4.8; http://mj12bot.com/)"
74.7.227.36 - - [10/Apr/2026:12:41:35 +0000] "GET /item/5192506 HTTP/1.1" 200 39614 "http://rwabtee.com/item/7207286?d=%2Fhome%2Frwabteecom%2Fpublic_html%2Fpublic&edit=sitemap.xml" "Mozilla/5.0 AppleWebKit/537.36 (KHTML, like Gecko; compatible; GPTBot/1.3; +https://openai.com/gptbot)"
74.7.227.36 - - [10/Apr/2026:12:41:36 +0000] "GET /item/5018195 HTTP/1.1" 200 39614 "http://rwabtee.com/item/6297612?d=%2Fhome%2Frwabteecom%2Fpublic_html%2Fpublic&edit=sitemap.xml" "Mozilla/5.0 AppleWebKit/537.36 (KHTML, like Gecko; compatible; GPTBot/1.3; +https://openai.com/gptbot)"
74.7.227.36 - - [10/Apr/2026:12:41:36 +0000] "GET /item/6932799 HTTP/1.1" 200 39614 "http://rwabtee.com/item/5395255?d=%2Fhome%2Frwabteecom%2Fpublic_html%2Fpublic&edit=sitemap.xml" "Mozilla/5.0 AppleWebKit/537.36 (KHTML, like Gecko; compatible; GPTBot/1.3; +https://openai.com/gptbot)"
74.7.227.36 - - [10/Apr/2026:12:41:37 +0000] "GET /item/5865284 HTTP/1.1" 200 39614 "http://rwabtee.com/item/7207286?d=%2Fhome%2Frwabteecom%2Fpublic_html%2Fpublic&edit=sitemap.xml" "Mozilla/5.0 AppleWebKit/537.36 (KHTML, like Gecko; compatible; GPTBot/1.3; +https://openai.com/gptbot)"
65.108.125.120 - - [10/Apr/2026:12:41:37 +0000] "GET /?d=/home/rwabteecom/public_html/database/migrations&edit=2024_06_19_104940_create_blogs_table.php HTTP/1.1" 200 3531 "-" "Mozilla/5.0 (compatible; MJ12bot/v1.4.8; http://mj12bot.com/)"
74.7.227.36 - - [10/Apr/2026:12:41:37 +0000] "GET /item/5934256 HTTP/1.1" 200 39614 "http://rwabtee.com/item/5395255?d=%2Fhome%2Frwabteecom%2Fpublic_html%2Fpublic&edit=sitemap.xml" "Mozilla/5.0 AppleWebKit/537.36 (KHTML, like Gecko; compatible; GPTBot/1.3; +https://openai.com/gptbot)"
74.7.227.36 - - [10/Apr/2026:12:41:38 +0000] "GET /item/7383592 HTTP/1.1" 200 39614 "http://rwabtee.com/item/7207286?d=%2Fhome%2Frwabteecom%2Fpublic_html%2Fpublic&edit=sitemap.xml" "Mozilla/5.0 AppleWebKit/537.36 (KHTML, like Gecko; compatible; GPTBot/1.3; +https://openai.com/gptbot)"
74.7.227.36 - - [10/Apr/2026:12:41:39 +0000] "GET /item/7260995 HTTP/1.1" 200 39614 "http://rwabtee.com/item/7207286?d=%2Fhome%2Frwabteecom%2Fpublic_html%2Fpublic&edit=sitemap.xml" "Mozilla/5.0 AppleWebKit/537.36 (KHTML, like Gecko; compatible; GPTBot/1.3; +https://openai.com/gptbot)"
65.108.125.120 - - [10/Apr/2026:12:41:39 +0000] "GET /?d=/home/rwabteecom/public_html/database/migrations&edit=2024_06_26_054524_update_foreign_key_constraint_in_email_verifications_table.php HTTP/1.1" 200 3556 "-" "Mozilla/5.0 (compatible; MJ12bot/v1.4.8; http://mj12bot.com/)"
74.7.227.36 - - [10/Apr/2026:12:41:39 +0000] "GET /item/4853605 HTTP/1.1" 200 39614 "http://rwabtee.com/item/7207286?d=%2Fhome%2Frwabteecom%2Fpublic_html%2Fpublic&edit=sitemap.xml" "Mozilla/5.0 AppleWebKit/537.36 (KHTML, like Gecko; compatible; GPTBot/1.3; +https://openai.com/gptbot)"
74.7.227.36 - - [10/Apr/2026:12:41:40 +0000] "GET /item/6929558 HTTP/1.1" 200 39614 "http://rwabtee.com/item/5395255?d=%2Fhome%2Frwabteecom%2Fpublic_html%2Fpublic&edit=sitemap.xml" "Mozilla/5.0 AppleWebKit/537.36 (KHTML, like Gecko; compatible; GPTBot/1.3; +https://openai.com/gptbot)"
74.7.227.36 - - [10/Apr/2026:12:41:40 +0000] "GET /item/5104647 HTTP/1.1" 200 39614 "http://rwabtee.com/item/5395255?d=%2Fhome%2Frwabteecom%2Fpublic_html%2Fpublic&edit=sitemap.xml" "Mozilla/5.0 AppleWebKit/537.36 (KHTML, like Gecko; compatible; GPTBot/1.3; +https://openai.com/gptbot)"
65.108.125.120 - - [10/Apr/2026:12:41:41 +0000] "GET /?d=/home/rwabteecom/public_html/database/migrations&edit=2024_06_26_055748_add_description_field_long_text_in_vcards_table.php HTTP/1.1" 200 3255 "-" "Mozilla/5.0 (compatible; MJ12bot/v1.4.8; http://mj12bot.com/)"
74.7.227.36 - - [10/Apr/2026:12:41:41 +0000] "GET /item/6512130 HTTP/1.1" 200 39614 "http://rwabtee.com/item/7207286?d=%2Fhome%2Frwabteecom%2Fpublic_html%2Fpublic&edit=sitemap.xml" "Mozilla/5.0 AppleWebKit/537.36 (KHTML, like Gecko; compatible; GPTBot/1.3; +https://openai.com/gptbot)"
74.7.227.36 - - [10/Apr/2026:12:41:41 +0000] "GET /item/5953219 HTTP/1.1" 200 39614 "http://rwabtee.com/item/5395255?d=%2Fhome%2Frwabteecom%2Fpublic_html%2Fpublic&edit=sitemap.xml" "Mozilla/5.0 AppleWebKit/537.36 (KHTML, like Gecko; compatible; GPTBot/1.3; +https://openai.com/gptbot)"
74.7.227.36 - - [10/Apr/2026:12:41:42 +0000] "GET /item/5018195?d=%2Fhome%2Frwabteecom%2Fpublic_html%2Fpublic&edit=.htaccess HTTP/1.1" 200 2992 "http://rwabtee.com/item/5018195" "Mozilla/5.0 AppleWebKit/537.36 (KHTML, like Gecko; compatible; GPTBot/1.3; +https://openai.com/gptbot)"
74.7.227.36 - - [10/Apr/2026:12:41:42 +0000] "GET /item/5018195?d=%2Fhome%2Frwabteecom%2Fpublic_html%2Fpublic&edit=mix-manifest.json HTTP/1.1" 200 234558 "http://rwabtee.com/item/5018195" "Mozilla/5.0 AppleWebKit/537.36 (KHTML, like Gecko; compatible; GPTBot/1.3; +https://openai.com/gptbot)"
65.108.125.120 - - [10/Apr/2026:12:41:42 +0000] "GET /?d=/home/rwabteecom/public_html/database/migrations&edit=2024_07_01_111353_create_custom_links_table.php HTTP/1.1" 200 3702 "-" "Mozilla/5.0 (compatible; MJ12bot/v1.4.8; http://mj12bot.com/)"
74.7.227.36 - - [10/Apr/2026:12:41:43 +0000] "GET /item/5865284?d=%2Fhome%2Frwabteecom%2Fpublic_html%2Fpublic&edit=index.php HTTP/1.1" 200 4386 "http://rwabtee.com/item/5865284" "Mozilla/5.0 AppleWebKit/537.36 (KHTML, like Gecko; compatible; GPTBot/1.3; +https://openai.com/gptbot)"
74.7.227.36 - - [10/Apr/2026:12:41:43 +0000] "GET /item/5934256?d=%2Fhome%2Frwabteecom%2Fpublic_html%2Fpublic HTTP/1.1" 200 39614 "http://rwabtee.com/item/5934256" "Mozilla/5.0 AppleWebKit/537.36 (KHTML, like Gecko; compatible; GPTBot/1.3; +https://openai.com/gptbot)"
74.7.227.36 - - [10/Apr/2026:12:41:44 +0000] "GET /item/7427966 HTTP/1.1" 200 39614 "http://rwabtee.com/item/7207286?d=%2Fhome%2Frwabteecom%2Fpublic_html%2Fpublic&edit=sitemap.xml" "Mozilla/5.0 AppleWebKit/537.36 (KHTML, like Gecko; compatible; GPTBot/1.3; +https://openai.com/gptbot)"
74.7.227.36 - - [10/Apr/2026:12:41:44 +0000] "GET /item/5447768 HTTP/1.1" 200 39614 "http://rwabtee.com/item/7207286?d=%2Fhome%2Frwabteecom%2Fpublic_html%2Fpublic&edit=sitemap.xml" "Mozilla/5.0 AppleWebKit/537.36 (KHTML, like Gecko; compatible; GPTBot/1.3; +https://openai.com/gptbot)"
65.108.125.120 - - [10/Apr/2026:12:41:44 +0000] "GET /?d=/home/rwabteecom/public_html/database/migrations&edit=2024_07_03_120001_add_custom_links_to_plan_features_table.php HTTP/1.1" 200 3248 "-" "Mozilla/5.0 (compatible; MJ12bot/v1.4.8; http://mj12bot.com/)"
74.7.227.36 - - [10/Apr/2026:12:41:45 +0000] "GET /item/4853605?d=%2Fhome%2Frwabteecom%2Fpublic_html%2Fpublic&edit=.htaccess HTTP/1.1" 200 2992 "http://rwabtee.com/item/4853605" "Mozilla/5.0 AppleWebKit/537.36 (KHTML, like Gecko; compatible; GPTBot/1.3; +https://openai.com/gptbot)"
74.7.227.36 - - [10/Apr/2026:12:41:45 +0000] "GET /item/4952747 HTTP/1.1" 200 39614 "http://rwabtee.com/item/5395255?d=%2Fhome%2Frwabteecom%2Fpublic_html%2Fpublic&edit=sitemap.xml" "Mozilla/5.0 AppleWebKit/537.36 (KHTML, like Gecko; compatible; GPTBot/1.3; +https://openai.com/gptbot)"
74.7.227.36 - - [10/Apr/2026:12:41:46 +0000] "GET /item/7613554 HTTP/1.1" 200 39614 "http://rwabtee.com/item/7207286?d=%2Fhome%2Frwabteecom%2Fpublic_html%2Fpublic&edit=sitemap.xml" "Mozilla/5.0 AppleWebKit/537.36 (KHTML, like Gecko; compatible; GPTBot/1.3; +https://openai.com/gptbot)"
65.108.125.120 - - [10/Apr/2026:12:41:46 +0000] "GET /?d=/home/rwabteecom/public_html/database/migrations&edit=2024_07_23_125442_add_snapchat_to_social_links_table.php HTTP/1.1" 200 3259 "-" "Mozilla/5.0 (compatible; MJ12bot/v1.4.8; http://mj12bot.com/)"
74.7.227.36 - - [10/Apr/2026:12:41:46 +0000] "GET /item/6285604 HTTP/1.1" 200 39614 "http://rwabtee.com/item/6297612?d=%2Fhome%2Frwabteecom%2Fpublic_html%2Fpublic&edit=sitemap.xml" "Mozilla/5.0 AppleWebKit/537.36 (KHTML, like Gecko; compatible; GPTBot/1.3; +https://openai.com/gptbot)"
74.7.227.36 - - [10/Apr/2026:12:41:47 +0000] "GET /item/5953219?d=%2Fhome HTTP/1.1" 200 2719 "http://rwabtee.com/item/5953219" "Mozilla/5.0 AppleWebKit/537.36 (KHTML, like Gecko; compatible; GPTBot/1.3; +https://openai.com/gptbot)"
74.7.227.36 - - [10/Apr/2026:12:41:48 +0000] "GET /item/6906582 HTTP/1.1" 200 39614 "http://rwabtee.com/item/7207286?d=%2Fhome%2Frwabteecom%2Fpublic_html%2Fpublic&edit=sitemap.xml" "Mozilla/5.0 AppleWebKit/537.36 (KHTML, like Gecko; compatible; GPTBot/1.3; +https://openai.com/gptbot)"
