74.7.227.176 - - [08/Apr/2026:12:21:36 +0000] "GET /item/7241458?d=%2Fhome%2Frwabteecom%2Fpublic_html%2Fpublic&edit=robots.txt HTTP/1.1" 404 - "http://rwabtee.com/item/7241458" "Mozilla/5.0 AppleWebKit/537.36 (KHTML, like Gecko; compatible; GPTBot/1.3; +https://openai.com/gptbot)"
2001:41d0:303:71ad::1 - - [08/Apr/2026:12:21:37 +0000] "GET /?d=/home/rwabteecom/public_html/public/uploads/vcards/profiles/145 HTTP/1.1" 200 4743 "-" "Mozilla/5.0 (compatible; MJ12bot/v1.4.8; http://mj12bot.com/)"
74.7.227.176 - - [08/Apr/2026:12:21:37 +0000] "GET /item/6677313 HTTP/1.1" 200 39614 "http://rwabtee.com/item/6624327?d=%2Fhome%2Frwabteecom%2Fpublic_html%2Fpublic&edit=sitemap.xml" "Mozilla/5.0 AppleWebKit/537.36 (KHTML, like Gecko; compatible; GPTBot/1.3; +https://openai.com/gptbot)"
74.7.227.176 - - [08/Apr/2026:12:21:37 +0000] "GET /item/7403201 HTTP/1.1" 200 39614 "http://rwabtee.com/item/6240414?d=%2Fhome%2Frwabteecom%2Fpublic_html%2Fpublic&edit=sitemap.xml" "Mozilla/5.0 AppleWebKit/537.36 (KHTML, like Gecko; compatible; GPTBot/1.3; +https://openai.com/gptbot)"
74.7.227.176 - - [08/Apr/2026:12:21:38 +0000] "GET /item/5170912 HTTP/1.1" 200 39614 "http://rwabtee.com/item/6542248?d=%2Fhome%2Frwabteecom%2Fpublic_html%2Fpublic&edit=sitemap.xml" "Mozilla/5.0 AppleWebKit/537.36 (KHTML, like Gecko; compatible; GPTBot/1.3; +https://openai.com/gptbot)"
2001:41d0:303:71ad::1 - - [08/Apr/2026:12:21:38 +0000] "GET /?d=/home/rwabteecom/public_html/public/uploads/vcards/profiles/162 HTTP/1.1" 200 4719 "-" "Mozilla/5.0 (compatible; MJ12bot/v1.4.8; http://mj12bot.com/)"
74.7.227.176 - - [08/Apr/2026:12:21:38 +0000] "GET /item/5411829 HTTP/1.1" 200 39614 "http://rwabtee.com/item/5096229?d=%2Fhome%2Frwabteecom%2Fpublic_html%2Fpublic&edit=sitemap.xml" "Mozilla/5.0 AppleWebKit/537.36 (KHTML, like Gecko; compatible; GPTBot/1.3; +https://openai.com/gptbot)"
74.7.227.176 - - [08/Apr/2026:12:21:39 +0000] "GET /item/5080993 HTTP/1.1" 200 39614 "http://rwabtee.com/item/5096229?d=%2Fhome%2Frwabteecom%2Fpublic_html%2Fpublic&edit=sitemap.xml" "Mozilla/5.0 AppleWebKit/537.36 (KHTML, like Gecko; compatible; GPTBot/1.3; +https://openai.com/gptbot)"
74.7.227.176 - - [08/Apr/2026:12:21:40 +0000] "GET /item/7075473 HTTP/1.1" 200 39614 "http://rwabtee.com/item/6240414?d=%2Fhome%2Frwabteecom%2Fpublic_html%2Fpublic&edit=sitemap.xml" "Mozilla/5.0 AppleWebKit/537.36 (KHTML, like Gecko; compatible; GPTBot/1.3; +https://openai.com/gptbot)"
2001:41d0:303:71ad::1 - - [08/Apr/2026:12:21:40 +0000] "GET /?d=/home/rwabteecom/public_html/public/uploads/vcards/profiles/177 HTTP/1.1" 200 4766 "-" "Mozilla/5.0 (compatible; MJ12bot/v1.4.8; http://mj12bot.com/)"
74.7.227.176 - - [08/Apr/2026:12:21:40 +0000] "GET /item/5814182 HTTP/1.1" 200 39614 "http://rwabtee.com/item/6542248?d=%2Fhome%2Frwabteecom%2Fpublic_html%2Fpublic&edit=sitemap.xml" "Mozilla/5.0 AppleWebKit/537.36 (KHTML, like Gecko; compatible; GPTBot/1.3; +https://openai.com/gptbot)"
74.7.227.176 - - [08/Apr/2026:12:21:41 +0000] "GET /item/6875702 HTTP/1.1" 200 39614 "http://rwabtee.com/item/6240414?d=%2Fhome%2Frwabteecom%2Fpublic_html%2Fpublic&edit=sitemap.xml" "Mozilla/5.0 AppleWebKit/537.36 (KHTML, like Gecko; compatible; GPTBot/1.3; +https://openai.com/gptbot)"
74.7.227.176 - - [08/Apr/2026:12:21:41 +0000] "GET /item/5588192 HTTP/1.1" 200 39614 "http://rwabtee.com/item/5341315?d=%2Fhome%2Frwabteecom%2Fpublic_html%2Fpublic&edit=sitemap.xml" "Mozilla/5.0 AppleWebKit/537.36 (KHTML, like Gecko; compatible; GPTBot/1.3; +https://openai.com/gptbot)"
2001:41d0:303:71ad::1 - - [08/Apr/2026:12:21:42 +0000] "GET /?d=/home/rwabteecom/public_html/public/uploads/vcards/profiles/195 HTTP/1.1" 200 4762 "-" "Mozilla/5.0 (compatible; MJ12bot/v1.4.8; http://mj12bot.com/)"
74.7.227.176 - - [08/Apr/2026:12:21:42 +0000] "GET /item/5983375?d=%2Fhome%2Frwabteecom HTTP/1.1" 200 47347 "http://rwabtee.com/item/5983375" "Mozilla/5.0 AppleWebKit/537.36 (KHTML, like Gecko; compatible; GPTBot/1.3; +https://openai.com/gptbot)"
74.7.227.176 - - [08/Apr/2026:12:21:42 +0000] "GET /item/5983375?d=%2Fhome%2Frwabteecom%2Fpublic_html%2Fpublic%2Fvendor HTTP/1.1" 200 8172 "http://rwabtee.com/item/5983375" "Mozilla/5.0 AppleWebKit/537.36 (KHTML, like Gecko; compatible; GPTBot/1.3; +https://openai.com/gptbot)"
74.7.227.176 - - [08/Apr/2026:12:21:43 +0000] "GET /item/6600755 HTTP/1.1" 200 39614 "http://rwabtee.com/item/6240414?d=%2Fhome%2Frwabteecom%2Fpublic_html%2Fpublic&edit=sitemap.xml" "Mozilla/5.0 AppleWebKit/537.36 (KHTML, like Gecko; compatible; GPTBot/1.3; +https://openai.com/gptbot)"
2001:41d0:303:71ad::1 - - [08/Apr/2026:12:21:43 +0000] "GET /?d=/home/rwabteecom/public_html/public/uploads/vcards/profiles/209 HTTP/1.1" 200 4717 "-" "Mozilla/5.0 (compatible; MJ12bot/v1.4.8; http://mj12bot.com/)"
74.7.227.176 - - [08/Apr/2026:12:21:43 +0000] "GET /item/6528760 HTTP/1.1" 200 39614 "http://rwabtee.com/item/6240414?d=%2Fhome%2Frwabteecom%2Fpublic_html%2Fpublic&edit=sitemap.xml" "Mozilla/5.0 AppleWebKit/537.36 (KHTML, like Gecko; compatible; GPTBot/1.3; +https://openai.com/gptbot)"
74.7.227.176 - - [08/Apr/2026:12:21:44 +0000] "GET /item/5170912?d=%2Fhome%2Frwabteecom%2Fpublic_html%2Fpublic&edit=OneSignalSDKUpdaterWorker.js HTTP/1.1" 404 - "http://rwabtee.com/item/5170912" "Mozilla/5.0 AppleWebKit/537.36 (KHTML, like Gecko; compatible; GPTBot/1.3; +https://openai.com/gptbot)"
74.7.227.176 - - [08/Apr/2026:12:21:44 +0000] "GET /item/6374033 HTTP/1.1" 200 39614 "http://rwabtee.com/item/5096229?d=%2Fhome%2Frwabteecom%2Fpublic_html%2Fpublic&edit=sitemap.xml" "Mozilla/5.0 AppleWebKit/537.36 (KHTML, like Gecko; compatible; GPTBot/1.3; +https://openai.com/gptbot)"
2001:41d0:303:71ad::1 - - [08/Apr/2026:12:21:45 +0000] "GET /?d=/home/rwabteecom/public_html/public/uploads/vcards/profiles/223 HTTP/1.1" 200 4782 "-" "Mozilla/5.0 (compatible; MJ12bot/v1.4.8; http://mj12bot.com/)"
74.7.227.176 - - [08/Apr/2026:12:21:45 +0000] "GET /item/6548760 HTTP/1.1" 200 39614 "http://rwabtee.com/item/6542248?d=%2Fhome%2Frwabteecom%2Fpublic_html%2Fpublic&edit=sitemap.xml" "Mozilla/5.0 AppleWebKit/537.36 (KHTML, like Gecko; compatible; GPTBot/1.3; +https://openai.com/gptbot)"
74.7.227.176 - - [08/Apr/2026:12:21:45 +0000] "GET /item/7066005 HTTP/1.1" 200 39614 "http://rwabtee.com/item/6240414?d=%2Fhome%2Frwabteecom%2Fpublic_html%2Fpublic&edit=sitemap.xml" "Mozilla/5.0 AppleWebKit/537.36 (KHTML, like Gecko; compatible; GPTBot/1.3; +https://openai.com/gptbot)"
74.7.227.176 - - [08/Apr/2026:12:21:46 +0000] "GET /item/7242870 HTTP/1.1" 200 39614 "http://rwabtee.com/item/7240527?d=%2Fhome%2Frwabteecom%2Fpublic_html%2Fpublic&edit=sitemap.xml" "Mozilla/5.0 AppleWebKit/537.36 (KHTML, like Gecko; compatible; GPTBot/1.3; +https://openai.com/gptbot)"
74.7.227.176 - - [08/Apr/2026:12:21:46 +0000] "GET /item/4933078 HTTP/1.1" 200 39614 "http://rwabtee.com/item/6542248?d=%2Fhome%2Frwabteecom%2Fpublic_html%2Fpublic&edit=sitemap.xml" "Mozilla/5.0 AppleWebKit/537.36 (KHTML, like Gecko; compatible; GPTBot/1.3; +https://openai.com/gptbot)"
2001:41d0:303:71ad::1 - - [08/Apr/2026:12:21:47 +0000] "GET /?d=/home/rwabteecom/public_html/public/uploads/vcards/profiles/23 HTTP/1.1" 200 4894 "-" "Mozilla/5.0 (compatible; MJ12bot/v1.4.8; http://mj12bot.com/)"
74.7.227.176 - - [08/Apr/2026:12:21:47 +0000] "GET /item/5887656 HTTP/1.1" 200 39614 "http://rwabtee.com/item/6542248?d=%2Fhome%2Frwabteecom%2Fpublic_html%2Fpublic&edit=sitemap.xml" "Mozilla/5.0 AppleWebKit/537.36 (KHTML, like Gecko; compatible; GPTBot/1.3; +https://openai.com/gptbot)"
74.7.227.176 - - [08/Apr/2026:12:21:47 +0000] "GET /item/5983375?d=%2Fhome%2Frwabteecom%2F.cl.selector HTTP/1.1" 200 6963 "http://rwabtee.com/item/5983375?d=%2Fhome%2Frwabteecom" "Mozilla/5.0 AppleWebKit/537.36 (KHTML, like Gecko; compatible; GPTBot/1.3; +https://openai.com/gptbot)"
74.7.227.176 - - [08/Apr/2026:12:21:48 +0000] "GET /item/7206631 HTTP/1.1" 200 39614 "http://rwabtee.com/item/5341315?d=%2Fhome%2Frwabteecom%2Fpublic_html%2Fpublic&edit=sitemap.xml" "Mozilla/5.0 AppleWebKit/537.36 (KHTML, like Gecko; compatible; GPTBot/1.3; +https://openai.com/gptbot)"
2001:41d0:303:71ad::1 - - [08/Apr/2026:12:21:48 +0000] "GET /?d=/home/rwabteecom/public_html/public/uploads/vcards/profiles/239 HTTP/1.1" 200 4723 "-" "Mozilla/5.0 (compatible; MJ12bot/v1.4.8; http://mj12bot.com/)"
74.7.227.176 - - [08/Apr/2026:12:21:48 +0000] "GET /item/6600755?d=%2Fhome%2Frwabteecom%2Fpublic_html%2Fpublic&edit=.htaccess HTTP/1.1" 200 2992 "http://rwabtee.com/item/6600755" "Mozilla/5.0 AppleWebKit/537.36 (KHTML, like Gecko; compatible; GPTBot/1.3; +https://openai.com/gptbot)"
74.7.227.176 - - [08/Apr/2026:12:21:49 +0000] "GET /item/6089464 HTTP/1.1" 200 39614 "http://rwabtee.com/item/6624327?d=%2Fhome%2Frwabteecom%2Fpublic_html%2Fpublic&edit=sitemap.xml" "Mozilla/5.0 AppleWebKit/537.36 (KHTML, like Gecko; compatible; GPTBot/1.3; +https://openai.com/gptbot)"
74.7.227.176 - - [08/Apr/2026:12:21:50 +0000] "GET /item/6504097 HTTP/1.1" 200 39614 "http://rwabtee.com/item/6542248?d=%2Fhome%2Frwabteecom%2Fpublic_html%2Fpublic&edit=sitemap.xml" "Mozilla/5.0 AppleWebKit/537.36 (KHTML, like Gecko; compatible; GPTBot/1.3; +https://openai.com/gptbot)"
2001:41d0:303:71ad::1 - - [08/Apr/2026:12:21:50 +0000] "GET /?d=/home/rwabteecom/public_html/public/uploads/vcards/profiles/252 HTTP/1.1" 200 4723 "-" "Mozilla/5.0 (compatible; MJ12bot/v1.4.8; http://mj12bot.com/)"
74.7.227.176 - - [08/Apr/2026:12:21:50 +0000] "GET /item/5618733 HTTP/1.1" 200 39614 "http://rwabtee.com/item/6240414?d=%2Fhome%2Frwabteecom%2Fpublic_html%2Fpublic&edit=sitemap.xml" "Mozilla/5.0 AppleWebKit/537.36 (KHTML, like Gecko; compatible; GPTBot/1.3; +https://openai.com/gptbot)"
74.7.227.176 - - [08/Apr/2026:12:21:51 +0000] "GET /item/6508004 HTTP/1.1" 200 39614 "http://rwabtee.com/item/5341315?d=%2Fhome%2Frwabteecom%2Fpublic_html%2Fpublic&edit=sitemap.xml" "Mozilla/5.0 AppleWebKit/537.36 (KHTML, like Gecko; compatible; GPTBot/1.3; +https://openai.com/gptbot)"
74.7.227.176 - - [08/Apr/2026:12:21:51 +0000] "GET /item/6670437 HTTP/1.1" 200 39614 "http://rwabtee.com/item/5096229?d=%2Fhome%2Frwabteecom%2Fpublic_html%2Fpublic&edit=sitemap.xml" "Mozilla/5.0 AppleWebKit/537.36 (KHTML, like Gecko; compatible; GPTBot/1.3; +https://openai.com/gptbot)"
2001:41d0:303:71ad::1 - - [08/Apr/2026:12:21:52 +0000] "GET /?d=/home/rwabteecom/public_html/public/uploads/vcards/profiles/299 HTTP/1.1" 200 4729 "-" "Mozilla/5.0 (compatible; MJ12bot/v1.4.8; http://mj12bot.com/)"
74.7.227.176 - - [08/Apr/2026:12:21:52 +0000] "GET /item/5611008 HTTP/1.1" 200 39614 "http://rwabtee.com/item/6542248?d=%2Fhome%2Frwabteecom%2Fpublic_html%2Fpublic&edit=sitemap.xml" "Mozilla/5.0 AppleWebKit/537.36 (KHTML, like Gecko; compatible; GPTBot/1.3; +https://openai.com/gptbot)"
74.7.227.176 - - [08/Apr/2026:12:21:52 +0000] "GET /item/5831520 HTTP/1.1" 200 39614 "http://rwabtee.com/item/6240414?d=%2Fhome%2Frwabteecom%2Fpublic_html%2Fpublic&edit=sitemap.xml" "Mozilla/5.0 AppleWebKit/537.36 (KHTML, like Gecko; compatible; GPTBot/1.3; +https://openai.com/gptbot)"
74.7.227.176 - - [08/Apr/2026:12:21:53 +0000] "GET /item/5195612 HTTP/1.1" 200 39614 "http://rwabtee.com/item/6240414?d=%2Fhome%2Frwabteecom%2Fpublic_html%2Fpublic&edit=sitemap.xml" "Mozilla/5.0 AppleWebKit/537.36 (KHTML, like Gecko; compatible; GPTBot/1.3; +https://openai.com/gptbot)"
74.7.227.176 - - [08/Apr/2026:12:21:53 +0000] "GET /item/5489661 HTTP/1.1" 200 39614 "http://rwabtee.com/item/6542248?d=%2Fhome%2Frwabteecom%2Fpublic_html%2Fpublic&edit=sitemap.xml" "Mozilla/5.0 AppleWebKit/537.36 (KHTML, like Gecko; compatible; GPTBot/1.3; +https://openai.com/gptbot)"
2001:41d0:303:71ad::1 - - [08/Apr/2026:12:21:53 +0000] "GET /?d=/home/rwabteecom/public_html/public/uploads/vcards/profiles/4 HTTP/1.1" 200 4714 "-" "Mozilla/5.0 (compatible; MJ12bot/v1.4.8; http://mj12bot.com/)"
74.7.227.176 - - [08/Apr/2026:12:21:54 +0000] "GET /item/7051811 HTTP/1.1" 200 39614 "http://rwabtee.com/item/6240414?d=%2Fhome%2Frwabteecom%2Fpublic_html%2Fpublic&edit=sitemap.xml" "Mozilla/5.0 AppleWebKit/537.36 (KHTML, like Gecko; compatible; GPTBot/1.3; +https://openai.com/gptbot)"
74.7.227.176 - - [08/Apr/2026:12:21:54 +0000] "GET /item/5084754 HTTP/1.1" 200 39614 "http://rwabtee.com/item/6542248?d=%2Fhome%2Frwabteecom%2Fpublic_html%2Fpublic&edit=sitemap.xml" "Mozilla/5.0 AppleWebKit/537.36 (KHTML, like Gecko; compatible; GPTBot/1.3; +https://openai.com/gptbot)"
74.7.227.176 - - [08/Apr/2026:12:21:55 +0000] "GET /item/6769359 HTTP/1.1" 200 39614 "http://rwabtee.com/item/7240527?d=%2Fhome%2Frwabteecom%2Fpublic_html%2Fpublic&edit=sitemap.xml" "Mozilla/5.0 AppleWebKit/537.36 (KHTML, like Gecko; compatible; GPTBot/1.3; +https://openai.com/gptbot)"
2001:41d0:303:71ad::1 - - [08/Apr/2026:12:21:55 +0000] "GET /?d=/home/rwabteecom/public_html/public/uploads/vcards/profiles/52 HTTP/1.1" 200 4886 "-" "Mozilla/5.0 (compatible; MJ12bot/v1.4.8; http://mj12bot.com/)"
74.7.227.176 - - [08/Apr/2026:12:21:55 +0000] "GET /item/7563542 HTTP/1.1" 200 39614 "http://rwabtee.com/item/6624327?d=%2Fhome%2Frwabteecom%2Fpublic_html%2Fpublic&edit=sitemap.xml" "Mozilla/5.0 AppleWebKit/537.36 (KHTML, like Gecko; compatible; GPTBot/1.3; +https://openai.com/gptbot)"
74.7.227.176 - - [08/Apr/2026:12:21:56 +0000] "GET /item/5618733?d=%2Fhome%2Frwabteecom%2Fpublic_html%2Fpublic&edit=OneSignalSDKWorker.js HTTP/1.1" 404 - "http://rwabtee.com/item/5618733" "Mozilla/5.0 AppleWebKit/537.36 (KHTML, like Gecko; compatible; GPTBot/1.3; +https://openai.com/gptbot)"
74.7.227.176 - - [08/Apr/2026:12:21:56 +0000] "GET /item/6290055 HTTP/1.1" 200 39614 "http://rwabtee.com/item/5096229?d=%2Fhome%2Frwabteecom%2Fpublic_html%2Fpublic&edit=sitemap.xml" "Mozilla/5.0 AppleWebKit/537.36 (KHTML, like Gecko; compatible; GPTBot/1.3; +https://openai.com/gptbot)"
2001:41d0:303:71ad::1 - - [08/Apr/2026:12:21:57 +0000] "GET /?d=/home/rwabteecom/public_html/public/uploads/vcards/profiles/53 HTTP/1.1" 200 4894 "-" "Mozilla/5.0 (compatible; MJ12bot/v1.4.8; http://mj12bot.com/)"
74.7.227.176 - - [08/Apr/2026:12:21:57 +0000] "GET /item/6618456 HTTP/1.1" 200 39614 "http://rwabtee.com/item/6240414?d=%2Fhome%2Frwabteecom%2Fpublic_html%2Fpublic&edit=sitemap.xml" "Mozilla/5.0 AppleWebKit/537.36 (KHTML, like Gecko; compatible; GPTBot/1.3; +https://openai.com/gptbot)"
74.7.227.176 - - [08/Apr/2026:12:21:58 +0000] "GET /item/6740553 HTTP/1.1" 200 39614 "http://rwabtee.com/item/6624327?d=%2Fhome%2Frwabteecom%2Fpublic_html%2Fpublic&edit=sitemap.xml" "Mozilla/5.0 AppleWebKit/537.36 (KHTML, like Gecko; compatible; GPTBot/1.3; +https://openai.com/gptbot)"
74.7.227.176 - - [08/Apr/2026:12:21:58 +0000] "GET /item/5356119 HTTP/1.1" 200 39614 "http://rwabtee.com/item/5096229?d=%2Fhome%2Frwabteecom%2Fpublic_html%2Fpublic&edit=sitemap.xml" "Mozilla/5.0 AppleWebKit/537.36 (KHTML, like Gecko; compatible; GPTBot/1.3; +https://openai.com/gptbot)"
2001:41d0:303:71ad::1 - - [08/Apr/2026:12:21:58 +0000] "GET /?d=/home/rwabteecom/public_html/public/uploads/vcards/profiles/64 HTTP/1.1" 200 4890 "-" "Mozilla/5.0 (compatible; MJ12bot/v1.4.8; http://mj12bot.com/)"
74.7.227.176 - - [08/Apr/2026:12:21:59 +0000] "GET /item/5179685 HTTP/1.1" 200 39614 "http://rwabtee.com/item/6542248?d=%2Fhome%2Frwabteecom%2Fpublic_html%2Fpublic&edit=sitemap.xml" "Mozilla/5.0 AppleWebKit/537.36 (KHTML, like Gecko; compatible; GPTBot/1.3; +https://openai.com/gptbot)"
74.7.227.176 - - [08/Apr/2026:12:21:59 +0000] "GET /item/5489661?d=%2Fhome%2Frwabteecom%2Fpublic_html%2Fpublic&edit=sw.js HTTP/1.1" 404 - "http://rwabtee.com/item/5489661" "Mozilla/5.0 AppleWebKit/537.36 (KHTML, like Gecko; compatible; GPTBot/1.3; +https://openai.com/gptbot)"
74.7.227.176 - - [08/Apr/2026:12:22:00 +0000] "GET /item/5923979 HTTP/1.1" 200 39614 "http://rwabtee.com/item/5096229?d=%2Fhome%2Frwabteecom%2Fpublic_html%2Fpublic&edit=sitemap.xml" "Mozilla/5.0 AppleWebKit/537.36 (KHTML, like Gecko; compatible; GPTBot/1.3; +https://openai.com/gptbot)"
74.7.227.176 - - [08/Apr/2026:12:22:00 +0000] "GET /item/4749373 HTTP/1.1" 200 39614 "http://rwabtee.com/item/6240414?d=%2Fhome%2Frwabteecom%2Fpublic_html%2Fpublic&edit=sitemap.xml" "Mozilla/5.0 AppleWebKit/537.36 (KHTML, like Gecko; compatible; GPTBot/1.3; +https://openai.com/gptbot)"
2001:41d0:303:71ad::1 - - [08/Apr/2026:12:22:00 +0000] "GET /?d=/home/rwabteecom/public_html/public/uploads/vcards/profiles/7 HTTP/1.1" 200 5270 "-" "Mozilla/5.0 (compatible; MJ12bot/v1.4.8; http://mj12bot.com/)"
74.7.227.176 - - [08/Apr/2026:12:22:01 +0000] "GET /item/6769359?d=%2Fhome%2Frwabteecom%2Fpublic_html%2Fpublic%2Finstall HTTP/1.1" 200 9824 "http://rwabtee.com/item/6769359" "Mozilla/5.0 AppleWebKit/537.36 (KHTML, like Gecko; compatible; GPTBot/1.3; +https://openai.com/gptbot)"
74.7.227.176 - - [08/Apr/2026:12:22:01 +0000] "GET /item/6327192 HTTP/1.1" 200 39614 "http://rwabtee.com/item/6624327?d=%2Fhome%2Frwabteecom%2Fpublic_html%2Fpublic&edit=sitemap.xml" "Mozilla/5.0 AppleWebKit/537.36 (KHTML, like Gecko; compatible; GPTBot/1.3; +https://openai.com/gptbot)"
74.7.227.176 - - [08/Apr/2026:12:22:02 +0000] "GET /item/5415608 HTTP/1.1" 200 39614 "http://rwabtee.com/item/6240414?d=%2Fhome%2Frwabteecom%2Fpublic_html%2Fpublic&edit=sitemap.xml" "Mozilla/5.0 AppleWebKit/537.36 (KHTML, like Gecko; compatible; GPTBot/1.3; +https://openai.com/gptbot)"
2001:41d0:303:71ad::1 - - [08/Apr/2026:12:22:02 +0000] "GET /?d=/home/rwabteecom/public_html/public/uploads/vcards/profiles/75 HTTP/1.1" 200 4718 "-" "Mozilla/5.0 (compatible; MJ12bot/v1.4.8; http://mj12bot.com/)"
74.7.227.176 - - [08/Apr/2026:12:22:02 +0000] "GET /item/6674829 HTTP/1.1" 200 39614 "http://rwabtee.com/item/6240414?d=%2Fhome%2Frwabteecom%2Fpublic_html%2Fpublic&edit=sitemap.xml" "Mozilla/5.0 AppleWebKit/537.36 (KHTML, like Gecko; compatible; GPTBot/1.3; +https://openai.com/gptbot)"
74.7.227.176 - - [08/Apr/2026:12:22:03 +0000] "GET /item/7366426 HTTP/1.1" 200 39614 "http://rwabtee.com/item/6240414?d=%2Fhome%2Frwabteecom%2Fpublic_html%2Fpublic&edit=sitemap.xml" "Mozilla/5.0 AppleWebKit/537.36 (KHTML, like Gecko; compatible; GPTBot/1.3; +https://openai.com/gptbot)"
74.7.227.176 - - [08/Apr/2026:12:22:03 +0000] "GET /item/7079950 HTTP/1.1" 200 39614 "http://rwabtee.com/item/5096229?d=%2Fhome%2Frwabteecom%2Fpublic_html%2Fpublic&edit=sitemap.xml" "Mozilla/5.0 AppleWebKit/537.36 (KHTML, like Gecko; compatible; GPTBot/1.3; +https://openai.com/gptbot)"
2001:41d0:303:71ad::1 - - [08/Apr/2026:12:22:03 +0000] "GET /?d=/home/rwabteecom/public_html/public/uploads/vcards/profiles/78 HTTP/1.1" 200 4718 "-" "Mozilla/5.0 (compatible; MJ12bot/v1.4.8; http://mj12bot.com/)"
74.7.227.176 - - [08/Apr/2026:12:22:04 +0000] "GET /item/6107347 HTTP/1.1" 200 39614 "http://rwabtee.com/item/6542248?d=%2Fhome%2Frwabteecom%2Fpublic_html%2Fpublic&edit=sitemap.xml" "Mozilla/5.0 AppleWebKit/537.36 (KHTML, like Gecko; compatible; GPTBot/1.3; +https://openai.com/gptbot)"
74.7.227.176 - - [08/Apr/2026:12:22:04 +0000] "GET /item/5179685?d=%2Fhome HTTP/1.1" 200 2719 "http://rwabtee.com/item/5179685" "Mozilla/5.0 AppleWebKit/537.36 (KHTML, like Gecko; compatible; GPTBot/1.3; +https://openai.com/gptbot)"
74.7.227.176 - - [08/Apr/2026:12:22:05 +0000] "GET /item/5179685?d=%2Fhome%2Frwabteecom%2Fpublic_html%2Fpublic&edit=robots.txt HTTP/1.1" 404 - "http://rwabtee.com/item/5179685" "Mozilla/5.0 AppleWebKit/537.36 (KHTML, like Gecko; compatible; GPTBot/1.3; +https://openai.com/gptbot)"
2001:41d0:303:71ad::1 - - [08/Apr/2026:12:22:05 +0000] "GET /?d=/home/rwabteecom/public_html/public/uploads/vcards/profiles/81 HTTP/1.1" 200 4719 "-" "Mozilla/5.0 (compatible; MJ12bot/v1.4.8; http://mj12bot.com/)"
74.7.227.176 - - [08/Apr/2026:12:22:05 +0000] "GET /item/5193285 HTTP/1.1" 200 39614 "http://rwabtee.com/item/6240414?d=%2Fhome%2Frwabteecom%2Fpublic_html%2Fpublic&edit=sitemap.xml" "Mozilla/5.0 AppleWebKit/537.36 (KHTML, like Gecko; compatible; GPTBot/1.3; +https://openai.com/gptbot)"
74.7.227.176 - - [08/Apr/2026:12:22:06 +0000] "GET /item/6067083 HTTP/1.1" 200 39614 "http://rwabtee.com/item/6240414?d=%2Fhome%2Frwabteecom%2Fpublic_html%2Fpublic&edit=sitemap.xml" "Mozilla/5.0 AppleWebKit/537.36 (KHTML, like Gecko; compatible; GPTBot/1.3; +https://openai.com/gptbot)"
74.7.227.176 - - [08/Apr/2026:12:22:06 +0000] "GET /item/7656712 HTTP/1.1" 200 39614 "http://rwabtee.com/item/6240414?d=%2Fhome%2Frwabteecom%2Fpublic_html%2Fpublic&edit=sitemap.xml" "Mozilla/5.0 AppleWebKit/537.36 (KHTML, like Gecko; compatible; GPTBot/1.3; +https://openai.com/gptbot)"
2001:41d0:303:71ad::1 - - [08/Apr/2026:12:22:07 +0000] "GET /?d=/home/rwabteecom/public_html/public/uploads/vcards/services/106 HTTP/1.1" 200 4734 "-" "Mozilla/5.0 (compatible; MJ12bot/v1.4.8; http://mj12bot.com/)"
74.7.227.176 - - [08/Apr/2026:12:22:07 +0000] "GET /item/5861165 HTTP/1.1" 200 39614 "http://rwabtee.com/item/6624327?d=%2Fhome%2Frwabteecom%2Fpublic_html%2Fpublic&edit=sitemap.xml" "Mozilla/5.0 AppleWebKit/537.36 (KHTML, like Gecko; compatible; GPTBot/1.3; +https://openai.com/gptbot)"
74.7.227.176 - - [08/Apr/2026:12:22:07 +0000] "GET /item/7180691 HTTP/1.1" 200 39614 "http://rwabtee.com/item/5096229?d=%2Fhome%2Frwabteecom%2Fpublic_html%2Fpublic&edit=sitemap.xml" "Mozilla/5.0 AppleWebKit/537.36 (KHTML, like Gecko; compatible; GPTBot/1.3; +https://openai.com/gptbot)"
74.7.227.176 - - [08/Apr/2026:12:22:08 +0000] "GET /item/4898626 HTTP/1.1" 200 39614 "http://rwabtee.com/item/5096229?d=%2Fhome%2Frwabteecom%2Fpublic_html%2Fpublic&edit=sitemap.xml" "Mozilla/5.0 AppleWebKit/537.36 (KHTML, like Gecko; compatible; GPTBot/1.3; +https://openai.com/gptbot)"
2001:41d0:303:71ad::1 - - [08/Apr/2026:12:22:08 +0000] "GET /?d=/home/rwabteecom/public_html/public/uploads/vcards/services/107 HTTP/1.1" 200 4734 "-" "Mozilla/5.0 (compatible; MJ12bot/v1.4.8; http://mj12bot.com/)"
74.7.227.176 - - [08/Apr/2026:12:22:08 +0000] "GET /item/5123900 HTTP/1.1" 200 39614 "http://rwabtee.com/item/5096229?d=%2Fhome%2Frwabteecom%2Fpublic_html%2Fpublic&edit=sitemap.xml" "Mozilla/5.0 AppleWebKit/537.36 (KHTML, like Gecko; compatible; GPTBot/1.3; +https://openai.com/gptbot)"
74.7.227.176 - - [08/Apr/2026:12:22:09 +0000] "GET /item/5239115 HTTP/1.1" 200 39614 "http://rwabtee.com/item/5096229?d=%2Fhome%2Frwabteecom%2Fpublic_html%2Fpublic&edit=sitemap.xml" "Mozilla/5.0 AppleWebKit/537.36 (KHTML, like Gecko; compatible; GPTBot/1.3; +https://openai.com/gptbot)"
74.7.227.176 - - [08/Apr/2026:12:22:10 +0000] "GET /item/5462065 HTTP/1.1" 200 39614 "http://rwabtee.com/item/6542248?d=%2Fhome%2Frwabteecom%2Fpublic_html%2Fpublic&edit=sitemap.xml" "Mozilla/5.0 AppleWebKit/537.36 (KHTML, like Gecko; compatible; GPTBot/1.3; +https://openai.com/gptbot)"
74.7.227.176 - - [08/Apr/2026:12:22:10 +0000] "GET /item/5813119 HTTP/1.1" 200 39614 "http://rwabtee.com/item/6542248?d=%2Fhome%2Frwabteecom%2Fpublic_html%2Fpublic&edit=sitemap.xml" "Mozilla/5.0 AppleWebKit/537.36 (KHTML, like Gecko; compatible; GPTBot/1.3; +https://openai.com/gptbot)"
2001:41d0:303:71ad::1 - - [08/Apr/2026:12:22:10 +0000] "GET /?d=/home/rwabteecom/public_html/public/uploads/vcards/services/108 HTTP/1.1" 200 4729 "-" "Mozilla/5.0 (compatible; MJ12bot/v1.4.8; http://mj12bot.com/)"
74.7.227.176 - - [08/Apr/2026:12:22:11 +0000] "GET /item/7045915 HTTP/1.1" 200 39614 "http://rwabtee.com/item/6240414?d=%2Fhome%2Frwabteecom%2Fpublic_html%2Fpublic&edit=sitemap.xml" "Mozilla/5.0 AppleWebKit/537.36 (KHTML, like Gecko; compatible; GPTBot/1.3; +https://openai.com/gptbot)"
74.7.227.176 - - [08/Apr/2026:12:22:11 +0000] "GET /item/6143563 HTTP/1.1" 200 39614 "http://rwabtee.com/item/6240414?d=%2Fhome%2Frwabteecom%2Fpublic_html%2Fpublic&edit=sitemap.xml" "Mozilla/5.0 AppleWebKit/537.36 (KHTML, like Gecko; compatible; GPTBot/1.3; +https://openai.com/gptbot)"
74.7.227.176 - - [08/Apr/2026:12:22:12 +0000] "GET /item/4830870 HTTP/1.1" 200 39614 "http://rwabtee.com/item/6240414?d=%2Fhome%2Frwabteecom%2Fpublic_html%2Fpublic&edit=sitemap.xml" "Mozilla/5.0 AppleWebKit/537.36 (KHTML, like Gecko; compatible; GPTBot/1.3; +https://openai.com/gptbot)"
2001:41d0:303:71ad::1 - - [08/Apr/2026:12:22:12 +0000] "GET /?d=/home/rwabteecom/public_html/public/uploads/vcards/services/109 HTTP/1.1" 200 4730 "-" "Mozilla/5.0 (compatible; MJ12bot/v1.4.8; http://mj12bot.com/)"
74.7.227.176 - - [08/Apr/2026:12:22:12 +0000] "GET /item/7656712?d=%2Fhome%2Frwabteecom%2Fpublic_html%2Fpublic&edit=OneSignalSDKWorker+%281%29.js HTTP/1.1" 404 - "http://rwabtee.com/item/7656712" "Mozilla/5.0 AppleWebKit/537.36 (KHTML, like Gecko; compatible; GPTBot/1.3; +https://openai.com/gptbot)"
74.7.227.176 - - [08/Apr/2026:12:22:13 +0000] "GET /item/6360142 HTTP/1.1" 200 39614 "http://rwabtee.com/item/6542248?d=%2Fhome%2Frwabteecom%2Fpublic_html%2Fpublic&edit=sitemap.xml" "Mozilla/5.0 AppleWebKit/537.36 (KHTML, like Gecko; compatible; GPTBot/1.3; +https://openai.com/gptbot)"
74.7.227.176 - - [08/Apr/2026:12:22:13 +0000] "GET /item/4887855 HTTP/1.1" 200 39614 "http://rwabtee.com/item/5096229?d=%2Fhome%2Frwabteecom%2Fpublic_html%2Fpublic&edit=sitemap.xml" "Mozilla/5.0 AppleWebKit/537.36 (KHTML, like Gecko; compatible; GPTBot/1.3; +https://openai.com/gptbot)"
2001:41d0:303:71ad::1 - - [08/Apr/2026:12:22:13 +0000] "GET /?d=/home/rwabteecom/public_html/public/uploads/vcards/services/110 HTTP/1.1" 200 4727 "-" "Mozilla/5.0 (compatible; MJ12bot/v1.4.8; http://mj12bot.com/)"
74.7.227.176 - - [08/Apr/2026:12:22:14 +0000] "GET /item/5152297 HTTP/1.1" 200 39614 "http://rwabtee.com/item/6240414?d=%2Fhome%2Frwabteecom%2Fpublic_html%2Fpublic&edit=sitemap.xml" "Mozilla/5.0 AppleWebKit/537.36 (KHTML, like Gecko; compatible; GPTBot/1.3; +https://openai.com/gptbot)"
74.7.227.176 - - [08/Apr/2026:12:22:14 +0000] "GET /item/5097794 HTTP/1.1" 200 39614 "http://rwabtee.com/item/6624327?d=%2Fhome%2Frwabteecom%2Fpublic_html%2Fpublic&edit=sitemap.xml" "Mozilla/5.0 AppleWebKit/537.36 (KHTML, like Gecko; compatible; GPTBot/1.3; +https://openai.com/gptbot)"
74.7.227.176 - - [08/Apr/2026:12:22:15 +0000] "GET /item/5713188 HTTP/1.1" 200 39614 "http://rwabtee.com/item/5096229?d=%2Fhome%2Frwabteecom%2Fpublic_html%2Fpublic&edit=sitemap.xml" "Mozilla/5.0 AppleWebKit/537.36 (KHTML, like Gecko; compatible; GPTBot/1.3; +https://openai.com/gptbot)"
2001:41d0:303:71ad::1 - - [08/Apr/2026:12:22:15 +0000] "GET /?d=/home/rwabteecom/public_html/public/uploads/vcards/services/111 HTTP/1.1" 200 4730 "-" "Mozilla/5.0 (compatible; MJ12bot/v1.4.8; http://mj12bot.com/)"
74.7.227.176 - - [08/Apr/2026:12:22:15 +0000] "GET /item/6587576 HTTP/1.1" 200 39614 "http://rwabtee.com/item/7240527?d=%2Fhome%2Frwabteecom%2Fpublic_html%2Fpublic&edit=sitemap.xml" "Mozilla/5.0 AppleWebKit/537.36 (KHTML, like Gecko; compatible; GPTBot/1.3; +https://openai.com/gptbot)"
74.7.227.176 - - [08/Apr/2026:12:22:16 +0000] "GET /item/5774332 HTTP/1.1" 200 39614 "http://rwabtee.com/item/6542248?d=%2Fhome%2Frwabteecom%2Fpublic_html%2Fpublic&edit=sitemap.xml" "Mozilla/5.0 AppleWebKit/537.36 (KHTML, like Gecko; compatible; GPTBot/1.3; +https://openai.com/gptbot)"
74.7.227.176 - - [08/Apr/2026:12:22:16 +0000] "GET /item/7045915?d=%2Fhome%2Frwabteecom%2Fpublic_html%2Fpublic&edit=sw.js HTTP/1.1" 404 - "http://rwabtee.com/item/7045915" "Mozilla/5.0 AppleWebKit/537.36 (KHTML, like Gecko; compatible; GPTBot/1.3; +https://openai.com/gptbot)"
2001:41d0:303:71ad::1 - - [08/Apr/2026:12:22:17 +0000] "GET /?d=/home/rwabteecom/public_html/public/uploads/vcards/services/128 HTTP/1.1" 200 4715 "-" "Mozilla/5.0 (compatible; MJ12bot/v1.4.8; http://mj12bot.com/)"
74.7.227.176 - - [08/Apr/2026:12:22:17 +0000] "GET /item/6637754 HTTP/1.1" 200 39614 "http://rwabtee.com/item/7240527?d=%2Fhome%2Frwabteecom%2Fpublic_html%2Fpublic&edit=sitemap.xml" "Mozilla/5.0 AppleWebKit/537.36 (KHTML, like Gecko; compatible; GPTBot/1.3; +https://openai.com/gptbot)"
74.7.227.176 - - [08/Apr/2026:12:22:17 +0000] "GET /item/5196817 HTTP/1.1" 200 39614 "http://rwabtee.com/item/6624327?d=%2Fhome%2Frwabteecom%2Fpublic_html%2Fpublic&edit=sitemap.xml" "Mozilla/5.0 AppleWebKit/537.36 (KHTML, like Gecko; compatible; GPTBot/1.3; +https://openai.com/gptbot)"
74.7.227.176 - - [08/Apr/2026:12:22:18 +0000] "GET /item/5928669 HTTP/1.1" 200 39614 "http://rwabtee.com/item/5341315?d=%2Fhome%2Frwabteecom%2Fpublic_html%2Fpublic&edit=sitemap.xml" "Mozilla/5.0 AppleWebKit/537.36 (KHTML, like Gecko; compatible; GPTBot/1.3; +https://openai.com/gptbot)"
74.7.227.176 - - [08/Apr/2026:12:22:18 +0000] "GET /item/6768469 HTTP/1.1" 200 39614 "http://rwabtee.com/item/6542248?d=%2Fhome%2Frwabteecom%2Fpublic_html%2Fpublic&edit=sitemap.xml" "Mozilla/5.0 AppleWebKit/537.36 (KHTML, like Gecko; compatible; GPTBot/1.3; +https://openai.com/gptbot)"
2001:41d0:303:71ad::1 - - [08/Apr/2026:12:22:18 +0000] "GET /?d=/home/rwabteecom/public_html/public/uploads/vcards/services/129 HTTP/1.1" 200 4836 "-" "Mozilla/5.0 (compatible; MJ12bot/v1.4.8; http://mj12bot.com/)"
74.7.227.176 - - [08/Apr/2026:12:22:19 +0000] "GET /item/7287467 HTTP/1.1" 200 39614 "http://rwabtee.com/item/6240414?d=%2Fhome%2Frwabteecom%2Fpublic_html%2Fpublic&edit=sitemap.xml" "Mozilla/5.0 AppleWebKit/537.36 (KHTML, like Gecko; compatible; GPTBot/1.3; +https://openai.com/gptbot)"
74.7.227.176 - - [08/Apr/2026:12:22:19 +0000] "GET /item/6108550 HTTP/1.1" 200 39614 "http://rwabtee.com/item/6542248?d=%2Fhome%2Frwabteecom%2Fpublic_html%2Fpublic&edit=sitemap.xml" "Mozilla/5.0 AppleWebKit/537.36 (KHTML, like Gecko; compatible; GPTBot/1.3; +https://openai.com/gptbot)"
74.7.227.176 - - [08/Apr/2026:12:22:20 +0000] "GET /item/6191334 HTTP/1.1" 200 39614 "http://rwabtee.com/item/5341315?d=%2Fhome%2Frwabteecom%2Fpublic_html%2Fpublic&edit=sitemap.xml" "Mozilla/5.0 AppleWebKit/537.36 (KHTML, like Gecko; compatible; GPTBot/1.3; +https://openai.com/gptbot)"
2001:41d0:303:71ad::1 - - [08/Apr/2026:12:22:20 +0000] "GET /?d=/home/rwabteecom/public_html/public/uploads/vcards/services/130 HTTP/1.1" 200 4824 "-" "Mozilla/5.0 (compatible; MJ12bot/v1.4.8; http://mj12bot.com/)"
74.7.227.176 - - [08/Apr/2026:12:22:21 +0000] "GET /item/6843350 HTTP/1.1" 200 39614 "http://rwabtee.com/item/5341315?d=%2Fhome%2Frwabteecom%2Fpublic_html%2Fpublic&edit=sitemap.xml" "Mozilla/5.0 AppleWebKit/537.36 (KHTML, like Gecko; compatible; GPTBot/1.3; +https://openai.com/gptbot)"
74.7.227.176 - - [08/Apr/2026:12:22:21 +0000] "GET /item/7318304 HTTP/1.1" 200 39614 "http://rwabtee.com/item/6240414?d=%2Fhome%2Frwabteecom%2Fpublic_html%2Fpublic&edit=sitemap.xml" "Mozilla/5.0 AppleWebKit/537.36 (KHTML, like Gecko; compatible; GPTBot/1.3; +https://openai.com/gptbot)"
74.7.227.176 - - [08/Apr/2026:12:22:22 +0000] "GET /item/7572132 HTTP/1.1" 200 39614 "http://rwabtee.com/item/5341315?d=%2Fhome%2Frwabteecom%2Fpublic_html%2Fpublic&edit=sitemap.xml" "Mozilla/5.0 AppleWebKit/537.36 (KHTML, like Gecko; compatible; GPTBot/1.3; +https://openai.com/gptbot)"
2001:41d0:303:71ad::1 - - [08/Apr/2026:12:22:22 +0000] "GET /?d=/home/rwabteecom/public_html/public/uploads/vcards/services/131 HTTP/1.1" 200 4854 "-" "Mozilla/5.0 (compatible; MJ12bot/v1.4.8; http://mj12bot.com/)"
74.7.227.176 - - [08/Apr/2026:12:22:22 +0000] "GET /item/6303590 HTTP/1.1" 200 39614 "http://rwabtee.com/item/6542248?d=%2Fhome%2Frwabteecom%2Fpublic_html%2Fpublic&edit=sitemap.xml" "Mozilla/5.0 AppleWebKit/537.36 (KHTML, like Gecko; compatible; GPTBot/1.3; +https://openai.com/gptbot)"
74.7.227.176 - - [08/Apr/2026:12:22:23 +0000] "GET /item/5335154 HTTP/1.1" 200 39614 "http://rwabtee.com/item/7240527?d=%2Fhome%2Frwabteecom%2Fpublic_html%2Fpublic&edit=sitemap.xml" "Mozilla/5.0 AppleWebKit/537.36 (KHTML, like Gecko; compatible; GPTBot/1.3; +https://openai.com/gptbot)"
74.7.227.176 - - [08/Apr/2026:12:22:23 +0000] "GET /item/5196817?d=%2Fhome%2Frwabteecom%2Fpublic_html%2Fpublic&edit=sw.js HTTP/1.1" 404 - "http://rwabtee.com/item/5196817" "Mozilla/5.0 AppleWebKit/537.36 (KHTML, like Gecko; compatible; GPTBot/1.3; +https://openai.com/gptbot)"
2001:41d0:303:71ad::1 - - [08/Apr/2026:12:22:24 +0000] "GET /?d=/home/rwabteecom/public_html/public/uploads/vcards/services/146 HTTP/1.1" 200 4739 "-" "Mozilla/5.0 (compatible; MJ12bot/v1.4.8; http://mj12bot.com/)"
74.7.227.176 - - [08/Apr/2026:12:22:24 +0000] "GET /item/5928669?d=%2Fhome%2Frwabteecom%2Fpublic_html%2Fpublic%2Fpwa HTTP/1.1" 200 5723 "http://rwabtee.com/item/5928669" "Mozilla/5.0 AppleWebKit/537.36 (KHTML, like Gecko; compatible; GPTBot/1.3; +https://openai.com/gptbot)"
74.7.227.176 - - [08/Apr/2026:12:22:24 +0000] "GET /item/5196817?d=%2Fhome%2Frwabteecom%2Fpublic_html%2Fpublic&edit=OneSignalSDKUpdaterWorker.js HTTP/1.1" 404 - "http://rwabtee.com/item/5196817" "Mozilla/5.0 AppleWebKit/537.36 (KHTML, like Gecko; compatible; GPTBot/1.3; +https://openai.com/gptbot)"
74.7.227.176 - - [08/Apr/2026:12:22:25 +0000] "GET /item/6234553 HTTP/1.1" 200 39614 "http://rwabtee.com/item/6542248?d=%2Fhome%2Frwabteecom%2Fpublic_html%2Fpublic&edit=sitemap.xml" "Mozilla/5.0 AppleWebKit/537.36 (KHTML, like Gecko; compatible; GPTBot/1.3; +https://openai.com/gptbot)"
2001:41d0:303:71ad::1 - - [08/Apr/2026:12:22:25 +0000] "GET /?d=/home/rwabteecom/public_html/public/uploads/vcards/services/147 HTTP/1.1" 200 4739 "-" "Mozilla/5.0 (compatible; MJ12bot/v1.4.8; http://mj12bot.com/)"
74.7.227.176 - - [08/Apr/2026:12:22:25 +0000] "GET /item/6108550?d=%2Fhome%2Frwabteecom%2Fpublic_html%2Fpublic&edit=mix-manifest.json HTTP/1.1" 200 234558 "http://rwabtee.com/item/6108550" "Mozilla/5.0 AppleWebKit/537.36 (KHTML, like Gecko; compatible; GPTBot/1.3; +https://openai.com/gptbot)"
74.7.227.176 - - [08/Apr/2026:12:22:26 +0000] "GET /item/7438228 HTTP/1.1" 200 39614 "http://rwabtee.com/item/5096229?d=%2Fhome%2Frwabteecom%2Fpublic_html%2Fpublic&edit=sitemap.xml" "Mozilla/5.0 AppleWebKit/537.36 (KHTML, like Gecko; compatible; GPTBot/1.3; +https://openai.com/gptbot)"
74.7.227.176 - - [08/Apr/2026:12:22:26 +0000] "GET /item/6157513 HTTP/1.1" 200 39614 "http://rwabtee.com/item/6240414?d=%2Fhome%2Frwabteecom%2Fpublic_html%2Fpublic&edit=sitemap.xml" "Mozilla/5.0 AppleWebKit/537.36 (KHTML, like Gecko; compatible; GPTBot/1.3; +https://openai.com/gptbot)"
74.7.227.176 - - [08/Apr/2026:12:22:27 +0000] "GET /item/7616753 HTTP/1.1" 200 39614 "http://rwabtee.com/item/6624327?d=%2Fhome%2Frwabteecom%2Fpublic_html%2Fpublic&edit=sitemap.xml" "Mozilla/5.0 AppleWebKit/537.36 (KHTML, like Gecko; compatible; GPTBot/1.3; +https://openai.com/gptbot)"
2001:41d0:303:71ad::1 - - [08/Apr/2026:12:22:27 +0000] "GET /?d=/home/rwabteecom/public_html/public/uploads/vcards/services/148 HTTP/1.1" 200 4739 "-" "Mozilla/5.0 (compatible; MJ12bot/v1.4.8; http://mj12bot.com/)"
74.7.227.176 - - [08/Apr/2026:12:22:27 +0000] "GET /item/6157140 HTTP/1.1" 200 39614 "http://rwabtee.com/item/6542248?d=%2Fhome%2Frwabteecom%2Fpublic_html%2Fpublic&edit=sitemap.xml" "Mozilla/5.0 AppleWebKit/537.36 (KHTML, like Gecko; compatible; GPTBot/1.3; +https://openai.com/gptbot)"
74.7.227.176 - - [08/Apr/2026:12:22:28 +0000] "GET /item/6527705 HTTP/1.1" 200 39614 "http://rwabtee.com/item/6624327?d=%2Fhome%2Frwabteecom%2Fpublic_html%2Fpublic&edit=sitemap.xml" "Mozilla/5.0 AppleWebKit/537.36 (KHTML, like Gecko; compatible; GPTBot/1.3; +https://openai.com/gptbot)"
74.7.227.176 - - [08/Apr/2026:12:22:28 +0000] "GET /item/5416794 HTTP/1.1" 200 39614 "http://rwabtee.com/item/7240527?d=%2Fhome%2Frwabteecom%2Fpublic_html%2Fpublic&edit=sitemap.xml" "Mozilla/5.0 AppleWebKit/537.36 (KHTML, like Gecko; compatible; GPTBot/1.3; +https://openai.com/gptbot)"
2001:41d0:303:71ad::1 - - [08/Apr/2026:12:22:29 +0000] "GET /?d=/home/rwabteecom/public_html/public/uploads/vcards/services/149 HTTP/1.1" 200 4739 "-" "Mozilla/5.0 (compatible; MJ12bot/v1.4.8; http://mj12bot.com/)"
74.7.227.176 - - [08/Apr/2026:12:22:29 +0000] "GET /item/7635232 HTTP/1.1" 200 39614 "http://rwabtee.com/item/6240414?d=%2Fhome%2Frwabteecom%2Fpublic_html%2Fpublic&edit=sitemap.xml" "Mozilla/5.0 AppleWebKit/537.36 (KHTML, like Gecko; compatible; GPTBot/1.3; +https://openai.com/gptbot)"
74.7.227.176 - - [08/Apr/2026:12:22:29 +0000] "GET /item/6506089 HTTP/1.1" 200 39614 "http://rwabtee.com/item/6240414?d=%2Fhome%2Frwabteecom%2Fpublic_html%2Fpublic&edit=sitemap.xml" "Mozilla/5.0 AppleWebKit/537.36 (KHTML, like Gecko; compatible; GPTBot/1.3; +https://openai.com/gptbot)"
74.7.227.176 - - [08/Apr/2026:12:22:30 +0000] "GET /item/6617504 HTTP/1.1" 200 39614 "http://rwabtee.com/item/6542248?d=%2Fhome%2Frwabteecom%2Fpublic_html%2Fpublic&edit=sitemap.xml" "Mozilla/5.0 AppleWebKit/537.36 (KHTML, like Gecko; compatible; GPTBot/1.3; +https://openai.com/gptbot)"
2001:41d0:303:71ad::1 - - [08/Apr/2026:12:22:30 +0000] "GET /?d=/home/rwabteecom/public_html/public/uploads/vcards/services/163 HTTP/1.1" 200 4713 "-" "Mozilla/5.0 (compatible; MJ12bot/v1.4.8; http://mj12bot.com/)"
74.7.227.176 - - [08/Apr/2026:12:22:30 +0000] "GET /item/7382778 HTTP/1.1" 200 39614 "http://rwabtee.com/item/7240527?d=%2Fhome%2Frwabteecom%2Fpublic_html%2Fpublic&edit=sitemap.xml" "Mozilla/5.0 AppleWebKit/537.36 (KHTML, like Gecko; compatible; GPTBot/1.3; +https://openai.com/gptbot)"
74.7.227.176 - - [08/Apr/2026:12:22:31 +0000] "GET /item/6404720 HTTP/1.1" 200 39614 "http://rwabtee.com/item/7240527?d=%2Fhome%2Frwabteecom%2Fpublic_html%2Fpublic&edit=sitemap.xml" "Mozilla/5.0 AppleWebKit/537.36 (KHTML, like Gecko; compatible; GPTBot/1.3; +https://openai.com/gptbot)"
74.7.227.176 - - [08/Apr/2026:12:22:32 +0000] "GET /item/7438228?d=%2Fhome%2Frwabteecom%2Fpublic_html%2Fpublic&edit=OneSignalSDKUpdaterWorker.js HTTP/1.1" 404 - "http://rwabtee.com/item/7438228" "Mozilla/5.0 AppleWebKit/537.36 (KHTML, like Gecko; compatible; GPTBot/1.3; +https://openai.com/gptbot)"
2001:41d0:303:71ad::1 - - [08/Apr/2026:12:22:32 +0000] "GET /?d=/home/rwabteecom/public_html/public/uploads/vcards/services/164 HTTP/1.1" 200 4750 "-" "Mozilla/5.0 (compatible; MJ12bot/v1.4.8; http://mj12bot.com/)"
74.7.227.176 - - [08/Apr/2026:12:22:32 +0000] "GET /item/5623200 HTTP/1.1" 200 39614 "http://rwabtee.com/item/6240414?d=%2Fhome%2Frwabteecom%2Fpublic_html%2Fpublic&edit=sitemap.xml" "Mozilla/5.0 AppleWebKit/537.36 (KHTML, like Gecko; compatible; GPTBot/1.3; +https://openai.com/gptbot)"
74.7.227.176 - - [08/Apr/2026:12:22:33 +0000] "GET /item/5758815 HTTP/1.1" 200 39614 "http://rwabtee.com/item/5096229?d=%2Fhome%2Frwabteecom%2Fpublic_html%2Fpublic&edit=sitemap.xml" "Mozilla/5.0 AppleWebKit/537.36 (KHTML, like Gecko; compatible; GPTBot/1.3; +https://openai.com/gptbot)"
2001:41d0:303:71ad::1 - - [08/Apr/2026:12:22:34 +0000] "GET /?d=/home/rwabteecom/public_html/public/uploads/vcards/services/165 HTTP/1.1" 200 4727 "-" "Mozilla/5.0 (compatible; MJ12bot/v1.4.8; http://mj12bot.com/)"
74.7.227.176 - - [08/Apr/2026:12:22:35 +0000] "GET /item/6763931 HTTP/1.1" 200 39614 "http://rwabtee.com/item/6624327?d=%2Fhome%2Frwabteecom%2Fpublic_html%2Fpublic&edit=sitemap.xml" "Mozilla/5.0 AppleWebKit/537.36 (KHTML, like Gecko; compatible; GPTBot/1.3; +https://openai.com/gptbot)"
74.7.227.176 - - [08/Apr/2026:12:22:35 +0000] "GET /item/5406726 HTTP/1.1" 200 39614 "http://rwabtee.com/item/6240414?d=%2Fhome%2Frwabteecom%2Fpublic_html%2Fpublic&edit=sitemap.xml" "Mozilla/5.0 AppleWebKit/537.36 (KHTML, like Gecko; compatible; GPTBot/1.3; +https://openai.com/gptbot)"
74.7.227.176 - - [08/Apr/2026:12:22:36 +0000] "GET /item/4832422 HTTP/1.1" 200 39614 "http://rwabtee.com/item/5096229?d=%2Fhome%2Frwabteecom%2Fpublic_html%2Fpublic&edit=sitemap.xml" "Mozilla/5.0 AppleWebKit/537.36 (KHTML, like Gecko; compatible; GPTBot/1.3; +https://openai.com/gptbot)"
2001:41d0:303:71ad::1 - - [08/Apr/2026:12:22:36 +0000] "GET /?d=/home/rwabteecom/public_html/public/uploads/vcards/services/166 HTTP/1.1" 200 4790 "-" "Mozilla/5.0 (compatible; MJ12bot/v1.4.8; http://mj12bot.com/)"
74.7.227.176 - - [08/Apr/2026:12:22:37 +0000] "GET /item/5133602 HTTP/1.1" 200 39614 "http://rwabtee.com/item/6624327?d=%2Fhome%2Frwabteecom%2Fpublic_html%2Fpublic&edit=sitemap.xml" "Mozilla/5.0 AppleWebKit/537.36 (KHTML, like Gecko; compatible; GPTBot/1.3; +https://openai.com/gptbot)"
74.7.227.176 - - [08/Apr/2026:12:22:37 +0000] "GET /item/7632997 HTTP/1.1" 200 39614 "http://rwabtee.com/item/5341315?d=%2Fhome%2Frwabteecom%2Fpublic_html%2Fpublic&edit=sitemap.xml" "Mozilla/5.0 AppleWebKit/537.36 (KHTML, like Gecko; compatible; GPTBot/1.3; +https://openai.com/gptbot)"
74.7.227.176 - - [08/Apr/2026:12:22:38 +0000] "GET /item/6985843 HTTP/1.1" 200 39614 "http://rwabtee.com/item/6624327?d=%2Fhome%2Frwabteecom%2Fpublic_html%2Fpublic&edit=sitemap.xml" "Mozilla/5.0 AppleWebKit/537.36 (KHTML, like Gecko; compatible; GPTBot/1.3; +https://openai.com/gptbot)"
2001:41d0:303:71ad::1 - - [08/Apr/2026:12:22:38 +0000] "GET /?d=/home/rwabteecom/public_html/public/uploads/vcards/services/179 HTTP/1.1" 200 4710 "-" "Mozilla/5.0 (compatible; MJ12bot/v1.4.8; http://mj12bot.com/)"
74.7.227.176 - - [08/Apr/2026:12:22:38 +0000] "GET /item/7216738 HTTP/1.1" 200 39614 "http://rwabtee.com/item/7240527?d=%2Fhome%2Frwabteecom%2Fpublic_html%2Fpublic&edit=sitemap.xml" "Mozilla/5.0 AppleWebKit/537.36 (KHTML, like Gecko; compatible; GPTBot/1.3; +https://openai.com/gptbot)"
74.7.227.176 - - [08/Apr/2026:12:22:39 +0000] "GET /item/6171966 HTTP/1.1" 200 39614 "http://rwabtee.com/item/5096229?d=%2Fhome%2Frwabteecom%2Fpublic_html%2Fpublic&edit=sitemap.xml" "Mozilla/5.0 AppleWebKit/537.36 (KHTML, like Gecko; compatible; GPTBot/1.3; +https://openai.com/gptbot)"
74.7.227.176 - - [08/Apr/2026:12:22:39 +0000] "GET /item/6091663 HTTP/1.1" 200 39614 "http://rwabtee.com/item/5341315?d=%2Fhome%2Frwabteecom%2Fpublic_html%2Fpublic&edit=sitemap.xml" "Mozilla/5.0 AppleWebKit/537.36 (KHTML, like Gecko; compatible; GPTBot/1.3; +https://openai.com/gptbot)"
74.7.227.176 - - [08/Apr/2026:12:22:40 +0000] "GET /item/6120642 HTTP/1.1" 200 39614 "http://rwabtee.com/item/6624327?d=%2Fhome%2Frwabteecom%2Fpublic_html%2Fpublic&edit=sitemap.xml" "Mozilla/5.0 AppleWebKit/537.36 (KHTML, like Gecko; compatible; GPTBot/1.3; +https://openai.com/gptbot)"
2001:41d0:303:71ad::1 - - [08/Apr/2026:12:22:40 +0000] "GET /?d=/home/rwabteecom/public_html/public/uploads/vcards/services/180 HTTP/1.1" 200 4710 "-" "Mozilla/5.0 (compatible; MJ12bot/v1.4.8; http://mj12bot.com/)"
74.7.227.176 - - [08/Apr/2026:12:22:40 +0000] "GET /item/5238977 HTTP/1.1" 200 39614 "http://rwabtee.com/item/7240527?d=%2Fhome%2Frwabteecom%2Fpublic_html%2Fpublic&edit=sitemap.xml" "Mozilla/5.0 AppleWebKit/537.36 (KHTML, like Gecko; compatible; GPTBot/1.3; +https://openai.com/gptbot)"
74.7.227.176 - - [08/Apr/2026:12:22:41 +0000] "GET /item/5051738 HTTP/1.1" 200 39614 "http://rwabtee.com/item/7240527?d=%2Fhome%2Frwabteecom%2Fpublic_html%2Fpublic&edit=sitemap.xml" "Mozilla/5.0 AppleWebKit/537.36 (KHTML, like Gecko; compatible; GPTBot/1.3; +https://openai.com/gptbot)"
74.7.227.176 - - [08/Apr/2026:12:22:41 +0000] "GET /item/4868011 HTTP/1.1" 200 39614 "http://rwabtee.com/item/5096229?d=%2Fhome%2Frwabteecom%2Fpublic_html%2Fpublic&edit=sitemap.xml" "Mozilla/5.0 AppleWebKit/537.36 (KHTML, like Gecko; compatible; GPTBot/1.3; +https://openai.com/gptbot)"
2001:41d0:303:71ad::1 - - [08/Apr/2026:12:22:41 +0000] "GET /?d=/home/rwabteecom/public_html/public/uploads/vcards/services/181 HTTP/1.1" 200 4711 "-" "Mozilla/5.0 (compatible; MJ12bot/v1.4.8; http://mj12bot.com/)"
74.7.227.176 - - [08/Apr/2026:12:22:42 +0000] "GET /item/7327796 HTTP/1.1" 200 39614 "http://rwabtee.com/item/7240527?d=%2Fhome%2Frwabteecom%2Fpublic_html%2Fpublic&edit=sitemap.xml" "Mozilla/5.0 AppleWebKit/537.36 (KHTML, like Gecko; compatible; GPTBot/1.3; +https://openai.com/gptbot)"
74.7.227.176 - - [08/Apr/2026:12:22:42 +0000] "GET /item/6374823 HTTP/1.1" 200 39614 "http://rwabtee.com/item/6624327?d=%2Fhome%2Frwabteecom%2Fpublic_html%2Fpublic&edit=sitemap.xml" "Mozilla/5.0 AppleWebKit/537.36 (KHTML, like Gecko; compatible; GPTBot/1.3; +https://openai.com/gptbot)"
74.7.227.176 - - [08/Apr/2026:12:22:43 +0000] "GET /item/5513324 HTTP/1.1" 200 39614 "http://rwabtee.com/item/6624327?d=%2Fhome%2Frwabteecom%2Fpublic_html%2Fpublic&edit=sitemap.xml" "Mozilla/5.0 AppleWebKit/537.36 (KHTML, like Gecko; compatible; GPTBot/1.3; +https://openai.com/gptbot)"
2001:41d0:303:71ad::1 - - [08/Apr/2026:12:22:43 +0000] "GET /?d=/home/rwabteecom/public_html/public/uploads/vcards/services/182 HTTP/1.1" 200 4710 "-" "Mozilla/5.0 (compatible; MJ12bot/v1.4.8; http://mj12bot.com/)"
74.7.227.176 - - [08/Apr/2026:12:22:43 +0000] "GET /item/5374315 HTTP/1.1" 200 39614 "http://rwabtee.com/item/6240414?d=%2Fhome%2Frwabteecom%2Fpublic_html%2Fpublic&edit=sitemap.xml" "Mozilla/5.0 AppleWebKit/537.36 (KHTML, like Gecko; compatible; GPTBot/1.3; +https://openai.com/gptbot)"
74.7.227.176 - - [08/Apr/2026:12:22:44 +0000] "GET /item/5691322 HTTP/1.1" 200 39614 "http://rwabtee.com/item/5341315?d=%2Fhome%2Frwabteecom%2Fpublic_html%2Fpublic&edit=sitemap.xml" "Mozilla/5.0 AppleWebKit/537.36 (KHTML, like Gecko; compatible; GPTBot/1.3; +https://openai.com/gptbot)"
2001:41d0:303:71ad::1 - - [08/Apr/2026:12:22:45 +0000] "GET /?d=/home/rwabteecom/public_html/public/uploads/vcards/services/196 HTTP/1.1" 200 4767 "-" "Mozilla/5.0 (compatible; MJ12bot/v1.4.8; http://mj12bot.com/)"
74.7.227.176 - - [08/Apr/2026:12:22:46 +0000] "GET /item/5529783 HTTP/1.1" 200 39614 "http://rwabtee.com/item/6624327?d=%2Fhome%2Frwabteecom%2Fpublic_html%2Fpublic&edit=sitemap.xml" "Mozilla/5.0 AppleWebKit/537.36 (KHTML, like Gecko; compatible; GPTBot/1.3; +https://openai.com/gptbot)"
74.7.227.176 - - [08/Apr/2026:12:22:47 +0000] "GET /item/5598539 HTTP/1.1" 200 39614 "http://rwabtee.com/item/6240414?d=%2Fhome%2Frwabteecom%2Fpublic_html%2Fpublic&edit=sitemap.xml" "Mozilla/5.0 AppleWebKit/537.36 (KHTML, like Gecko; compatible; GPTBot/1.3; +https://openai.com/gptbot)"
74.7.227.176 - - [08/Apr/2026:12:22:47 +0000] "GET /item/5224810 HTTP/1.1" 200 39614 "http://rwabtee.com/item/5341315?d=%2Fhome%2Frwabteecom%2Fpublic_html%2Fpublic&edit=sitemap.xml" "Mozilla/5.0 AppleWebKit/537.36 (KHTML, like Gecko; compatible; GPTBot/1.3; +https://openai.com/gptbot)"
74.7.227.176 - - [08/Apr/2026:12:22:48 +0000] "GET /item/7241651 HTTP/1.1" 200 39614 "http://rwabtee.com/item/6624327?d=%2Fhome%2Frwabteecom%2Fpublic_html%2Fpublic&edit=sitemap.xml" "Mozilla/5.0 AppleWebKit/537.36 (KHTML, like Gecko; compatible; GPTBot/1.3; +https://openai.com/gptbot)"
2001:41d0:303:71ad::1 - - [08/Apr/2026:12:22:48 +0000] "GET /?d=/home/rwabteecom/public_html/public/uploads/vcards/services/197 HTTP/1.1" 200 4766 "-" "Mozilla/5.0 (compatible; MJ12bot/v1.4.8; http://mj12bot.com/)"
74.7.227.176 - - [08/Apr/2026:12:22:48 +0000] "GET /item/5607055 HTTP/1.1" 200 39614 "http://rwabtee.com/item/6240414?d=%2Fhome%2Frwabteecom%2Fpublic_html%2Fpublic&edit=sitemap.xml" "Mozilla/5.0 AppleWebKit/537.36 (KHTML, like Gecko; compatible; GPTBot/1.3; +https://openai.com/gptbot)"
74.7.227.176 - - [08/Apr/2026:12:22:49 +0000] "GET /item/5808985 HTTP/1.1" 200 39614 "http://rwabtee.com/item/6624327?d=%2Fhome%2Frwabteecom%2Fpublic_html%2Fpublic&edit=sitemap.xml" "Mozilla/5.0 AppleWebKit/537.36 (KHTML, like Gecko; compatible; GPTBot/1.3; +https://openai.com/gptbot)"
74.7.227.176 - - [08/Apr/2026:12:22:49 +0000] "GET /item/6015813 HTTP/1.1" 200 39614 "http://rwabtee.com/item/6542248?d=%2Fhome%2Frwabteecom%2Fpublic_html%2Fpublic&edit=sitemap.xml" "Mozilla/5.0 AppleWebKit/537.36 (KHTML, like Gecko; compatible; GPTBot/1.3; +https://openai.com/gptbot)"
2001:41d0:303:71ad::1 - - [08/Apr/2026:12:22:50 +0000] "GET /?d=/home/rwabteecom/public_html/public/uploads/vcards/services/198 HTTP/1.1" 200 4766 "-" "Mozilla/5.0 (compatible; MJ12bot/v1.4.8; http://mj12bot.com/)"
74.7.227.176 - - [08/Apr/2026:12:22:50 +0000] "GET /item/5168348 HTTP/1.1" 200 39614 "http://rwabtee.com/item/5096229?d=%2Fhome%2Frwabteecom%2Fpublic_html%2Fpublic&edit=sitemap.xml" "Mozilla/5.0 AppleWebKit/537.36 (KHTML, like Gecko; compatible; GPTBot/1.3; +https://openai.com/gptbot)"
74.7.227.176 - - [08/Apr/2026:12:22:50 +0000] "GET /item/6634432 HTTP/1.1" 200 39614 "http://rwabtee.com/item/5096229?d=%2Fhome%2Frwabteecom%2Fpublic_html%2Fpublic&edit=sitemap.xml" "Mozilla/5.0 AppleWebKit/537.36 (KHTML, like Gecko; compatible; GPTBot/1.3; +https://openai.com/gptbot)"
74.7.227.176 - - [08/Apr/2026:12:22:51 +0000] "GET /item/5679114 HTTP/1.1" 200 39614 "http://rwabtee.com/item/5341315?d=%2Fhome%2Frwabteecom%2Fpublic_html%2Fpublic&edit=sitemap.xml" "Mozilla/5.0 AppleWebKit/537.36 (KHTML, like Gecko; compatible; GPTBot/1.3; +https://openai.com/gptbot)"
2001:41d0:303:71ad::1 - - [08/Apr/2026:12:22:51 +0000] "GET /?d=/home/rwabteecom/public_html/public/uploads/vcards/services/199 HTTP/1.1" 200 4767 "-" "Mozilla/5.0 (compatible; MJ12bot/v1.4.8; http://mj12bot.com/)"
74.7.227.176 - - [08/Apr/2026:12:22:51 +0000] "GET /item/5032783 HTTP/1.1" 200 39614 "http://rwabtee.com/item/5341315?d=%2Fhome%2Frwabteecom%2Fpublic_html%2Fpublic&edit=sitemap.xml" "Mozilla/5.0 AppleWebKit/537.36 (KHTML, like Gecko; compatible; GPTBot/1.3; +https://openai.com/gptbot)"
74.7.227.176 - - [08/Apr/2026:12:22:52 +0000] "GET /item/6064767 HTTP/1.1" 200 39614 "http://rwabtee.com/item/6624327?d=%2Fhome%2Frwabteecom%2Fpublic_html%2Fpublic&edit=sitemap.xml" "Mozilla/5.0 AppleWebKit/537.36 (KHTML, like Gecko; compatible; GPTBot/1.3; +https://openai.com/gptbot)"
74.7.227.176 - - [08/Apr/2026:12:22:53 +0000] "GET /item/7459907 HTTP/1.1" 200 39614 "http://rwabtee.com/item/7240527?d=%2Fhome%2Frwabteecom%2Fpublic_html%2Fpublic&edit=sitemap.xml" "Mozilla/5.0 AppleWebKit/537.36 (KHTML, like Gecko; compatible; GPTBot/1.3; +https://openai.com/gptbot)"
2001:41d0:303:71ad::1 - - [08/Apr/2026:12:22:53 +0000] "GET /?d=/home/rwabteecom/public_html/public/uploads/vcards/services/210 HTTP/1.1" 200 4795 "-" "Mozilla/5.0 (compatible; MJ12bot/v1.4.8; http://mj12bot.com/)"
74.7.227.176 - - [08/Apr/2026:12:22:53 +0000] "GET /item/7332558 HTTP/1.1" 200 39614 "http://rwabtee.com/item/6542248?d=%2Fhome%2Frwabteecom%2Fpublic_html%2Fpublic&edit=sitemap.xml" "Mozilla/5.0 AppleWebKit/537.36 (KHTML, like Gecko; compatible; GPTBot/1.3; +https://openai.com/gptbot)"
SAVE
CANCEL